000
CXUS53 KSGF 010710
CF6VIH
PRELIMINARY LOCAL CLIMATOLOGICAL DATA (WS FORM: F-6)
STATION: VICHY-ROLLA MO
MONTH: OCTOBER
YEAR: 2023
LATITUDE: 38 7 N
LONGITUDE: 91 46 W
TEMPERATURE IN F: :PCPN: SNOW: WIND :SUNSHINE: SKY :PK WND
================================================================================
1 2 3 4 5 6A 6B 7 8 9 10 11 12 13 14 15 16 17 18
12Z AVG MX 2MIN
DY MAX MIN AVG DEP HDD CDD WTR SNW DPTH SPD SPD DIR MIN PSBL S-S WX SPD DR
================================================================================
1 88 61 75 12 0 10 0.00 M M 7.3 13 140 M M 0 19 130
2 69 57 63 1 2 0 0.00 M M 7.4 13 180 M M 1 17 210
3 M M M M M M 0.00 M M 9.5 20 160 M M 5 27 160
4 70 62 66 4 0 1 0.28 M M 8.5 18 190 M M 6 1 24 180
5 77 58 68 7 0 3 0.81 M M 7.1 15 180 M M 6 1 22 340
6 68 40 54 -7 11 0 0.00 M M 8.8 23 330 M M 2 34 330
7 62 39 51 -9 14 0 0.00 M M 7.8 18 270 M M 0 24 280
8 73 37 55 -5 10 0 0.00 M M 8.9 20 280 M M 1 28 250
9 70 42 56 -4 9 0 0.00 M M 4.2 15 340 M M 0 21 320
10 70 37 54 -5 11 0 T M M 4.6 12 250 M M 0 18 18 250
11 81 53 67 8 0 2 0.00 M M 10.0 20 190 M M 3 29 170
12 76 57 67 8 0 2 0.00 M M 14.1 28 170 M M 0 40 170
13 71 54 63 5 2 0 0.16 M M 13.7 26 250 M M 8 1 37 270
14 57 51 54 -4 11 0 0.08 M M 12.7 21 310 M M 10 1 29 300
15 56 42 49 -9 16 0 0.11 M M 10.0 20 330 M M 8 1 26 350
16 65 39 52 -5 13 0 0.00 M M 7.8 17 340 M M 1 27 340
17 67 37 52 -5 13 0 0.00 M M 4.6 12 270 M M 0 16 250
18 75 47 61 5 4 0 T M M 11.3 21 190 M M 3 28 170
19 66 49 58 2 7 0 0.00 M M 9.6 20 250 M M 6 27 260
20 73 46 60 4 5 0 0.00 M M 6.1 17 310 M M 0 24 260
21 81 51 66 11 0 1 0.00 M M 10.4 22 300 M M 0 30 300
22 71 43 57 2 8 0 0.00 M M 7.1 13 100 M M 0 17 100
23 83 49 66 12 0 1 0.00 M M 11.6 21 190 M M 0 29 190
24 80 64 72 18 0 7 T M M 11.5 21 190 M M 3 30 180
25 78 67 73 19 0 8 T M M 13.0 25 190 M M 6 33 180
26 74 64 69 16 0 4 0.05 M M 12.8 22 180 M M 5 1 32 190
27 84 45 65 12 0 0 0.00 M M 10.0 20 330 M M 8 1 27 320
28 45 39 42 -10 23 0 0.43 M M 8.1 12 110 M M 10 18 16 60
29 43 35 39 -13 26 0 0.38 M M 11.3 18 330 M M 10 1 29 330
30 43 22 33 -19 32 0 0.00 M M 7.7 17 330 M M 3 23 360
31 42 22 32 -19 33 0 0.00 M M 10.3 22 310 M M 0 32 300
================================================================================
SM 2058 1409 250 39 2.30 M 287.8 M 105
================================================================================
AV 68.6 47.0 9.3 FASTST M M 3 MAX(MPH)
MISC ----> 28 170 40 170
================================================================================
NOTES:
# LAST OF SEVERAL OCCURRENCES
COLUMN 17 PEAK WIND IN M.P.H.
PRELIMINARY LOCAL CLIMATOLOGICAL DATA (WS FORM: F-6) , PAGE 2
STATION: VICHY-ROLLA MO
MONTH: OCTOBER
YEAR: 2023
LATITUDE: 38 7 N
LONGITUDE: 91 46 W
[TEMPERATURE DATA] [PRECIPITATION DATA] SYMBOLS USED IN COLUMN 16
AVERAGE MONTHLY: 57.8 TOTAL FOR MONTH: 2.30 1 = FOG OR MIST
DPTR FM NORMAL: 0.7 DPTR FM NORMAL: -0.91 2 = FOG REDUCING VISIBILITY
HIGHEST: 88 ON 1 GRTST 24HR 1.03 ON 4- 5 TO 1/4 MILE OR LESS
LOWEST: 22 ON 31,30 3 = THUNDER
SNOW, ICE PELLETS, HAIL 4 = ICE PELLETS
TOTAL MONTH: M 5 = HAIL
GRTST 24HR M ON M 6 = FREEZING RAIN OR DRIZZLE
GRTST DEPTH: M ON M 7 = DUSTSTORM OR SANDSTORM:
VSBY 1/2 MILE OR LESS
8 = SMOKE OR HAZE
[NO. OF DAYS WITH] [WEATHER - DAYS WITH] 9 = BLOWING SNOW
X = TORNADO
MAX 32 OR BELOW: 0 0.01 INCH OR MORE: 8
MAX 90 OR ABOVE: 0 0.10 INCH OR MORE: 6
MIN 32 OR BELOW: 2 0.50 INCH OR MORE: 1
MIN 0 OR BELOW: 0 1.00 INCH OR MORE: 0
[HDD (BASE 65) ]
TOTAL THIS MO. 250 CLEAR (SCALE 0-3) 18
DPTR FM NORMAL -27 PTCLDY (SCALE 4-7) 8
TOTAL FM JUL 1 253 CLOUDY (SCALE 8-10) 5
DPTR FM NORMAL -84
[CDD (BASE 65) ]
TOTAL THIS MO. 39
DPTR FM NORMAL 7 [PRESSURE DATA]
TOTAL FM JAN 1 1356 HIGHEST SLP M ON M
DPTR FM NORMAL 52 LOWEST SLP 29.64 ON 11
[REMARKS]
#FINAL-10-23#