000
CXUS52 KFFC 011010
CF6VPC
PRELIMINARY LOCAL CLIMATOLOGICAL DATA (WS FORM: F-6)
STATION: CARTERSVILLE
MONTH: MARCH
YEAR: 2023
LATITUDE: 34 7 N
LONGITUDE: 84 51 W
TEMPERATURE IN F: :PCPN: SNOW: WIND :SUNSHINE: SKY :PK WND
================================================================================
1 2 3 4 5 6A 6B 7 8 9 10 11 12 13 14 15 16 17 18
12Z AVG MX 2MIN
DY MAX MIN AVG DEP HDD CDD WTR SNW DPTH SPD SPD DIR MIN PSBL S-S WX SPD DR
================================================================================
1 77 50 64 15 1 0 0.00 M M 3.6 8 150 M M 5 18 18 150
2 72 59 66 17 0 1 0.74 M M 3.7 8 330 M M 8 1 23 220
3 77 55 66 17 0 1 0.62 M M 9.7 25 180 M M 7 18 41 180
4 68 46 57 7 8 0 0.00 M M 2.3 12 270 M M 0 16 99
5 73 39 56 6 9 0 0.00 M M 2.8 13 100 M M 1 20 100
6 82 46 64 14 1 0 0.00 M M 2.1 9 200 M M 4 16 0
7 77 54 66 16 0 1 0.00 M M 4.1 15 20 M M 2 1 21 20
8 68 45 57 6 8 0 0.00 M M 2.8 9 110 M M 2 15 110
9 61 52 57 6 8 0 0.06 M M 1.8 8 120 M M 9 18 13 160
10 64 46 55 4 10 0 0.27 M M 3.9 15 270 M M 5 1 22 270
11 63 37 50 -1 15 0 0.00 M M 1.5 7 99 M M 2 14 99
12 52 46 49 -3 16 0 1.34 M M 6.8 14 90 M M 10 1 21 90
13 55 37 46 -6 19 0 0.00 M M 8.2 17 270 M M 4 25 280
14 48 28 38 -14 27 0 0.00 M M 5.5 15 20 M M 1 21 20
15 59 28 44 -8 21 0 0.00 M M 1.0 7 280 M M 1 13 250
16 72 30 51 -1 14 0 0.00 M M 3.3 9 180 M M 4 16 0
17 66 41 54 1 11 0 0.42 M M 6.6 12 170 M M 9 18 24 170
18 52 36 44 -9 21 0 0.03 M M 8.2 15 280 M M 1 21 300
19 43 28 36 -17 29 0 0.00 M M 6.9 14 280 M M 0 27 290
20 54 27 41 -13 24 0 0.00 M M 2.4 8 270 M M 0 13 0
21 64 28 46 -8 19 0 0.00 M M 3.3 12 130 M M 2 17 130
22 63 41 52 -2 13 0 0.00 M M 3.2 8 100 M M 8 M M
23 84 48 66 12 0 1 0.00 M M 3.4 12 170 M M 4 1 16 270
24 82 55 69 15 0 4 0.00 M M 5.4 13 250 M M 4 23 180
25 82 57 70 15 0 5 0.54 M M 5.8 18 260 M M 3 1 28 260
26 73 54 64 9 1 0 0.08 M M 0.9 7 90 M M 7 18 M M
27 81 59 70 15 0 5 0.55 M M 4.5 12 270 M M 4 1 18 260
28 72 48 60 4 5 0 0.00 M M 3.1 9 310 M M 2 20 270
29 66 41 54 -2 11 0 0.00 M M 1.9 7 270 M M 1 12 0
30 75 36 56 0 9 0 0.00 M M 0.9 6 350 M M 2 M M
31 77 50 64 8 1 0 0.00 M M 4.0 12 180 M M 5 21 180
================================================================================
SM 2102 1347 301 18 4.65 M 123.6 M 117
================================================================================
AV 67.8 43.5 4.0 FASTST M M 4 MAX(MPH)
MISC ----> 25 180 41 180
================================================================================
NOTES:
# LAST OF SEVERAL OCCURRENCES
COLUMN 17 PEAK WIND IN M.P.H.
PRELIMINARY LOCAL CLIMATOLOGICAL DATA (WS FORM: F-6) , PAGE 2
STATION: CARTERSVILLE
MONTH: MARCH
YEAR: 2023
LATITUDE: 34 7 N
LONGITUDE: 84 51 W
[TEMPERATURE DATA] [PRECIPITATION DATA] SYMBOLS USED IN COLUMN 16
AVERAGE MONTHLY: 55.6 TOTAL FOR MONTH: 4.65 1 = FOG OR MIST
DPTR FM NORMAL: 3.1 DPTR FM NORMAL: -0.07 2 = FOG REDUCING VISIBILITY
HIGHEST: 84 ON 23 GRTST 24HR 1.34 ON 12-12 TO 1/4 MILE OR LESS
LOWEST: 27 ON 20 3 = THUNDER
SNOW, ICE PELLETS, HAIL 4 = ICE PELLETS
TOTAL MONTH: M 5 = HAIL
GRTST 24HR M ON M 6 = FREEZING RAIN OR DRIZZLE
GRTST DEPTH: M ON M 7 = DUSTSTORM OR SANDSTORM:
VSBY 1/2 MILE OR LESS
8 = SMOKE OR HAZE
[NO. OF DAYS WITH] [WEATHER - DAYS WITH] 9 = BLOWING SNOW
X = TORNADO
MAX 32 OR BELOW: 0 0.01 INCH OR MORE: 10
MAX 90 OR ABOVE: 0 0.10 INCH OR MORE: 7
MIN 32 OR BELOW: 6 0.50 INCH OR MORE: 5
MIN 0 OR BELOW: 0 1.00 INCH OR MORE: 1
[HDD (BASE 65) ]
TOTAL THIS MO. 301 CLEAR (SCALE 0-3) 15
DPTR FM NORMAL -90 PTCLDY (SCALE 4-7) 11
TOTAL FM JUL 1 2231 CLOUDY (SCALE 8-10) 5
DPTR FM NORMAL -669
[CDD (BASE 65) ]
TOTAL THIS MO. 18
DPTR FM NORMAL 12 [PRESSURE DATA]
TOTAL FM JAN 1 37 HIGHEST SLP M ON M
DPTR FM NORMAL 30 LOWEST SLP M ON M
[REMARKS]
#FINAL-03-23#