000
CXUS52 KMLB 010734
CF6VRB
PRELIMINARY LOCAL CLIMATOLOGICAL DATA (WS FORM: F-6)
STATION: VERO BEACH
MONTH: DECEMBER
YEAR: 2020
LATITUDE: 27 39 N
LONGITUDE: 80 25 W
TEMPERATURE IN F: :PCPN: SNOW: WIND :SUNSHINE: SKY :PK WND
================================================================================
1 2 3 4 5 6A 6B 7 8 9 10 11 12 13 14 15 16 17 18
12Z AVG MX 2MIN
DY MAX MIN AVG DEP HDD CDD WTR SNW DPTH SPD SPD DIR MIN PSBL S-S WX SPD DR
================================================================================
1 61 43 52 -15 13 0 0.00 0.0 0 8.9 18 330 M M 0 24 330
2 66 42 54 -13 11 0 0.00 0.0 0 9.9 20 360 M M 1 25 350
3 74 48 61 -6 4 0 0.00 0.0 0 7.6 16 120 M M 7 24 110
4 78 59 69 2 0 4 0.00 0.0 0 6.4 16 160 M M 3 21 130
5 80 59 70 4 0 5 T 0.0 0 6.3 16 10 M M 3 1 20 20
6 76 53 65 -1 0 0 0.00 0.0 0 4.6 9 340 M M 3 14 70
7 68 52 60 -6 5 0 0.46 0.0 0 9.0 21 280 M M 6 18 26 290
8 62 43 53 -13 12 0 0.00 0.0 0 8.7 15 280 M M 0 24 300
9 63 38 51 -15 14 0 0.00 0.0 0 6.6 13 330 M M 0 19 320
10 69 40 55 -11 10 0 0.00 0.0 0 3.8 13 360 M M 0 18 16 10
11 74 45 60 -5 5 0 0.00 0.0 0 3.8 14 30 M M 5 1 16 30
12 74 62 68 3 0 3 0.05 0.0 0 5.4 16 140 M M 9 18 24 150
13 79 55 67 2 0 2 0.00 0.0 0 2.9 9 120 M M 2 12 12 90
14 82 65 74 9 0 9 0.00 0.0 0 8.0 20 220 M M 2 18 25 200
15 76 64 70 5 0 5 0.00 0.0 0 2.6 12 240 M M 8 18 15 270
16 81 59 70 6 0 5 0.00 0.0 0 5.8 17 180 M M 3 1 23 180
17 73 51 62 -2 3 0 T 0.0 0 8.0 16 310 M M 6 1 20 300
18 63 44 54 -10 11 0 0.00 0.0 0 10.0 20 360 M M 4 25 350
19 73 49 61 -3 4 0 0.00 0.0 0 3.0 10 90 M M 8 12 100
20 81 51 66 2 0 1 0.00 0.0 0 5.6 16 200 M M 2 1 22 200
21 73 51 62 -2 3 0 0.18 0.0 0 9.8 20 300 M M 4 1 28 290
22 68 48 58 -6 7 0 0.00 0.0 0 5.7 16 340 M M 0 1 20 350
23 77 50 64 1 1 0 0.00 0.0 0 5.9 16 130 M M 2 19 110
24 84 61 73 10 0 8 T 0.0 0 12.5 31 290 M M 4 39 290
25 62 39 51 -12 14 0 0.04 0.0 0 12.0 30 320 M M 2 1 39 330
26 59 37 48 -15 17 0 0.00 0.0 0 9.5 16 330 M M 0 19 350
27 73 41 57 -6 8 0 0.01 0.0 0 7.2 17 40 M M 4 22 40
28 75 57 66 3 0 1 0.02 0.0 0 5.8 16 40 M M 6 1 21 30
29 75 53 64 1 1 0 0.00 0.0 0 9.4 18 70 M M 3 23 70
30 78 69 74 12 0 9 T 0.0 0 14.6 22 110 M M 6 28 110
31 80 71 76 14 0 11 0.00 0.0 0 15.0 23 130 M M 4 30 130
================================================================================
SM 2257 1599 143 63 0.76 0.0 234.3 M 107
================================================================================
AV 72.8 51.6 7.6 FASTST M M 3 MAX(MPH)
MISC ----> 31 290 # 39 290
================================================================================
NOTES:
# LAST OF SEVERAL OCCURRENCES
COLUMN 17 PEAK WIND IN M.P.H.
PRELIMINARY LOCAL CLIMATOLOGICAL DATA (WS FORM: F-6) , PAGE 2
STATION: VERO BEACH
MONTH: DECEMBER
YEAR: 2020
LATITUDE: 27 39 N
LONGITUDE: 80 25 W
[TEMPERATURE DATA] [PRECIPITATION DATA] SYMBOLS USED IN COLUMN 16
AVERAGE MONTHLY: 62.2 TOTAL FOR MONTH: 0.76 1 = FOG OR MIST
DPTR FM NORMAL: -2.4 DPTR FM NORMAL: -1.43 2 = FOG REDUCING VISIBILITY
HIGHEST: 84 ON 24 GRTST 24HR 0.46 ON 7- 7 TO 1/4 MILE OR LESS
LOWEST: 37 ON 26 3 = THUNDER
SNOW, ICE PELLETS, HAIL 4 = ICE PELLETS
TOTAL MONTH: 0.0 INCH 5 = HAIL
GRTST 24HR 0.0 6 = FREEZING RAIN OR DRIZZLE
GRTST DEPTH: 0 7 = DUSTSTORM OR SANDSTORM:
VSBY 1/2 MILE OR LESS
8 = SMOKE OR HAZE
[NO. OF DAYS WITH] [WEATHER - DAYS WITH] 9 = BLOWING SNOW
X = TORNADO
MAX 32 OR BELOW: 0 0.01 INCH OR MORE: 6
MAX 90 OR ABOVE: 0 0.10 INCH OR MORE: 2
MIN 32 OR BELOW: 0 0.50 INCH OR MORE: 0
MIN 0 OR BELOW: 0 1.00 INCH OR MORE: 0
[HDD (BASE 65) ]
TOTAL THIS MO. 143 CLEAR (SCALE 0-3) 15
DPTR FM NORMAL 38 PTCLDY (SCALE 4-7) 15
TOTAL FM JUL 1 143 CLOUDY (SCALE 8-10) 1
DPTR FM NORMAL 7
[CDD (BASE 65) ]
TOTAL THIS MO. 63
DPTR FM NORMAL -30 [PRESSURE DATA]
TOTAL FM JAN 1 4255 HIGHEST SLP 30.31 ON 29
DPTR FM NORMAL 851 LOWEST SLP 29.76 ON 7
[REMARKS]
#FINAL-12-20#