000
CXUS55 KLBF 011410
CF6VTN
PRELIMINARY LOCAL CLIMATOLOGICAL DATA (WS FORM: F-6)
STATION: VALENTINE
MONTH: OCTOBER
YEAR: 2022
LATITUDE: 42 52 N
LONGITUDE: 100 33 W
TEMPERATURE IN F: :PCPN: SNOW: WIND :SUNSHINE: SKY :PK WND
================================================================================
1 2 3 4 5 6A 6B 7 8 9 10 11 12 13 14 15 16 17 18
12Z AVG MX 2MIN
DY MAX MIN AVG DEP HDD CDD WTR SNW DPTH SPD SPD DIR MIN PSBL S-S WX SPD DR
================================================================================
1 86 46 66 9 0 1 0.00 0.0 0 6.7 23 180 M M 0 32 160
2 88 59 74 18 0 9 0.04 0.0 0 12.4 28 170 M M 4 3 40 180
3 66 52 59 3 6 0 0.17 0.0 0 7.0 28 180 M M 6 1 36 190
4 67 50 59 4 6 0 T 0.0 0 6.5 16 320 M M 7 22 310
5 74 44 59 4 6 0 0.00 0.0 0 8.4 20 340 M M 2 26 310
6 56 37 47 -7 18 0 T 0.0 0 10.9 20 30 M M 6 1 28 360
7 51 35 43 -11 22 0 0.00 0.0 0 4.8 13 230 M M 8 16 230
8 68 27 48 -5 17 0 0.00 0.0 0 5.5 13 310 M M 0 19 280
9 75 31 53 0 12 0 0.00 0.0 0 6.0 13 310 M M 0 18 18 320
10 84 30 57 5 8 0 0.00 0.0 0 10.4 29 190 M M 0 43 190
11 81 35 58 6 7 0 0.00 0.0 0 14.9 31 340 M M 1 44 320
12 58 30 44 -7 21 0 0.00 0.0 0 16.9 35 320 M M 4 52 310
13 59 34 47 -4 18 0 0.00 0.0 0 19.0 39 320 M M 1 58 310
14 61 32 47 -3 18 0 T 0.0 0 11.8 35 330 M M 4 45 330
15 67 32 50 0 15 0 0.00 0.0 0 13.1 30 320 M M 4 42 310
16 52 29 41 -8 24 0 0.00 0.0 0 11.0 23 340 M M 3 35 310
17 49 24 37 -12 28 0 0.00 0.0 0 6.6 13 50 M M 7 16 360
18 54 16 35 -13 30 0 0.00 0.0 0 2.8 8 70 M M 0 11 60
19 73 20 47 -1 18 0 0.00 0.0 0 6.5 21 350 M M 0 30 300
20 81 36 59 12 6 0 0.00 0.0 0 10.2 20 240 M M 0 25 240
21 73 34 54 7 11 0 0.00 0.0 0 8.0 17 190 M M 0 29 200
22 83 42 63 17 2 0 0.00 0.0 0 7.7 18 150 M M 0 28 160
23 77 35 56 10 9 0 T 0.0 0 12.9 30 330 M M 1 42 280
24 50 30 40 -6 25 0 0.00 0.0 0 13.1 28 280 M M 6 40 330
25 60 22 41 -4 24 0 0.00 0.0 0 9.6 24 330 M M 2 35 300
26 59 21 40 -5 25 0 T 0.0 0 9.5 22 160 M M 5 28 200
27 60 25 43 -1 22 0 0.00 0.0 0 3.8 13 140 M M 0 1 17 140
28 67 21 44 0 21 0 0.00 0.0 0 9.2 18 200 M M 0 1 25 220
29 67 30 49 6 16 0 0.00 0.0 0 8.4 15 240 M M 0 23 200
30 66 23 45 2 20 0 0.00 0.0 0 4.1 10 10 M M 0 14 280
31 73 22 48 5 17 0 0.00 0.0 0 7.4 16 260 M M 0 22 270
================================================================================
SM 2085 1004 472 10 0.21 0.0 285.1 M 71
================================================================================
AV 67.3 32.4 9.2 FASTST M M 2 MAX(MPH)
MISC ----> 39 320 58 310
================================================================================
NOTES:
# LAST OF SEVERAL OCCURRENCES
COLUMN 17 PEAK WIND IN M.P.H.
PRELIMINARY LOCAL CLIMATOLOGICAL DATA (WS FORM: F-6) , PAGE 2
STATION: VALENTINE
MONTH: OCTOBER
YEAR: 2022
LATITUDE: 42 52 N
LONGITUDE: 100 33 W
[TEMPERATURE DATA] [PRECIPITATION DATA] SYMBOLS USED IN COLUMN 16
AVERAGE MONTHLY: 49.8 TOTAL FOR MONTH: 0.21 1 = FOG OR MIST
DPTR FM NORMAL: 0.5 DPTR FM NORMAL: -1.21 2 = FOG REDUCING VISIBILITY
HIGHEST: 88 ON 2 GRTST 24HR 0.18 ON 2- 3 TO 1/4 MILE OR LESS
LOWEST: 16 ON 18 3 = THUNDER
SNOW, ICE PELLETS, HAIL 4 = ICE PELLETS
TOTAL MONTH: 0.0 INCH 5 = HAIL
GRTST 24HR 0.0 6 = FREEZING RAIN OR DRIZZLE
GRTST DEPTH: 0 7 = DUSTSTORM OR SANDSTORM:
VSBY 1/2 MILE OR LESS
8 = SMOKE OR HAZE
[NO. OF DAYS WITH] [WEATHER - DAYS WITH] 9 = BLOWING SNOW
X = TORNADO
MAX 32 OR BELOW: 0 0.01 INCH OR MORE: 2
MAX 90 OR ABOVE: 0 0.10 INCH OR MORE: 1
MIN 32 OR BELOW: 18 0.50 INCH OR MORE: 0
MIN 0 OR BELOW: 0 1.00 INCH OR MORE: 0
[HDD (BASE 65) ]
TOTAL THIS MO. 472 CLEAR (SCALE 0-3) 20
DPTR FM NORMAL -20 PTCLDY (SCALE 4-7) 11
TOTAL FM JUL 1 544 CLOUDY (SCALE 8-10) 0
DPTR FM NORMAL -93
[CDD (BASE 65) ]
TOTAL THIS MO. 10
DPTR FM NORMAL 4 [PRESSURE DATA]
TOTAL FM JAN 1 1142 HIGHEST SLP 30.65 ON 7
DPTR FM NORMAL 216 LOWEST SLP 29.10 ON 23
[REMARKS]
#FINAL-10-22#