000
CXUS51 KAKQ 010710
CF6WAL
PRELIMINARY LOCAL CLIMATOLOGICAL DATA (WS FORM: F-6)
STATION: WALLOPS ISLAND VA
MONTH: JULY
YEAR: 2023
LATITUDE: 37 55 N
LONGITUDE: 75 28 W
TEMPERATURE IN F: :PCPN: SNOW: WIND :SUNSHINE: SKY :PK WND
================================================================================
1 2 3 4 5 6A 6B 7 8 9 10 11 12 13 14 15 16 17 18
12Z AVG MX 2MIN
DY MAX MIN AVG DEP HDD CDD WTR SNW DPTH SPD SPD DIR MIN PSBL S-S WX SPD DR
================================================================================
1 82 72 77 0 0 12 T 0.0 0 9.2 17 140 M M 4 18 22 140
2 87 75 81 3 0 16 0.00 0.0 0 13.0 21 190 M M 1 18 25 200
3 93 76 85 7 0 20 0.04 0.0 0 10.4 26 190 M M 1 38 34 190
4 90 74 82 4 0 17 0.00 0.0 0 6.9 20 240 M M 2 18 26 230
5 89 75 82 4 0 17 0.00 0.0 0 5.5 14 190 M M 1 18 16 190
6 87 76 82 4 0 17 0.00 M M 6.9 14 170 M M 3 1238 17 150
7 85 74 80 2 0 15 0.01 0.0 M 5.2 13 140 M M 2 18 16 140
8 86 74 80 2 0 15 T 0.0 0 5.3 13 140 M M 1 18 17 130
9 87 70 79 1 0 14 0.05 M M 8.3 16 180 M M 3 138 19 170
10 86 71 79 1 0 14 0.00 0.0 0 6.9 15 320 M M 3 18 19 320
11 88 72 80 2 0 15 0.00 0.0 0 7.4 14 60 M M 1 18 18 60
12 92 74 83 5 0 18 0.00 0.0 0 8.8 18 180 M M 1 18 23 180
13 91 74 83 4 0 18 0.00 0.0 0 11.9 23 180 M M 1 18 30 190
14 89 76 83 4 0 18 0.08 0.0 0 9.9 20 200 M M 2 138 24 200
15 89 76 83 4 0 18 0.01 0.0 0 12.4 24 180 M M 3 138 31 170
16 86 73 80 1 0 15 1.65 0.0 0 9.4 28 220 M M 5 123 41 230
17 89 73 81 2 0 16 0.00 0.0 0 5.8 14 180 M M 2 1 23 320
18 90 75 83 4 0 18 0.00 0.0 0 4.9 16 180 M M 2 18 20 200
19 83 73 78 -1 0 13 0.75 0.0 0 6.7 16 130 M M 2 1238 25 240
20 85 71 78 0 0 13 0.00 0.0 0 6.2 13 140 M M 1 138 17 150
21 86 73 80 2 0 15 0.85 0.0 0 6.6 17 340 M M 3 1238 22 250
22 84 69 77 -1 0 12 0.00 0.0 0 5.1 10 320 M M 1 8 15 310
23 86 66 76 -2 0 11 0.00 0.0 0 4.8 13 170 M M 1 18 16 140
24 82 72 77 -1 0 12 0.19 0.0 0 6.3 16 140 M M 3 1 20 150
25 85 69 77 -1 0 12 0.34 0.0 0 6.1 21 330 M M 4 138 29 320
26 85 69 77 -1 0 12 T 0.0 0 6.1 14 180 M M 1 18 18 170
27 92 77 85 7 0 20 0.00 0.0 0 12.3 24 190 M M 0 18 30 190
28 94 82 88 10 0 23 0.00 0.0 0 9.4 16 260 M M 0 8 22 260
29 94 75 85 7 0 20 0.56 0.0 0 11.2 22 310 M M 2 138 32 330
30 81 68 75 -3 0 10 0.00 0.0 0 6.7 16 360 M M 1 1 21 10
31 82 66 74 -4 0 9 0.02 0.0 0 5.2 18 200 M M 4 1 23 190
================================================================================
SM 2705 2260 0 475 4.55 0.0 240.8 M 61
================================================================================
AV 87.3 72.9 7.8 FASTST M M 2 MAX(MPH)
MISC ----> 28 220 41 230
================================================================================
NOTES:
# LAST OF SEVERAL OCCURRENCES
COLUMN 17 PEAK WIND IN M.P.H.
PRELIMINARY LOCAL CLIMATOLOGICAL DATA (WS FORM: F-6) , PAGE 2
STATION: WALLOPS ISLAND VA
MONTH: JULY
YEAR: 2023
LATITUDE: 37 55 N
LONGITUDE: 75 28 W
[TEMPERATURE DATA] [PRECIPITATION DATA] SYMBOLS USED IN COLUMN 16
AVERAGE MONTHLY: 80.1 TOTAL FOR MONTH: 4.55 1 = FOG OR MIST
DPTR FM NORMAL: 1.9 DPTR FM NORMAL: 0.18 2 = FOG REDUCING VISIBILITY
HIGHEST: 94 ON 29,28 GRTST 24HR 1.66 ON 15-16 TO 1/4 MILE OR LESS
LOWEST: 66 ON 31,23 3 = THUNDER
SNOW, ICE PELLETS, HAIL 4 = ICE PELLETS
TOTAL MONTH: 0.0 INCH 5 = HAIL
GRTST 24HR 0.0 6 = FREEZING RAIN OR DRIZZLE
GRTST DEPTH: 0 7 = DUSTSTORM OR SANDSTORM:
VSBY 1/2 MILE OR LESS
8 = SMOKE OR HAZE
[NO. OF DAYS WITH] [WEATHER - DAYS WITH] 9 = BLOWING SNOW
X = TORNADO
MAX 32 OR BELOW: 0 0.01 INCH OR MORE: 12
MAX 90 OR ABOVE: 8 0.10 INCH OR MORE: 6
MIN 32 OR BELOW: 0 0.50 INCH OR MORE: 4
MIN 0 OR BELOW: 0 1.00 INCH OR MORE: 1
[HDD (BASE 65) ]
TOTAL THIS MO. 0 CLEAR (SCALE 0-3) 26
DPTR FM NORMAL 0 PTCLDY (SCALE 4-7) 5
TOTAL FM JUL 1 0 CLOUDY (SCALE 8-10) 0
DPTR FM NORMAL 0
[CDD (BASE 65) ]
TOTAL THIS MO. 475
DPTR FM NORMAL 64 [PRESSURE DATA]
TOTAL FM JAN 1 734 HIGHEST SLP M ON M
DPTR FM NORMAL -31 LOWEST SLP 29.71 ON 9
[REMARKS]
#FINAL-07-23#