000
CXUS56 KLOX 011155
CF6WJF
PRELIMINARY LOCAL CLIMATOLOGICAL DATA (WS FORM: F-6)
STATION: LANCASTER FOX FIELD CA
MONTH: OCTOBER
YEAR: 2023
LATITUDE: 34 43 N
LONGITUDE: 118 13 W
TEMPERATURE IN F: :PCPN: SNOW: WIND :SUNSHINE: SKY :PK WND
================================================================================
1 2 3 4 5 6A 6B 7 8 9 10 11 12 13 14 15 16 17 18
12Z AVG MX 2MIN
DY MAX MIN AVG DEP HDD CDD WTR SNW DPTH SPD SPD DIR MIN PSBL S-S WX SPD DR
================================================================================
1 67 50 59 -10 6 0 T M M 11.0 20 250 M M 2 24 250
2 76 43 60 -8 5 0 0.00 M M 4.7 17 320 M M 1 19 320
3 81 43 62 -6 3 0 0.00 M M 2.7 10 60 M M 0 13 90
4 86 47 67 0 0 2 0.00 M M 8.2 23 70 M M 0 30 70
5 90 50 70 3 0 5 0.00 M M 6.0 18 60 M M 0 25 90
6 93 47 70 3 0 5 0.00 M M 5.7 17 60 M M 0 24 60
7 94 49 72 6 0 7 0.00 M M 2.9 9 300 M M 0 12 80
8 94 53 74 8 0 9 0.00 M M 5.1 18 250 M M 0 21 240
9 91 48 70 4 0 5 0.00 M M 9.6 23 220 M M 0 31 250
10 80 61 71 6 0 6 0.00 M M 18.7 32 270 M M 0 38 260
11 66 53 60 -5 5 0 0.00 M M 23.2 40 260 M M 0 8 46 260
12 76 40 58 -6 7 0 0.00 M M 6.7 22 50 M M 0 27 50
13 79 39 59 -5 6 0 0.00 M M 2.7 10 240 M M 0 13 240
14 83 41 62 -2 3 0 0.00 M M 3.1 9 290 M M 0 10 120
15 86 43 65 2 0 0 0.00 M M 3.9 12 70 M M 0 8 15 60
16 91 42 67 4 0 2 0.00 M M 4.3 17 270 M M 0 22 260
17 90 48 69 7 0 4 0.00 M M 3.6 12 290 M M 0 14 310
18 93 45 69 7 0 4 0.00 M M 3.3 10 90 M M 0 14 100
19 94 48 71 9 0 6 0.00 M M 2.8 12 290 M M 0 17 90
20 95 50 73 12 0 8 0.00 M M 3.8 18 250 M M 0 21 240
21 88 50 69 8 0 4 0.00 M M 8.9 24 220 M M 0 30 220
22 77 55 66 5 0 1 0.00 M M 14.5 26 280 M M 1 31 280
23 76 52 64 4 1 0 0.00 M M 13.3 29 280 M M 1 34 270
24 83 46 65 5 0 0 0.00 M M 4.8 20 260 M M 0 23 250
25 71 57 64 4 1 0 0.00 M M 18.1 32 240 M M 0 42 240
26 74 49 62 3 3 0 0.00 M M 19.8 30 280 M M 0 35 280
27 76 36 56 -3 9 0 0.00 M M 12.7 30 270 M M 0 35 260
28 71 40 56 -2 9 0 0.00 M M 16.5 35 290 M M 0 40 270
29 67 32 50 -8 15 0 0.00 M M 10.0 25 70 M M 0 31 70
30 69 25 47 -11 18 0 0.00 M M 8.0 21 60 M M 0 29 40
31 75 27 51 -6 14 0 0.00 M M 5.5 18 60 M M 0 8 23 50
================================================================================
SM 2532 1409 105 68 T M 264.1 M 5
================================================================================
AV 81.7 45.5 8.5 FASTST M M 0 MAX(MPH)
MISC ----> 40 260 46 260
================================================================================
NOTES:
# LAST OF SEVERAL OCCURRENCES
COLUMN 17 PEAK WIND IN M.P.H.
PRELIMINARY LOCAL CLIMATOLOGICAL DATA (WS FORM: F-6) , PAGE 2
STATION: LANCASTER FOX FIELD CA
MONTH: OCTOBER
YEAR: 2023
LATITUDE: 34 43 N
LONGITUDE: 118 13 W
[TEMPERATURE DATA] [PRECIPITATION DATA] SYMBOLS USED IN COLUMN 16
AVERAGE MONTHLY: 63.6 TOTAL FOR MONTH: T 1 = FOG OR MIST
DPTR FM NORMAL: 0.7 DPTR FM NORMAL: -0.34 2 = FOG REDUCING VISIBILITY
HIGHEST: 95 ON 20 GRTST 24HR T ON 1- 1 TO 1/4 MILE OR LESS
LOWEST: 25 ON 30 3 = THUNDER
SNOW, ICE PELLETS, HAIL 4 = ICE PELLETS
TOTAL MONTH: M 5 = HAIL
GRTST 24HR M ON M 6 = FREEZING RAIN OR DRIZZLE
GRTST DEPTH: M ON M 7 = DUSTSTORM OR SANDSTORM:
VSBY 1/2 MILE OR LESS
8 = SMOKE OR HAZE
[NO. OF DAYS WITH] [WEATHER - DAYS WITH] 9 = BLOWING SNOW
X = TORNADO
MAX 32 OR BELOW: 0 0.01 INCH OR MORE: 0
MAX 90 OR ABOVE: 10 0.10 INCH OR MORE: 0
MIN 32 OR BELOW: 3 0.50 INCH OR MORE: 0
MIN 0 OR BELOW: 0 1.00 INCH OR MORE: 0
[HDD (BASE 65) ]
TOTAL THIS MO. 105 CLEAR (SCALE 0-3) 31
DPTR FM NORMAL -16 PTCLDY (SCALE 4-7) 0
TOTAL FM JUL 1 109 CLOUDY (SCALE 8-10) 0
DPTR FM NORMAL -21
[CDD (BASE 65) ]
TOTAL THIS MO. 68
DPTR FM NORMAL 12 [PRESSURE DATA]
TOTAL FM JAN 1 1875 HIGHEST SLP 30.34 ON 30
DPTR FM NORMAL -30 LOWEST SLP 29.64 ON 11
[REMARKS]
#FINAL-10-23#