000
CXUS54 KTSA 010850
CF6XNA
PRELIMINARY LOCAL CLIMATOLOGICAL DATA (WS FORM: F-6)
STATION: HIGHFILL ARKANSAS
MONTH: APRIL
YEAR: 2023
LATITUDE: 36 16 N
LONGITUDE: 94 19 W
TEMPERATURE IN F: :PCPN: SNOW: WIND :SUNSHINE: SKY :PK WND
================================================================================
1 2 3 4 5 6A 6B 7 8 9 10 11 12 13 14 15 16 17 18
12Z AVG MX 2MIN
DY MAX MIN AVG DEP HDD CDD WTR SNW DPTH SPD SPD DIR MIN PSBL S-S WX SPD DR
================================================================================
1 61 41 51 -3 14 0 T 0.0 M 9.6 24 300 M M 0 36 310
2 76 36 56 2 9 0 0.00 0.0 M 11.2 25 180 M M 1 34 180
3 84 53 69 14 0 4 0.00 0.0 M 13.5 25 200 M M 0 35 200
4 80 69 75 20 0 10 T 0.0 M 17.7 31 180 M M 2 8 40 180
5 74 42 58 3 7 0 0.30 0.0 M 10.7 26 290 M M 4 13 39 300
6 59 37 48 -8 17 0 0.00 0.0 M 7.9 18 50 M M 0 23 60
7 66 39 53 -3 12 0 0.00 0.0 M 8.4 18 80 M M 0 23 70
8 71 39 55 -1 10 0 0.00 0.0 M 5.3 13 80 M M 0 18 70
9 73 45 59 3 6 0 0.00 0.0 M 5.0 12 90 M M 0 20 80
10 72 46 59 2 6 0 0.00 0.0 M 4.3 12 150 M M 1 14 190
11 75 47 61 4 4 0 0.00 0.0 M 3.4 13 170 M M 4 8 17 180
12 76 46 61 4 4 0 0.00 0.0 M 5.6 17 210 M M 0 8 24 220
13 76 47 62 4 3 0 0.00 0.0 M 2.4 8 220 M M 1 14 160
14 80 50 65 7 0 0 0.00 0.0 M 9.5 21 170 M M 1 29 160
15 81 44 63 5 2 0 0.08 0.0 M 13.5 31 290 M M 6 3 44 280
16 63 40 52 -6 13 0 0.00 0.0 M 12.3 28 270 M M 0 43 300
17 75 35 55 -4 10 0 0.00 0.0 M 7.0 17 210 M M 0 26 230
18 80 50 65 6 0 0 0.00 0.0 M 12.4 28 180 M M 0 37 190
19 73 61 67 8 0 2 T 0.0 M 19.2 30 170 M M 5 40 180
20 74 56 65 6 0 0 0.11 0.0 M 15.0 35 170 M M 5 13 45 180
21 68 43 56 -4 9 0 0.00 0.0 M 5.5 18 340 M M 1 23 330
22 57 38 48 -12 17 0 0.00 0.0 M 8.2 18 350 M M 4 28 340
23 61 34 48 -12 17 0 0.00 0.0 M 4.0 13 40 M M 0 20 40
24 67 34 51 -9 14 0 T 0.0 M 5.0 17 140 M M 2 26 240
25 62 47 55 -6 10 0 0.17 0.0 M 6.7 16 140 M M 8 1 27 150
26 59 50 55 -6 10 0 0.03 0.0 M 8.1 17 100 M M 10 26 110
27 61 51 56 -5 9 0 0.82 0.0 M 4.9 18 80 M M 10 13 24 70
28 63 46 55 -6 10 0 0.05 0.0 M 5.5 13 340 M M 9 12 24 50
29 66 50 58 -4 7 0 0.01 0.0 M 9.9 18 290 M M 6 25 300
30 64 41 53 -9 12 0 0.00 0.0 M 11.0 25 310 M M 0 36 320
================================================================================
SM 2097 1357 232 16 1.57 0.0 262.7 M 80
================================================================================
AV 69.9 45.2 8.8 FASTST M M 3 MAX(MPH)
MISC ----> 35 170 45 180
================================================================================
NOTES:
# LAST OF SEVERAL OCCURRENCES
COLUMN 17 PEAK WIND IN M.P.H.
PRELIMINARY LOCAL CLIMATOLOGICAL DATA (WS FORM: F-6) , PAGE 2
STATION: HIGHFILL ARKANSAS
MONTH: APRIL
YEAR: 2023
LATITUDE: 36 16 N
LONGITUDE: 94 19 W
[TEMPERATURE DATA] [PRECIPITATION DATA] SYMBOLS USED IN COLUMN 16
AVERAGE MONTHLY: 57.6 TOTAL FOR MONTH: 1.57 1 = FOG OR MIST
DPTR FM NORMAL: -0.5 DPTR FM NORMAL: -3.41 2 = FOG REDUCING VISIBILITY
HIGHEST: 84 ON 3 GRTST 24HR 0.82 ON 27-27 TO 1/4 MILE OR LESS
LOWEST: 34 ON 24,23 3 = THUNDER
SNOW, ICE PELLETS, HAIL 4 = ICE PELLETS
TOTAL MONTH: 0.0 INCH 5 = HAIL
GRTST 24HR 0.0 6 = FREEZING RAIN OR DRIZZLE
GRTST DEPTH: M ON M 7 = DUSTSTORM OR SANDSTORM:
VSBY 1/2 MILE OR LESS
8 = SMOKE OR HAZE
[NO. OF DAYS WITH] [WEATHER - DAYS WITH] 9 = BLOWING SNOW
X = TORNADO
MAX 32 OR BELOW: 0 0.01 INCH OR MORE: 8
MAX 90 OR ABOVE: 0 0.10 INCH OR MORE: 4
MIN 32 OR BELOW: 0 0.50 INCH OR MORE: 1
MIN 0 OR BELOW: 0 1.00 INCH OR MORE: 0
[HDD (BASE 65) ]
TOTAL THIS MO. 232 CLEAR (SCALE 0-3) 19
DPTR FM NORMAL -3 PTCLDY (SCALE 4-7) 7
TOTAL FM JUL 1 3516 CLOUDY (SCALE 8-10) 4
DPTR FM NORMAL -266
[CDD (BASE 65) ]
TOTAL THIS MO. 16
DPTR FM NORMAL -13 [PRESSURE DATA]
TOTAL FM JAN 1 22 HIGHEST SLP M ON M
DPTR FM NORMAL -14 LOWEST SLP 29.45 ON 4
[REMARKS]
#FINAL-04-23#