000
CXAK56 PAJK 011410
CF6YAK
PRELIMINARY LOCAL CLIMATOLOGICAL DATA (WS FORM: F-6)
STATION: YAKUTAT
MONTH: JANUARY
YEAR: 2024
LATITUDE: 59 31 N
LONGITUDE: 139 40 W
TEMPERATURE IN F: :PCPN: SNOW: WIND :SUNSHINE: SKY :PK WND
================================================================================
1 2 3 4 5 6A 6B 7 8 9 10 11 12 13 14 15 16 17 18
12Z AVG MX 2MIN
DY MAX MIN AVG DEP HDD CDD WTR SNW DPTH SPD SPD DIR MIN PSBL S-S WX SPD DR
================================================================================
1 30 19 25 -4 40 0 0.00 M M 1.6 8 40 M M 0 1 10 40
2 35 18 27 -2 38 0 T M M 1.8 8 160 M M 7 10 160
3 37 27 32 3 33 0 0.73 M M 6.6 12 70 M M 9 1 16 60
4 41 33 37 8 28 0 1.10 M M 8.0 16 200 M M 9 1 22 210
5 35 25 30 2 35 0 0.01 M M 2.0 10 60 M M 3 1 13 90
6 29 22 26 -2 39 0 0.00 M M 0.6 5 40 M M 4 1 5 70
7 37 26 32 4 33 0 0.28 M M 9.5 24 90 M M 9 1 38 90
8 42 27 35 7 30 0 0.03 M M 5.9 29 80 M M 8 1 37 190
9 32 22 27 -1 38 0 0.00 M M 0.2 5 260 M M 3 12 5 260
10 33 26 30 2 35 0 0.02 M M 6.5 13 80 M M 9 18 19 80
11 28 21 25 -3 40 0 T M M 6.8 13 80 M M 10 8 16 80
12 27 21 24 -4 41 0 0.03 M M 6.4 13 90 M M 10 1 18 90
13 32 27 30 2 35 0 0.17 M M 4.2 8 50 M M 10 1 9 60
14 37 32 35 7 30 0 0.99 M M 8.1 14 80 M M 10 1 20 80
15 36 28 32 4 33 0 0.36 M M 3.0 8 340 M M 9 12 10 20
16 30 19 25 -3 40 0 0.00 M M 0.7 7 80 M M 0 12 10 100
17 36 19 28 0 37 0 0.00 M M 7.9 21 20 M M 2 32 10
18 34 14 24 -4 41 0 0.00 M M 7.5 25 70 M M 0 1 31 70
19 31 12 22 -6 43 0 0.00 M M 1.2 7 10 M M 0 18 7 290
20 30 12 21 -7 44 0 0.00 M M 0.4 5 350 M M 0 5 350
21 30 20 25 -3 40 0 0.00 M M 3.1 12 90 M M 8 14 90
22 31 25 28 -1 37 0 0.29 M M 6.5 14 70 M M 10 16 16 90
23 34 30 32 3 33 0 0.76 M M 9.5 15 80 M M 9 16 21 80
24 34 33 34 5 31 0 0.17 M M 5.4 13 80 M M 10 1 17 80
25 37 33 35 6 30 0 0.01 M M 2.1 7 90 M M 10 12 9 80
26 39 33 36 7 29 0 0.46 M M 5.3 12 80 M M 10 1 16 80
27 44 38 41 12 24 0 1.33 M M 12.4 21 130 M M 10 1 35 140
28 45 41 43 14 22 0 1.97 M M 15.8 30 120 M M 10 1 48 120
29 48 33 41 12 24 0 1.98 M M 12.1 33 120 M M 10 1 51 130
30 34 25 30 1 35 0 0.40 M M 6.2 17 240 M M 10 12 24 230
31 28 13 21 -9 44 0 0.05 M M 3.5 9 290 M M 2 1 14 300
================================================================================
SM 1076 774 1082 0 11.14 M 170.8 M 211
================================================================================
AV 34.7 25.0 5.5 FASTST M M 7 MAX(MPH)
MISC ----> 33 120 51 130
================================================================================
NOTES:
# LAST OF SEVERAL OCCURRENCES
COLUMN 17 PEAK WIND IN M.P.H.
PRELIMINARY LOCAL CLIMATOLOGICAL DATA (WS FORM: F-6) , PAGE 2
STATION: YAKUTAT
MONTH: JANUARY
YEAR: 2024
LATITUDE: 59 31 N
LONGITUDE: 139 40 W
[TEMPERATURE DATA] [PRECIPITATION DATA] SYMBOLS USED IN COLUMN 16
AVERAGE MONTHLY: 29.8 TOTAL FOR MONTH: 11.14 1 = FOG OR MIST
DPTR FM NORMAL: 1.2 DPTR FM NORMAL: -1.27 2 = FOG REDUCING VISIBILITY
HIGHEST: 48 ON 29 GRTST 24HR 1.98 ON 29-29 TO 1/4 MILE OR LESS
LOWEST: 12 ON 20,19 3 = THUNDER
SNOW, ICE PELLETS, HAIL 4 = ICE PELLETS
TOTAL MONTH: M 5 = HAIL
GRTST 24HR M ON M 6 = FREEZING RAIN OR DRIZZLE
GRTST DEPTH: M ON M 7 = DUSTSTORM OR SANDSTORM:
VSBY 1/2 MILE OR LESS
8 = SMOKE OR HAZE
[NO. OF DAYS WITH] [WEATHER - DAYS WITH] 9 = BLOWING SNOW
X = TORNADO
MAX 32 OR BELOW: 12 0.01 INCH OR MORE: 20
MAX 90 OR ABOVE: 0 0.10 INCH OR MORE: 14
MIN 32 OR BELOW: 24 0.50 INCH OR MORE: 7
MIN 0 OR BELOW: 0 1.00 INCH OR MORE: 4
[HDD (BASE 65) ]
TOTAL THIS MO. 1082 CLEAR (SCALE 0-3) 9
DPTR FM NORMAL -46 PTCLDY (SCALE 4-7) 4
TOTAL FM JUL 1 4469 CLOUDY (SCALE 8-10) 18
DPTR FM NORMAL -468
[CDD (BASE 65) ]
TOTAL THIS MO. 0
DPTR FM NORMAL 0 [PRESSURE DATA]
TOTAL FM JAN 1 0 HIGHEST SLP 30.44 ON 11
DPTR FM NORMAL 0 LOWEST SLP 28.65 ON 29
[REMARKS]
#FINAL-01-24#