000
CXUS56 KPDT 011910
CF6YKM
PRELIMINARY LOCAL CLIMATOLOGICAL DATA (WS FORM: F-6)
STATION: YAKIMA WA
MONTH: JANUARY
YEAR: 2023
LATITUDE: 46 34 N
LONGITUDE: 120 32 W
TEMPERATURE IN F: :PCPN: SNOW: WIND :SUNSHINE: SKY :PK WND
================================================================================
1 2 3 4 5 6A 6B 7 8 9 10 11 12 13 14 15 16 17 18
12Z AVG MX 2MIN
DY MAX MIN AVG DEP HDD CDD WTR SNW DPTH SPD SPD DIR MIN PSBL S-S WX SPD DR
================================================================================
1 31 11 21 -9 44 0 0.00 M M 3.8 10 80 M M 4 128 13 70
2 32 25 29 -1 36 0 T M M 4.2 10 280 M M 10 18 13 240
3 36 28 32 2 33 0 T M M 1.4 6 250 M M 10 18 7 130
4 37 31 34 4 31 0 0.06 M M 6.5 13 240 M M 10 1 17 230
5 43 26 35 5 30 0 T M M 6.8 12 260 M M 5 16 240
6 38 19 29 -1 36 0 T M M 2.5 8 250 M M 3 1 10 260
7 36 32 34 4 31 0 0.19 M M 2.5 8 250 M M 10 12 11 240
8 39 31 35 4 30 0 0.09 M M 2.9 10 120 M M 9 12 19 140
9 39 28 34 3 31 0 0.12 M M 3.9 10 250 M M 8 126 13 230
10 41 25 33 2 32 0 0.01 M M 5.4 13 350 M M 6 12 17 250
11 41 31 36 5 29 0 0.03 M M 3.0 10 250 M M 10 18 13 110
12 41 34 38 7 27 0 0.17 M M 3.5 8 260 M M 10 1 9 250
13 43 34 39 8 26 0 0.03 M M 1.6 7 250 M M 9 12 8 300
14 43 32 38 7 27 0 0.14 M M 4.8 13 250 M M 8 128 17 250
15 44 35 40 8 25 0 0.01 M M 1.8 8 160 M M 9 12 10 160
16 48 28 38 6 27 0 0.00 M M 3.1 8 300 M M 1 18 9 260
17 44 25 35 3 30 0 0.00 M M 1.4 7 270 M M 4 1 8 290
18 41 28 35 3 30 0 0.01 M M 1.8 7 260 M M 8 1 9 260
19 48 21 35 3 30 0 0.00 M M 2.8 8 250 M M 0 11 240
20 43 20 32 0 33 0 0.00 M M 3.5 9 290 M M 0 10 80
21 33 19 26 -6 39 0 0.01 M M 2.5 9 160 M M 5 18 12 140
22 48 24 36 3 29 0 0.00 M M 4.7 10 180 M M 3 17 340
23 45 25 35 2 30 0 0.00 M M 2.6 9 150 M M 2 12 150
24 45 22 34 1 31 0 0.00 M M 3.6 10 40 M M 0 1 12 60
25 47 24 36 3 29 0 0.00 M M 3.0 9 260 M M 0 18 10 250
26 50 24 37 4 28 0 0.00 M M 3.0 12 290 M M 0 18 18 310
27 58 29 44 11 21 0 0.00 M M 7.4 24 320 M M 0 32 320
28 41 26 34 0 31 0 0.00 M M 6.9 20 40 M M 6 26 30
29 32 12 22 -12 43 0 0.00 M M 6.7 20 10 M M 3 26 20
30 31 8 20 -14 45 0 0.00 M M 2.7 9 260 M M 0 11 80
31 33 22 28 -6 37 0 0.00 M M 1.6 7 160 M M 3 10 140
================================================================================
SM 1271 779 981 0 0.87 M 111.9 M 156
================================================================================
AV 41.0 25.1 3.6 FASTST M M 5 MAX(MPH)
MISC ----> 24 320 32 320
================================================================================
NOTES:
# LAST OF SEVERAL OCCURRENCES
COLUMN 17 PEAK WIND IN M.P.H.
PRELIMINARY LOCAL CLIMATOLOGICAL DATA (WS FORM: F-6) , PAGE 2
STATION: YAKIMA WA
MONTH: JANUARY
YEAR: 2023
LATITUDE: 46 34 N
LONGITUDE: 120 32 W
[TEMPERATURE DATA] [PRECIPITATION DATA] SYMBOLS USED IN COLUMN 16
AVERAGE MONTHLY: 33.1 TOTAL FOR MONTH: 0.87 1 = FOG OR MIST
DPTR FM NORMAL: 1.4 DPTR FM NORMAL: -0.32 2 = FOG REDUCING VISIBILITY
HIGHEST: 58 ON 27 GRTST 24HR 0.80 ON 27-27 TO 1/4 MILE OR LESS
LOWEST: 8 ON 30 3 = THUNDER
SNOW, ICE PELLETS, HAIL 4 = ICE PELLETS
TOTAL MONTH: M 5 = HAIL
GRTST 24HR M ON M 6 = FREEZING RAIN OR DRIZZLE
GRTST DEPTH: M ON M 7 = DUSTSTORM OR SANDSTORM:
VSBY 1/2 MILE OR LESS
8 = SMOKE OR HAZE
[NO. OF DAYS WITH] [WEATHER - DAYS WITH] 9 = BLOWING SNOW
X = TORNADO
MAX 32 OR BELOW: 4 0.01 INCH OR MORE: 12
MAX 90 OR ABOVE: 0 0.10 INCH OR MORE: 4
MIN 32 OR BELOW: 28 0.50 INCH OR MORE: 0
MIN 0 OR BELOW: 0 1.00 INCH OR MORE: 0
[HDD (BASE 65) ]
TOTAL THIS MO. 981 CLEAR (SCALE 0-3) 10
DPTR FM NORMAL -50 PTCLDY (SCALE 4-7) 10
TOTAL FM JUL 1 3556 CLOUDY (SCALE 8-10) 11
DPTR FM NORMAL 17
[CDD (BASE 65) ]
TOTAL THIS MO. 0
DPTR FM NORMAL 0 [PRESSURE DATA]
TOTAL FM JAN 1 0 HIGHEST SLP 30.65 ON 25
DPTR FM NORMAL 0 LOWEST SLP 29.41 ON 15
[REMARKS]
#FINAL-01-23#