000
CXUS56 KPDT 020532
CF6YKM
PRELIMINARY LOCAL CLIMATOLOGICAL DATA (WS FORM: F-6)
STATION: YAKIMA WA
MONTH: JUNE
YEAR: 2020
LATITUDE: 46 34 N
LONGITUDE: 120 32 W
TEMPERATURE IN F: :PCPN: SNOW: WIND :SUNSHINE: SKY :PK WND
================================================================================
1 2 3 4 5 6A 6B 7 8 9 10 11 12 13 14 15 16 17 18
12Z AVG MX 2MIN
DY MAX MIN AVG DEP HDD CDD WTR SNW DPTH SPD SPD DIR MIN PSBL S-S WX SPD DR
================================================================================
1 79 49 64 3 1 0 0.00 M M 6.3 10 320 M M 0 17 360
2 82 42 62 1 3 0 0.00 M M 7.3 24 310 M M 1 28 290
3 81 55 68 6 0 3 0.00 M M 6.2 23 320 M M 0 29 310
4 79 48 64 2 1 0 0.00 M M 7.9 18 310 M M 1 23 310
5 74 53 64 2 1 0 0.00 M M 6.8 16 310 M M 3 22 310
6 71 45 58 -4 7 0 T M M 7.9 23 310 M M 2 28 310
7 70 41 56 -6 9 0 0.00 M M 11.0 25 270 M M 3 33 270
8 68 48 58 -4 7 0 T M M 10.7 24 300 M M 1 31 290
9 74 50 62 0 3 0 0.02 M M 5.5 18 190 M M 6 24 190
10 84 46 65 2 0 0 0.00 M M 6.8 20 210 M M 3 8 24 230
11 83 55 69 6 0 4 0.05 M M 6.3 24 360 M M 3 29 360
12 80 58 69 6 0 4 T M M 7.8 23 330 M M 5 28 320
13 72 50 61 -2 4 0 T M M 11.3 25 270 M M 6 30 270
14 73 40 57 -6 8 0 0.00 M M 4.8 16 270 M M 2 20 310
15 67 51 59 -5 6 0 0.08 M M 5.8 15 300 M M 9 20 300
16 70 46 58 -6 7 0 0.00 M M 6.9 21 320 M M 5 27 320
17 83 52 68 4 0 3 0.00 M M 11.2 24 320 M M 1 8 30 310
18 85 55 70 6 0 5 0.00 M M 5.3 15 330 M M 1 19 340
19 90 54 72 8 0 7 0.00 M M 5.9 14 340 M M 1 18 140
20 81 61 71 6 0 6 T M M 7.4 22 200 M M 6 26 290
21 87 50 69 4 0 4 0.00 M M 6.6 17 330 M M 0 23 340
22 92 49 71 6 0 6 0.00 M M 4.4 12 90 M M 0 16 280
23 97 57 77 12 0 12 0.00 M M 6.4 14 10 M M 0 18 150
24 90 64 77 11 0 12 0.00 M M 11.9 28 320 M M 0 36 310
25 91 66 79 13 0 14 0.00 M M 6.5 15 330 M M 0 19 220
26 98 57 78 12 0 13 0.00 M M 6.3 17 320 M M 0 21 310
27 82 57 70 4 0 5 0.00 M M 12.1 23 290 M M 0 29 270
28 75 54 65 -2 0 0 0.09 M M 11.2 25 300 M M 5 32 310
29 87 62 75 8 0 10 0.00 M M 14.2 28 320 M M 1 36 320
30 79 55 67 0 0 2 0.00 M M 14.9 26 280 M M 0 34 290
================================================================================
SM 2424 1570 57 110 0.24 M 243.6 M 65
================================================================================
AV 80.8 52.3 8.1 FASTST M M 2 MAX(MPH)
MISC ----> # 28 320 # 36 310
================================================================================
NOTES:
# LAST OF SEVERAL OCCURRENCES
COLUMN 17 PEAK WIND IN M.P.H.
PRELIMINARY LOCAL CLIMATOLOGICAL DATA (WS FORM: F-6) , PAGE 2
STATION: YAKIMA WA
MONTH: JUNE
YEAR: 2020
LATITUDE: 46 34 N
LONGITUDE: 120 32 W
[TEMPERATURE DATA] [PRECIPITATION DATA] SYMBOLS USED IN COLUMN 16
AVERAGE MONTHLY: 66.6 TOTAL FOR MONTH: 0.24 1 = FOG OR MIST
DPTR FM NORMAL: 2.7 DPTR FM NORMAL: -0.38 2 = FOG REDUCING VISIBILITY
HIGHEST: 98 ON 26 GRTST 24HR 0.09 ON 28-28 TO 1/4 MILE OR LESS
LOWEST: 40 ON 14 3 = THUNDER
SNOW, ICE PELLETS, HAIL 4 = ICE PELLETS
TOTAL MONTH: M 5 = HAIL
GRTST 24HR M ON M 6 = FREEZING RAIN OR DRIZZLE
GRTST DEPTH: M ON M 7 = DUSTSTORM OR SANDSTORM:
VSBY 1/2 MILE OR LESS
8 = SMOKE OR HAZE
[NO. OF DAYS WITH] [WEATHER - DAYS WITH] 9 = BLOWING SNOW
X = TORNADO
MAX 32 OR BELOW: 0 0.01 INCH OR MORE: 4
MAX 90 OR ABOVE: 6 0.10 INCH OR MORE: 0
MIN 32 OR BELOW: 0 0.50 INCH OR MORE: 0
MIN 0 OR BELOW: 0 1.00 INCH OR MORE: 0
[HDD (BASE 65) ]
TOTAL THIS MO. 57 CLEAR (SCALE 0-3) 22
DPTR FM NORMAL -41 PTCLDY (SCALE 4-7) 7
TOTAL FM JUL 1 5558 CLOUDY (SCALE 8-10) 1
DPTR FM NORMAL -484
[CDD (BASE 65) ]
TOTAL THIS MO. 110
DPTR FM NORMAL 45 [PRESSURE DATA]
TOTAL FM JAN 1 141 HIGHEST SLP 30.18 ON 18
DPTR FM NORMAL 56 LOWEST SLP 29.59 ON 5
[REMARKS]
#FINAL-06-20#