000
CXUS55 KBOU 260215
CF633V
PRELIMINARY LOCAL CLIMATOLOGICAL DATA (WS FORM: F-6)

                                          STATION:   Walden
                                          MONTH:     AUGUST
                                          YEAR:      2015
                                          LATITUDE:   40 45 N
                                          LONGITUDE: 106 16 W

  TEMPERATURE IN F:       :PCPN:    SNOW:  WIND      :SUNSHINE: SKY     :PK WND
================================================================================
1   2   3   4   5  6A  6B    7    8   9   10  11  12  13   14  15   16   17  18
                                     12Z  AVG MX 2MIN
DY MAX MIN AVG DEP HDD CDD  WTR  SNW DPTH SPD SPD DIR MIN PSBL S-S WX    SPD DR
================================================================================

 1  81  39  60   M   5   0    M    M    M  4.7  8 320   M    M   2         M  M
 2  79  41  60   M   5   0    M    M    M  6.0 15 160   M    M   3        20  70
 3  72  50  61   M   4   0    M    M    M  5.8 20 210   M    M   7        24 210
 4  73  45  59   M   6   0    M    M    M 13.2 22 260   M    M   5        30 270
 5  79  36  58   M   7   0    M    M    M  8.8 22 230   M    M   2        30 210
 6  73  41  57   M   8   0    M    M    M 10.0 22 240   M    M   0        29 240
 7  70  37  54   M  11   0    M    M    M  5.1 23 160   M    M   4        37 160
 8  73  43  58   M   7   0    M    M    M  9.8 22 250   M    M   3        31 250
 9  73  41  57   M   8   0    M    M    M  8.4 17 260   M    M   3        27 250
10  79  34  57   M   8   0    M    M    M  4.5 10 140   M    M   0         M  M
11  77  46  62   M   3   0    M    M    M  6.5 23 160   M    M   5        30 160
12  77  43  60   M   5   0    M    M    M  7.9 15 220   M    M   4        23 220
13  79  45  62   M   3   0    M    M    M  5.2 12 330   M    M   4        16 330
14  79  41  60   M   5   0    M    M    M  5.6 14  10   M    M   1        22 190
15  81  43  62   M   3   0    M    M    M  7.5 20 330   M    M   3        31 330
16  73  43  58   M   7   0    M    M    M  6.1 14 170   M    M   2        22 230
17  77  39  58   M   7   0    M    M    M  8.5 22 250   M    M   2        30 250
18  66  36  51   M  14   0    M    M    M  9.0 21 270   M    M   4        25 270
19  64  30  47   M  18   0    M    M    M  6.0 13 260   M    M   1        23 240
20  73  36  55   M  10   0    M    M    M  7.0 12 270   M    M   0        25 250
21  79  34  57   M   8   0    M    M    M 11.1 25 250   M    M   1        36 240
22  77  45  61   M   4   0    M    M    M 11.7 18 250   M    M   1        33 280
23  77  30  54   M  11   0    M    M    M  6.1 15 340   M    M   0        25 300
24  79  37  58   M   7   0    M    M    M  7.5 21 310   M    M   2        24 310
================================================================================
SM 1810  955       174   0    M     M    182.0          M       59
================================================================================
AV 75.4 39.8                               7.6 FASTST   M    M   2    MAX(MPH)
                                 MISC ---->    25   M                 37    M
================================================================================
NOTES:
# LAST OF SEVERAL OCCURRENCES

COLUMN 17 PEAK WIND IN M.P.H.

PRELIMINARY LOCAL CLIMATOLOGICAL DATA (WS FORM: F-6) , PAGE 2

                                          STATION:  Walden
                                          MONTH:    AUGUST
                                          YEAR:     2015
                                          LATITUDE:   40 45 N
                                          LONGITUDE: 106 16 W

[TEMPERATURE DATA]      [PRECIPITATION DATA]       SYMBOLS USED IN COLUMN 16

AVERAGE MONTHLY: 57.6   TOTAL FOR MONTH:      M    1 = FOG OR MIST
DPTR FM NORMAL:     M   DPTR FM NORMAL:       M    2 = FOG REDUCING VISIBILITY
HIGHEST:    81 ON 15, 1 GRTST 24HR    M  ON   M        TO 1/4 MILE OR LESS
LOWEST:     30 ON 23,19                            3 = THUNDER
                        SNOW, ICE PELLETS, HAIL    4 = ICE PELLETS
                        TOTAL MONTH:    M          5 = HAIL
                        GRTST 24HR    M  ON   M    6 = FREEZING RAIN OR DRIZZLE
                        GRTST DEPTH:  M  ON   M    7 = DUSTSTORM OR SANDSTORM:
                                                       VSBY 1/2 MILE OR LESS
                                                   8 = SMOKE OR HAZE
[NO. OF DAYS WITH]      [WEATHER - DAYS WITH]      9 = BLOWING SNOW
                                                   X = TORNADO
MAX 32 OR BELOW:   0    0.01 INCH OR MORE:   0
MAX 90 OR ABOVE:   0    0.10 INCH OR MORE:   0
MIN 32 OR BELOW:   2    0.50 INCH OR MORE:   0
MIN  0 OR BELOW:   0    1.00 INCH OR MORE:   0

[HDD (BASE 65) ]
TOTAL THIS MO.   174    CLEAR  (SCALE 0-3)  16
DPTR FM NORMAL     M    PTCLDY (SCALE 4-7)   8
TOTAL FM JUL 1   404    CLOUDY (SCALE 8-10)  0
DPTR FM NORMAL     M

[CDD (BASE 65) ]
TOTAL THIS MO.     0
DPTR FM NORMAL     M    [PRESSURE DATA]
TOTAL FM JAN 1     0    HIGHEST SLP M ON M
DPTR FM NORMAL     M    LOWEST  SLP M ON M

[REMARKS]
