000
CXUS54 KEWX 200910
CF63T5
PRELIMINARY LOCAL CLIMATOLOGICAL DATA (WS FORM: F-6)

                                          STATION:   LA GRANGE
                                          MONTH:     JANUARY
                                          YEAR:      2017
                                          LATITUDE:   29 54 N
                                          LONGITUDE:  96 57 W

  TEMPERATURE IN F:       :PCPN:    SNOW:  WIND      :SUNSHINE: SKY     :PK WND
================================================================================
1   2   3   4   5  6A  6B    7    8   9   10  11  12  13   14  15   16   17  18
                                     12Z  AVG MX 2MIN
DY MAX MIN AVG DEP HDD CDD  WTR  SNW DPTH SPD SPD DIR MIN PSBL S-S WX    SPD DR
================================================================================

 1  70  58  64   M   1   0 0.00    M    M  1.8  6 140   M    M   7 1       M  M
 2  75  51  63   M   2   0 0.26    M    M  5.0 18 320   M    M   3 13     24 320
 3  78  45  62   M   3   0 0.00    M    M  5.9 16 360   M    M   0        23 360
 4  48  39  44   M  21   0 0.00    M    M  5.8 13 350   M    M   4        20 350
 5  64  39  52   M  13   0 0.00    M    M  6.2 17  20   M    M  10 1      23  20
 6  39  25  32   M  33   0 0.03    M    M 13.3 17 360   M    M   8        25  10
 7  42  21  32   M  33   0 0.00    M    M  7.4 17 350   M    M   0        27 350
 8  54  20  37   M  28   0 0.00    M    M  3.8 10 160   M    M   1         M  M
 9  74  46  60   M   5   0 0.00    M    M  7.1 16 200   M    M   6        22 200
10  81  62  72   M   0   7 0.00    M    M 12.2 24 210   M    M   5        33 210
11  81  66  74   M   0   9 0.00    M    M 14.1 22 190   M    M   9        32 180
12  82  69  76   M   0  11 0.00    M    M 10.1 14 170   M    M  10        21 170
13  83  68  76   M   0  11 0.00    M    M  6.7 12 160   M    M   9        17 150
14  70  58  64   M   1   0 0.00    M    M  3.6  9 340   M    M   8 18      M  M
15  78  59  69   M   0   4 0.08    M    M  7.5 21 160   M    M  10 1      29 160
16  73  60  67   M   0   2 0.85    M    M  2.8 10 170   M    M  10 1       M  M
17  61  54  58   M   7   0 0.81    M    M  7.0 12  30   M    M  10 1      16  20
18  55  51  53   M  12   0 0.39    M    M  6.0 12 330   M    M  10 13      M  M
19  66  53  60   M   5   0 0.14    M    0  4.6  9 180   M    M   8 1       M  M
================================================================================
SM 1274  944       164  44  2.56    M    130.9          M      128
================================================================================
AV 67.1 49.7                               6.9 FASTST   M    M   7    MAX(MPH)
                                 MISC ---->    24   M                 33    M
================================================================================
NOTES:
# LAST OF SEVERAL OCCURRENCES

COLUMN 17 PEAK WIND IN M.P.H.

PRELIMINARY LOCAL CLIMATOLOGICAL DATA (WS FORM: F-6) , PAGE 2

                                          STATION:  LA GRANGE
                                          MONTH:    JANUARY
                                          YEAR:     2017
                                          LATITUDE:   29 54 N
                                          LONGITUDE:  96 57 W

[TEMPERATURE DATA]      [PRECIPITATION DATA]       SYMBOLS USED IN COLUMN 16

AVERAGE MONTHLY: 58.4   TOTAL FOR MONTH:   2.56    1 = FOG OR MIST
DPTR FM NORMAL:     M   DPTR FM NORMAL:       M    2 = FOG REDUCING VISIBILITY
HIGHEST:    83 ON 13    GRTST 24HR  0.85 ON 16-16      TO 1/4 MILE OR LESS
LOWEST:     20 ON  8                               3 = THUNDER
                        SNOW, ICE PELLETS, HAIL    4 = ICE PELLETS
                        TOTAL MONTH:    M          5 = HAIL
                        GRTST 24HR    M  ON   M    6 = FREEZING RAIN OR DRIZZLE
                        GRTST DEPTH:   0           7 = DUSTSTORM OR SANDSTORM:
                                                       VSBY 1/2 MILE OR LESS
                                                   8 = SMOKE OR HAZE
[NO. OF DAYS WITH]      [WEATHER - DAYS WITH]      9 = BLOWING SNOW
                                                   X = TORNADO
MAX 32 OR BELOW:   0    0.01 INCH OR MORE:   7
MAX 90 OR ABOVE:   0    0.10 INCH OR MORE:   5
MIN 32 OR BELOW:   3    0.50 INCH OR MORE:   2
MIN  0 OR BELOW:   0    1.00 INCH OR MORE:   0

[HDD (BASE 65) ]
TOTAL THIS MO.   164    CLEAR  (SCALE 0-3)   3
DPTR FM NORMAL     M    PTCLDY (SCALE 4-7)   8
TOTAL FM JUL 1   504    CLOUDY (SCALE 8-10)  8
DPTR FM NORMAL     M

[CDD (BASE 65) ]
TOTAL THIS MO.    44
DPTR FM NORMAL     M    [PRESSURE DATA]
TOTAL FM JAN 1    44    HIGHEST SLP M ON M
DPTR FM NORMAL     M    LOWEST  SLP M ON M

[REMARKS]
