000
CXUS55 KABR 301400
CF68D3
PRELIMINARY LOCAL CLIMATOLOGICAL DATA (WS FORM: F-6)

                                          STATION:   SISSETON SD
                                          MONTH:     JUNE
                                          YEAR:      2015
                                          LATITUDE:   45 40 N
                                          LONGITUDE:  96 59 W

  TEMPERATURE IN F:       :PCPN:    SNOW:  WIND      :SUNSHINE: SKY     :PK WND
================================================================================
1   2   3   4   5  6A  6B    7    8   9   10  11  12  13   14  15   16   17  18
                                     12Z  AVG MX 2MIN
DY MAX MIN AVG DEP HDD CDD  WTR  SNW DPTH SPD SPD DIR MIN PSBL S-S WX    SPD DR
================================================================================

 1  80  53  67   5   0   2 0.00  0.0    0 15.8 26 190   M    M   0        32 180
 2  85  58  72  10   0   7 0.01  0.0    0 17.3 31 190   M    M   0        38 210
 3  73  56  65   2   0   0 0.00  0.0    0 13.0 33 250   M    M   0        44 240
 4  73  56  65   2   0   0 0.00  0.0    0  8.9 18  30   M    M   0        22  20
 5  77  58  68   5   0   3 0.00  0.0    0  7.6 15 150   M    M   0        19 150
 6  83  61  72   8   0   7 0.11  0.0    0 11.0 26 200   M    M   0 3      34 200
 7  86  60  73   9   0   8 0.01  0.0    0 11.9 29 330   M    M   0        40 300
 8  88  58  73   9   0   8 0.00  0.0    0  8.8 21 320   M    M   0        27 330
 9  97  59  78  14   0  13 0.00  0.0    M 10.3 32  10   M    M   0        40  10
10  76  55  66   1   0   1 0.00  0.0    M  6.7 16  30   M    M   0        20  30
11  77  56  67   2   0   2 0.00  0.0    M  6.9 18  70   M    M   0        23  60
12  82  49  66   1   0   1 0.00  0.0    M  7.8 21 150   M    M   0        31 150
13  81  54  68   2   0   3 0.00  0.0    0  8.8 20 170   M    M   0        24 160
14  76  59  68   2   0   3 0.08  0.0    0  9.6 30 340   M    M   0        38 330
15  77  53  65  -1   0   0 0.00  0.0    0 10.7 25 360   M    M   0        33 360
16  64  51  58  -8   7   0 0.45  0.0    0  7.5 17 100   M    M   0        21  90
17  66  53  60  -6   5   0 0.00  0.0    M  7.0 16  30   M    M   0        18  30
18  72  53  63  -4   2   0 0.00  0.0    0  5.0 15  10   M    M   0        19  20
19  82  53  68   1   0   3 0.17  0.0    0 10.6 24 200   M    M   0 3      29 220
20  81  63  72   5   0   7 0.23  0.0    0  8.1 21 350   M    M   0        25 140
21  87  57  72   4   0   7 0.00  0.0    0  6.1 14 150   M    M   0        18 270
22  76  59  68   0   0   3 0.32  0.0    0 14.5 32 350   M    M   0 3      39 340
23  81  54  68   0   0   3 0.00  0.0    0  8.3 18 280   M    M   0        27 290
24  83  58  71   3   0   6 0.00  0.0    0  6.9 29  20   M    M   0        35  20
25  82  59  71   3   0   6 0.00  0.0    0  4.9 12  30   M    M   0        15  40
26  85  59  72   3   0   7 0.00  0.0    0  5.3 14  20   M    M   0        25  80
27  88  56  72   3   0   7 0.00  0.0    0  7.8 18 250   M    M   0        23 250
28  85  61  73   4   0   8 0.00  0.0    0 12.1 20 360   M    M   0        24 320
29  83  62  73   4   0   8 0.00  0.0    0  8.8 16 350   M    M   0        21 320
================================================================================
SM 2326 1643        14 123  1.38     0.0 268.0          M        0
================================================================================
AV 80.2 56.7                               9.2 FASTST   M    M   0    MAX(MPH)
                                 MISC ---->  # 33 250               # 44  240
================================================================================
NOTES:
# LAST OF SEVERAL OCCURRENCES

COLUMN 17 PEAK WIND IN M.P.H.

PRELIMINARY LOCAL CLIMATOLOGICAL DATA (WS FORM: F-6) , PAGE 2

                                          STATION:  SISSETON SD
                                          MONTH:    JUNE
                                          YEAR:     2015
                                          LATITUDE:   45 40 N
                                          LONGITUDE:  96 59 W

[TEMPERATURE DATA]      [PRECIPITATION DATA]       SYMBOLS USED IN COLUMN 16

AVERAGE MONTHLY: 68.4   TOTAL FOR MONTH:   1.38    1 = FOG OR MIST
DPTR FM NORMAL:   2.5   DPTR FM NORMAL:   -2.27    2 = FOG REDUCING VISIBILITY
HIGHEST:    97 ON  9    GRTST 24HR  0.45 ON 16-16      TO 1/4 MILE OR LESS
LOWEST:     49 ON 12                               3 = THUNDER
                        SNOW, ICE PELLETS, HAIL    4 = ICE PELLETS
                        TOTAL MONTH:   0.0 INCH    5 = HAIL
                        GRTST 24HR     0.0         6 = FREEZING RAIN OR DRIZZLE
                        GRTST DEPTH:   0           7 = DUSTSTORM OR SANDSTORM:
                                                       VSBY 1/2 MILE OR LESS
                                                   8 = SMOKE OR HAZE
[NO. OF DAYS WITH]      [WEATHER - DAYS WITH]      9 = BLOWING SNOW
                                                   X = TORNADO
MAX 32 OR BELOW:   0    0.01 INCH OR MORE:   8
MAX 90 OR ABOVE:   1    0.10 INCH OR MORE:   5
MIN 32 OR BELOW:   0    0.50 INCH OR MORE:   0
MIN  0 OR BELOW:   0    1.00 INCH OR MORE:   0

[HDD (BASE 65) ]
TOTAL THIS MO.    14    CLEAR  (SCALE 0-3)  29
DPTR FM NORMAL   -48    PTCLDY (SCALE 4-7)   0
TOTAL FM JUL 1  8045    CLOUDY (SCALE 8-10)  0
DPTR FM NORMAL  -238

[CDD (BASE 65) ]
TOTAL THIS MO.   123
DPTR FM NORMAL    33    [PRESSURE DATA]
TOTAL FM JAN 1   140    HIGHEST SLP M ON M
DPTR FM NORMAL    27    LOWEST  SLP 29.49 ON 20

[REMARKS]
