000
CXUS55 KABR 241400
CF68D3
PRELIMINARY LOCAL CLIMATOLOGICAL DATA (WS FORM: F-6)

                                          STATION:   SISSETON SD
                                          MONTH:     MAY
                                          YEAR:      2017
                                          LATITUDE:   45 40 N
                                          LONGITUDE:  96 59 W

  TEMPERATURE IN F:       :PCPN:    SNOW:  WIND      :SUNSHINE: SKY     :PK WND
================================================================================
1   2   3   4   5  6A  6B    7    8   9   10  11  12  13   14  15   16   17  18
                                     12Z  AVG MX 2MIN
DY MAX MIN AVG DEP HDD CDD  WTR  SNW DPTH SPD SPD DIR MIN PSBL S-S WX    SPD DR
================================================================================

 1  61  39  50  -2  15   0 0.02  0.0    0 14.6 29  20   M    M   0        34 360
 2  68  34  51  -1  14   0 0.00  0.0    0  7.3 15 260   M    M   0        20 330
 3  71  39  55   2  10   0 0.06  0.0    0  9.1 38 320   M    M   0        45 320
 4  74  38  56   3   9   0 0.00  0.0    0  7.3 22 320   M    M   0        29 320
 5  85  44  65  11   0   0 0.00  0.0    0 12.1 25  20   M    M   0        30  10
 6  78  41  60   6   5   0 0.00  0.0    0  6.6 15  80   M    M   0        18  80
 7  82  41  62   8   3   0 0.00  0.0    0 14.7 28 130   M    M   0        34 130
 8  74  53  64   9   1   0 0.00  0.0    0 14.7 25 350   M    M   0        33 170
 9  72  43  58   3   7   0 0.00  0.0    0 10.6 22  20   M    M   0        28  10
10  72  42  57   2   8   0 0.00  0.0    0 11.1 24 350   M    M   0        30 350
11  71  34  53  -3  12   0 0.00  0.0    0  6.7 16  20   M    M   0        22  10
12  85  48  67  11   0   2 0.00  0.0    0 10.8 26 280   M    M   0        31 280
13  86  45  66  10   0   1 0.00  0.0    0 11.4 25 190   M    M   0        33 200
14  87  56  72  15   0   7 0.00  0.0    0 10.2 23 330   M    M   0        29 340
15  81  58  70  13   0   5 0.00  0.0    0 10.4 23 350   M    M   0        26 350
16  75  56  66   8   0   1 0.01  0.0    0  9.1 21  40   M    M   0        27 350
17  56  51  54  -4  11   0 0.26  0.0    0 21.0 35  30   M    M   0        40  30
18  63  44  54  -4  11   0 0.11  0.0    0 17.7 30  10   M    M   0        36  10
19  57  41  49  -9  16   0 0.00  0.0    0  8.0 17 130   M    M   0        21  80
20  50  38  44 -15  21   0 0.51  0.0    0 13.3 26  70   M    M   0        32  60
21  56  40  48 -11  17   0 0.05  0.0    0 15.5 29 340   M    M   0        34 340
22  63  38  51  -8  14   0 0.03  0.0    0 10.4 24  10   M    M   0        27 360
23  58  41  50 -10  15   0 0.04  0.0    0 15.5 26  20   M    M   0        32  20
================================================================================
SM 1625 1004       189  16  1.09     0.0 268.1          M        0
================================================================================
AV 70.7 43.7                              11.7 FASTST   M    M   0    MAX(MPH)
                                 MISC ---->  # 38 320               # 45  320
================================================================================
NOTES:
# LAST OF SEVERAL OCCURRENCES

COLUMN 17 PEAK WIND IN M.P.H.

PRELIMINARY LOCAL CLIMATOLOGICAL DATA (WS FORM: F-6) , PAGE 2

                                          STATION:  SISSETON SD
                                          MONTH:    MAY
                                          YEAR:     2017
                                          LATITUDE:   45 40 N
                                          LONGITUDE:  96 59 W

[TEMPERATURE DATA]      [PRECIPITATION DATA]       SYMBOLS USED IN COLUMN 16

AVERAGE MONTHLY: 57.2   TOTAL FOR MONTH:   1.09    1 = FOG OR MIST
DPTR FM NORMAL:   1.2   DPTR FM NORMAL:   -0.93    2 = FOG REDUCING VISIBILITY
HIGHEST:    87 ON 14    GRTST 24HR  0.51 ON 20-20      TO 1/4 MILE OR LESS
LOWEST:     34 ON 11, 2                            3 = THUNDER
                        SNOW, ICE PELLETS, HAIL    4 = ICE PELLETS
                        TOTAL MONTH:   0.0 INCH    5 = HAIL
                        GRTST 24HR     0.0         6 = FREEZING RAIN OR DRIZZLE
                        GRTST DEPTH:   0           7 = DUSTSTORM OR SANDSTORM:
                                                       VSBY 1/2 MILE OR LESS
                                                   8 = SMOKE OR HAZE
[NO. OF DAYS WITH]      [WEATHER - DAYS WITH]      9 = BLOWING SNOW
                                                   X = TORNADO
MAX 32 OR BELOW:   0    0.01 INCH OR MORE:   9
MAX 90 OR ABOVE:   0    0.10 INCH OR MORE:   3
MIN 32 OR BELOW:   0    0.50 INCH OR MORE:   1
MIN  0 OR BELOW:   0    1.00 INCH OR MORE:   0

[HDD (BASE 65) ]
TOTAL THIS MO.   189    CLEAR  (SCALE 0-3)  23
DPTR FM NORMAL   -30    PTCLDY (SCALE 4-7)   0
TOTAL FM JUL 1  7103    CLOUDY (SCALE 8-10)  0
DPTR FM NORMAL -1075

[CDD (BASE 65) ]
TOTAL THIS MO.    16
DPTR FM NORMAL     2    [PRESSURE DATA]
TOTAL FM JAN 1    16    HIGHEST SLP M ON M
DPTR FM NORMAL     1    LOWEST  SLP 29.47 ON 16

[REMARKS]
