824
CXUS52 KTAE 230800
CF6AAF
PRELIMINARY LOCAL CLIMATOLOGICAL DATA (WS FORM: F-6)

                                          STATION:   APALACHICOLA
                                          MONTH:     AUGUST
                                          YEAR:      2016
                                          LATITUDE:   29 43 N
                                          LONGITUDE:  85  2 W

  TEMPERATURE IN F:       :PCPN:    SNOW:  WIND      :SUNSHINE: SKY     :PK WND
================================================================================
1   2   3   4   5  6A  6B    7    8   9   10  11  12  13   14  15   16   17  18
                                     12Z  AVG MX 2MIN
DY MAX MIN AVG DEP HDD CDD  WTR  SNW DPTH SPD SPD DIR MIN PSBL S-S WX    SPD DR
================================================================================

 1  90  74  82   0   0  17 0.34  0.0    0  3.0 25 260   M    M   2 13     37 260
 2  89  75  82   0   0  17 0.02  0.0    0  3.0 16  10   M    M   1 13     19  10
 3  91  76  84   2   0  19 0.05  0.0    0  4.6 15 270   M    M   1 13     19 260
 4  87  76  82   0   0  17 1.40  0.0    0  3.8 20 210   M    M   4 13     26 230
 5  81  76  79  -3   0  14 0.28  0.0    0  4.1 12 240   M    M   5 1      16 240
 6  89  74  82   0   0  17 1.24  0.0    0  3.1 16 250   M    M   4 13     22 250
 7  93  74  84   2   0  19 0.01  0.0    0  5.7 20 260   M    M   2 13     24 260
 8  86  76  81  -1   0  16 0.06  0.0    0  7.9 20 310   M    M   5 13     22 310
 9  82  77  80  -2   0  15 1.36  0.0    0  9.7 21 210   M    M   7 1      31 220
10  84  77  81  -1   0  16 1.69  0.0    0 11.4 23 180   M    M   7 13     29 180
11  88  78  83   1   0  18 0.32  0.0    0  7.1 16 180   M    M   3 1      20 190
12  89  77  83   1   0  18 0.34  0.0    0  9.1 18 230   M    M   3 1      23 230
13  89  76  83   1   0  18    T  0.0    0  7.3 15 190   M    M   1 3      20 170
14  90  81  86   4   0  21 0.00  0.0    0  8.5 15 150   M    M   1        19 150
15  90  75  83   1   0  18 0.02  0.0    0  6.8 16 140   M    M   3        22 140
16  91  77  84   2   0  19    T  0.0    0  6.5 16 150   M    M   1        20 150
17  90  77  84   2   0  19    T  0.0    0  5.5 14 150   M    M   2 3      18 140
18  90  75  83   1   0  18 0.00  0.0    0  4.8 13 130   M    M   1 3      16 120
19  90  74  82   0   0  17 0.00  0.0    0  4.5 13 220   M    M   1 3      17 240
20  91  75  83   1   0  18 0.00  0.0    0  4.8 15 210   M    M   1        19 210
21  92  76  84   2   0  19 0.00  0.0    0  5.8 16 260   M    M   0        21 260
22  92  75  84   2   0  19    T  0.0    0  4.6 16 310   M    M   1 3      19 310
================================================================================
SM 1954 1671         0 389  7.13     0.0 131.6          M       56
================================================================================
AV 88.8 76.0                               6.0 FASTST   M    M   3    MAX(MPH)
                                 MISC ---->  # 25 260               # 37  260
================================================================================
NOTES:
# LAST OF SEVERAL OCCURRENCES

COLUMN 17 PEAK WIND IN M.P.H.

PRELIMINARY LOCAL CLIMATOLOGICAL DATA (WS FORM: F-6) , PAGE 2

                                          STATION:  APALACHICOLA
                                          MONTH:    AUGUST
                                          YEAR:     2016
                                          LATITUDE:   29 43 N
                                          LONGITUDE:  85  2 W

[TEMPERATURE DATA]      [PRECIPITATION DATA]       SYMBOLS USED IN COLUMN 16

AVERAGE MONTHLY: 82.4   TOTAL FOR MONTH:   7.13    1 = FOG OR MIST
DPTR FM NORMAL:   0.4   DPTR FM NORMAL:    1.24    2 = FOG REDUCING VISIBILITY
HIGHEST:    93 ON  7    GRTST 24HR  2.07 ON  9-10      TO 1/4 MILE OR LESS
LOWEST:     74 ON 19, 7                            3 = THUNDER
                        SNOW, ICE PELLETS, HAIL    4 = ICE PELLETS
                        TOTAL MONTH:   0.0 INCH    5 = HAIL
                        GRTST 24HR     0.0         6 = FREEZING RAIN OR DRIZZLE
                        GRTST DEPTH:   0           7 = DUSTSTORM OR SANDSTORM:
                                                       VSBY 1/2 MILE OR LESS
                                                   8 = SMOKE OR HAZE
[NO. OF DAYS WITH]      [WEATHER - DAYS WITH]      9 = BLOWING SNOW
                                                   X = TORNADO
MAX 32 OR BELOW:   0    0.01 INCH OR MORE:  13
MAX 90 OR ABOVE:  12    0.10 INCH OR MORE:   8
MIN 32 OR BELOW:   0    0.50 INCH OR MORE:   4
MIN  0 OR BELOW:   0    1.00 INCH OR MORE:   4

[HDD (BASE 65) ]
TOTAL THIS MO.     0    CLEAR  (SCALE 0-3)  15
DPTR FM NORMAL     0    PTCLDY (SCALE 4-7)   7
TOTAL FM JUL 1     0    CLOUDY (SCALE 8-10)  0
DPTR FM NORMAL     0

[CDD (BASE 65) ]
TOTAL THIS MO.   389
DPTR FM NORMAL    15    [PRESSURE DATA]
TOTAL FM JAN 1  2015    HIGHEST SLP M ON M
DPTR FM NORMAL   233    LOWEST  SLP 29.81 ON  8

[REMARKS]
