000
CXUS52 KTAE 180800
CF6AAF
PRELIMINARY LOCAL CLIMATOLOGICAL DATA (WS FORM: F-6)

                                          STATION:   APALACHICOLA
                                          MONTH:     APRIL
                                          YEAR:      2014
                                          LATITUDE:   29 43 N
                                          LONGITUDE:  85  2 W

  TEMPERATURE IN F:       :PCPN:    SNOW:  WIND      :SUNSHINE: SKY     :PK WND
================================================================================
1   2   3   4   5  6A  6B    7    8   9   10  11  12  13   14  15   16   17  18
                                     12Z  AVG MX 2MIN
DY MAX MIN AVG DEP HDD CDD  WTR  SNW DPTH SPD SPD DIR MIN PSBL S-S WX    SPD DR
================================================================================

 1  74  46  60  -3   5   0 0.00  0.0    0  4.0 15 130   M    M   1 18     20 150
 2  75  53  64   1   1   0 0.00  0.0    0  4.2 12 170   M    M   3 12     16 150
 3  77  56  67   3   0   2 0.00  0.0    0  6.7 14 170   M    M   1 18     18 170
 4  78  68  73   9   0   8 0.00  0.0    0  9.1 16 170   M    M   5 12     20 170
 5  77  71  74  10   0   9    T  0.0    0  4.5 14 230   M    M   6 12     19 230
 6  76  69  73   9   0   8 0.00  0.0    0  9.2 18 160   M    M   8 12     23 160
 7  77  70  74  10   0   9 0.73  0.0    0 12.2 36 230   M    M   8 138    43 230
 8  70  59  65   0   0   0 0.36  0.0    0  9.9 26 290   M    M   3 1      33 310
 9  75  53  64  -1   1   0 0.00  0.0    0  8.9 20 320   M    M   2        26 330
10  75  51  63  -2   2   0 0.00  0.0    0  4.0 14 140   M    M   0 18     18 140
11  78  53  66   1   0   1 0.00  0.0    0  4.0 13 140   M    M   0 18     16 150
12  78  57  68   2   0   3 0.00  0.0    0  6.1 14 160   M    M   1 18     20 140
13  78  62  70   4   0   5 0.00  0.0    0  6.2 15 140   M    M   1 18     20 150
14  79  69  74   8   0   9 0.00  0.0    0  9.5 17 190   M    M   4        21 180
15  75  51  63  -3   2   0 0.92  0.0    0 14.9 24 260   M    M   7 138    40 250
16  68  43  56 -10   9   0 0.00  0.0    0 12.2 20 120   M    M   0        26 120
17  70  53  62  -5   3   0 0.30  0.0    0 12.5 20  70   M    M   9 13     24  90
================================================================================
SM 1280  984        23  54  2.31     0.0 138.1          M       59
================================================================================
AV 75.3 57.9                               8.1 FASTST   M    M   3    MAX(MPH)
                                 MISC ---->  # 36 230               # 43  230
================================================================================
NOTES:
# LAST OF SEVERAL OCCURRENCES

COLUMN 17 PEAK WIND IN M.P.H.

PRELIMINARY LOCAL CLIMATOLOGICAL DATA (WS FORM: F-6) , PAGE 2

                                          STATION:  APALACHICOLA
                                          MONTH:    APRIL
                                          YEAR:     2014
                                          LATITUDE:   29 43 N
                                          LONGITUDE:  85  2 W

[TEMPERATURE DATA]      [PRECIPITATION DATA]       SYMBOLS USED IN COLUMN 16

AVERAGE MONTHLY: 66.6   TOTAL FOR MONTH:   2.31    1 = FOG OR MIST
DPTR FM NORMAL:   1.7   DPTR FM NORMAL:    0.24    2 = FOG REDUCING VISIBILITY
HIGHEST:    79 ON 14    GRTST 24HR  1.09 ON  7- 8      TO 1/4 MILE OR LESS
LOWEST:     43 ON 16                               3 = THUNDER
                        SNOW, ICE PELLETS, HAIL    4 = ICE PELLETS
                        TOTAL MONTH:   0.0 INCH    5 = HAIL
                        GRTST 24HR     0.0         6 = FREEZING RAIN OR DRIZZLE
                        GRTST DEPTH:   0           7 = DUSTSTORM OR SANDSTORM:
                                                       VSBY 1/2 MILE OR LESS
                                                   8 = SMOKE OR HAZE
[NO. OF DAYS WITH]      [WEATHER - DAYS WITH]      9 = BLOWING SNOW
                                                   X = TORNADO
MAX 32 OR BELOW:   0    0.01 INCH OR MORE:   4
MAX 90 OR ABOVE:   0    0.10 INCH OR MORE:   4
MIN 32 OR BELOW:   0    0.50 INCH OR MORE:   2
MIN  0 OR BELOW:   0    1.00 INCH OR MORE:   0

[HDD (BASE 65) ]
TOTAL THIS MO.    23    CLEAR  (SCALE 0-3)   8
DPTR FM NORMAL   -17    PTCLDY (SCALE 4-7)   7
TOTAL FM JUL 1  1129    CLOUDY (SCALE 8-10)  2
DPTR FM NORMAL  -250

[CDD (BASE 65) ]
TOTAL THIS MO.    54
DPTR FM NORMAL    15    [PRESSURE DATA]
TOTAL FM JAN 1    87    HIGHEST SLP M ON M
DPTR FM NORMAL    12    LOWEST  SLP 29.69 ON  7

[REMARKS]
