000
CXUS56 KMFR 251000
CF6AAT
PRELIMINARY LOCAL CLIMATOLOGICAL DATA (WS FORM: F-6)

                                          STATION:   ALTURAS CA
                                          MONTH:     JANUARY
                                          YEAR:      2015
                                          LATITUDE:   41 29 N
                                          LONGITUDE: 120 34 W

  TEMPERATURE IN F:       :PCPN:    SNOW:  WIND      :SUNSHINE: SKY     :PK WND
================================================================================
1   2   3   4   5  6A  6B    7    8   9   10  11  12  13   14  15   16   17  18
                                     12Z  AVG MX 2MIN
DY MAX MIN AVG DEP HDD CDD  WTR  SNW DPTH SPD SPD DIR MIN PSBL S-S WX    SPD DR
================================================================================

 1  36   5  21  -8  44   0 0.00    M    M  0.8  6 160   M    M   0 18      8 180
 2  41   9  25  -4  40   0 0.00    M    M  0.3  6 280   M    M   0 18      9  80
 3  49  17  33   4  32   0 0.00    M    M  0.4  7  90   M    M   0 18      9  90
 4  49  27  38   9  27   0 0.00    M    M  1.7  8  80   M    M   4 18      9  80
 5  55  27  41  12  24   0 0.00    M    M  1.4  8  40   M    M   2 18      9 110
 6  63  26  45  16  20   0 0.00    M    M  1.8 10 150   M    M   0 18     12 150
 7  60  25  43  14  22   0 0.00    M    M  1.4 12  70   M    M   0 18     14  70
 8  57  21  39  10  26   0 0.00    M    M  1.0  8  70   M    M   0 18     10  70
 9  50  26  38   9  27   0 0.00    M    M  0.4  7 300   M    M   1 18      7  80
10  52  33  43  14  22   0    T    M    M  1.0  7 250   M    M   7 18      9  90
11  50  25  38   9  27   0    T    M    M  1.6  8 340   M    M   7 12     11 330
12  43  32  38   8  27   0 0.05    M    M  1.1  7  80   M    M   9 1       9  70
13  44  24  34   4  31   0 0.00    M    M  2.8 13  60   M    M   5 128    16  60
14  50  18  34   4  31   0 0.00    M    M  4.6 15 170   M    M   0 18     20 160
15  46  27  37   7  28   0 0.00    M    M  4.6 21 170   M    M   6 18     25 170
16  47  31  39   9  26   0 0.02    M    M  6.1 22 180   M    M   7 1      26 180
17  54  32  43  13  22   0 0.01    M    M  6.8 20 170   M    M   8 1      24 160
18  53  34  44  14  21   0 0.03    M    M  6.9 21 260   M    M   8 1      26 250
19  49  24  37   7  28   0 0.00    M    M  1.5  8  20   M    M   3 128    10  10
20  49  19  34   4  31   0 0.00    M    M  2.3  8  10   M    M   M         M  M
21  50  16  33   3  32   0 0.00    M    M  1.9 10 130   M    M   0 18     16 140
22  46  21  34   4  31   0 0.00    M    M  1.6 10  50   M    M   3 18     13  60
23  56  20  38   8  27   0 0.00    M    M  1.2  8  70   M    M   0 18     10  70
24  60  23  42  12  23   0 0.00    M    M  1.3 10  80   M    M   0 18     13  90
================================================================================
SM 1209  562       669   0  0.11    M     54.5          M       70
================================================================================
AV 50.4 23.4                               2.3 FASTST   M    M   3    MAX(MPH)
                                 MISC ---->  # 22 180               # 26  180
================================================================================
NOTES:
# LAST OF SEVERAL OCCURRENCES

COLUMN 17 PEAK WIND IN M.P.H.

PRELIMINARY LOCAL CLIMATOLOGICAL DATA (WS FORM: F-6) , PAGE 2

                                          STATION:  ALTURAS CA
                                          MONTH:    JANUARY
                                          YEAR:     2015
                                          LATITUDE:   41 29 N
                                          LONGITUDE: 120 34 W

[TEMPERATURE DATA]      [PRECIPITATION DATA]       SYMBOLS USED IN COLUMN 16

AVERAGE MONTHLY: 36.9   TOTAL FOR MONTH:   0.11    1 = FOG OR MIST
DPTR FM NORMAL:   7.4   DPTR FM NORMAL:   -1.24    2 = FOG REDUCING VISIBILITY
HIGHEST:    63 ON  6    GRTST 24HR  0.05 ON 12-12      TO 1/4 MILE OR LESS
LOWEST:      5 ON  1                               3 = THUNDER
                        SNOW, ICE PELLETS, HAIL    4 = ICE PELLETS
                        TOTAL MONTH:    M          5 = HAIL
                        GRTST 24HR    M  ON   M    6 = FREEZING RAIN OR DRIZZLE
                        GRTST DEPTH:  M  ON   M    7 = DUSTSTORM OR SANDSTORM:
                                                       VSBY 1/2 MILE OR LESS
                                                   8 = SMOKE OR HAZE
[NO. OF DAYS WITH]      [WEATHER - DAYS WITH]      9 = BLOWING SNOW
                                                   X = TORNADO
MAX 32 OR BELOW:   0    0.01 INCH OR MORE:   4
MAX 90 OR ABOVE:   0    0.10 INCH OR MORE:   0
MIN 32 OR BELOW:  22    0.50 INCH OR MORE:   0
MIN  0 OR BELOW:   0    1.00 INCH OR MORE:   0

[HDD (BASE 65) ]
TOTAL THIS MO.   669    CLEAR  (SCALE 0-3)  14
DPTR FM NORMAL  -183    PTCLDY (SCALE 4-7)   8
TOTAL FM JUL 1  2813    CLOUDY (SCALE 8-10)  1
DPTR FM NORMAL  -949

[CDD (BASE 65) ]
TOTAL THIS MO.     0
DPTR FM NORMAL     0    [PRESSURE DATA]
TOTAL FM JAN 1     0    HIGHEST SLP M ON M
DPTR FM NORMAL     0    LOWEST  SLP 30.03 ON 10

[REMARKS]
