000
CXUS51 KPHI 260800
CF6ABE
PRELIMINARY LOCAL CLIMATOLOGICAL DATA (WS FORM: F-6)

                                          STATION:   ALLENTOWN PA
                                          MONTH:     JULY
                                          YEAR:      2017
                                          LATITUDE:   40 39 N
                                          LONGITUDE:  75 26 W

  TEMPERATURE IN F:       :PCPN:    SNOW:  WIND      :SUNSHINE: SKY     :PK WND
================================================================================
1   2   3   4   5  6A  6B    7    8   9   10  11  12  13   14  15   16   17  18
                                     12Z  AVG MX 2MIN
DY MAX MIN AVG DEP HDD CDD  WTR  SNW DPTH SPD SPD DIR MIN PSBL S-S WX    SPD DR
================================================================================

 1  87  67  77   4   0  12 1.60  0.0    0  8.9 46 300   M    M   6 13     65 290
 2  88  67  78   5   0  13    T  0.0    0  6.0 16 230   M    M   1 1      22 250
 3  87  64  76   3   0  11 0.00  0.0    0  6.1 17 240   M    M   1        21 240
 4  86  67  77   4   0  12    T  0.0    0  3.2 10 350   M    M   4        13 350
 5  86  68  77   4   0  12    T  0.0    0  7.9 14 170   M    M   8        24 140
 6  78  69  74   1   0   9 0.02  0.0    0  7.0 12 140   M    M   6        16 120
 7  86  68  77   4   0  12 1.78  0.0    0  8.3 21 260   M    M   5 18     27 260
 8  83  63  73   0   0   8 0.24  0.0    0  6.8 25 270   M    M   3 18     33 280
 9  81  59  70  -4   0   5 0.00  0.0    0  5.3 13 250   M    M   1        16 240
10  86  58  72  -2   0   7    T  0.0    0  5.2 17 260   M    M   3        27 180
11  86  67  77   3   0  12    T  0.0    0  5.7 16 250   M    M   6 18     20 260
12  87  71  79   5   0  14    T  0.0    0  8.1 21 240   M    M   1        28 240
13  87  69  78   4   0  13 0.63  0.0    0  5.6 18 320   M    M   3 138    25 320
14  78  70  74   0   0   9 0.69  0.0    0  4.4 13 150   M    M   9 13     19  80
15  84  66  75   1   0  10    T  0.0    0  4.8 14 250   M    M   6 1      18 240
16  86  60  73  -1   0   8 0.00  0.0    0  3.9 10 240   M    M   1        13 230
17  89  65  77   3   0  12    T  0.0    0  4.3 13  90   M    M   1 13     17 150
18  90  69  80   6   0  15 0.00  0.0    0  4.2 13 190   M    M   6        16 190
19  93  70  82   8   0  17 0.00  0.0    0  4.9 14 270   M    M   1 128    18 230
20  94  71  83   9   0  18 0.21  0.0    0  5.7 28 320   M    M   0 138    41 300
21  91  70  81   7   0  16 0.00  0.0    0  4.8 14 240   M    M   1 1      17 250
22  91  70  81   7   0  16 1.29  0.0    0  3.1 12 350   M    M   3 18     14 290
23  84  72  78   4   0  13 0.17  0.0    0  5.9 14 110   M    M   8 1      20 140
24  84  67  76   2   0  11 0.85  0.0    0  8.4 17  60   M    M   9 13     24 320
25  76  66  71  -3   0   6 0.15  0.0    0  5.0 10 340   M    M  10 18     15 320
================================================================================
SM 2148 1673         0 291  7.63     0.0 143.5          M      103
================================================================================
AV 85.9 66.9                               5.7 FASTST   M    M   4    MAX(MPH)
                                 MISC ---->  # 46 300               # 65  290
================================================================================
NOTES:
# LAST OF SEVERAL OCCURRENCES

COLUMN 17 PEAK WIND IN M.P.H.

PRELIMINARY LOCAL CLIMATOLOGICAL DATA (WS FORM: F-6) , PAGE 2

                                          STATION:  ALLENTOWN PA
                                          MONTH:    JULY
                                          YEAR:     2017
                                          LATITUDE:   40 39 N
                                          LONGITUDE:  75 26 W

[TEMPERATURE DATA]      [PRECIPITATION DATA]       SYMBOLS USED IN COLUMN 16

AVERAGE MONTHLY: 76.4   TOTAL FOR MONTH:   7.63    1 = FOG OR MIST
DPTR FM NORMAL:   2.7   DPTR FM NORMAL:    3.64    2 = FOG REDUCING VISIBILITY
HIGHEST:    94 ON 20    GRTST 24HR  1.78 ON  7- 7      TO 1/4 MILE OR LESS
LOWEST:     58 ON 10                               3 = THUNDER
                        SNOW, ICE PELLETS, HAIL    4 = ICE PELLETS
                        TOTAL MONTH:   0.0 INCH    5 = HAIL
                        GRTST 24HR     0.0         6 = FREEZING RAIN OR DRIZZLE
                        GRTST DEPTH:   0           7 = DUSTSTORM OR SANDSTORM:
                                                       VSBY 1/2 MILE OR LESS
                                                   8 = SMOKE OR HAZE
[NO. OF DAYS WITH]      [WEATHER - DAYS WITH]      9 = BLOWING SNOW
                                                   X = TORNADO
MAX 32 OR BELOW:   0    0.01 INCH OR MORE:  11
MAX 90 OR ABOVE:   5    0.10 INCH OR MORE:  10
MIN 32 OR BELOW:   0    0.50 INCH OR MORE:   6
MIN  0 OR BELOW:   0    1.00 INCH OR MORE:   3

[HDD (BASE 65) ]
TOTAL THIS MO.     0    CLEAR  (SCALE 0-3)  11
DPTR FM NORMAL     0    PTCLDY (SCALE 4-7)  10
TOTAL FM JUL 1     0    CLOUDY (SCALE 8-10)  4
DPTR FM NORMAL     0

[CDD (BASE 65) ]
TOTAL THIS MO.   291
DPTR FM NORMAL    74    [PRESSURE DATA]
TOTAL FM JAN 1   559    HIGHEST SLP M ON M
DPTR FM NORMAL   142    LOWEST  SLP 29.71 ON 24

[REMARKS]
