581
CXUS51 KPHI 310800
CF6ABE
PRELIMINARY LOCAL CLIMATOLOGICAL DATA (WS FORM: F-6)

                                          STATION:   ALLENTOWN PA
                                          MONTH:     MAY
                                          YEAR:      2016
                                          LATITUDE:   40 39 N
                                          LONGITUDE:  75 26 W

  TEMPERATURE IN F:       :PCPN:    SNOW:  WIND      :SUNSHINE: SKY     :PK WND
================================================================================
1   2   3   4   5  6A  6B    7    8   9   10  11  12  13   14  15   16   17  18
                                     12Z  AVG MX 2MIN
DY MAX MIN AVG DEP HDD CDD  WTR  SNW DPTH SPD SPD DIR MIN PSBL S-S WX    SPD DR
================================================================================

 1  53  44  49  -6  16   0 0.24  0.0    0  5.0 12 100   M    M  10 18     15 120
 2  63  47  55  -1  10   0 0.45  0.0    0  3.3 16 260   M    M   9 18     20 260
 3  58  52  55  -1  10   0 0.21  0.0    0  6.8 13  60   M    M  10 18     15 100
 4  54  49  52  -4  13   0 0.38  0.0    0  6.7 13  80   M    M  10 18     16  90
 5  60  47  54  -2  11   0 0.00  0.0    0  8.7 14  70   M    M  10        18  50
 6  55  50  53  -4  12   0 0.66  0.0    0 10.4 22 100   M    M  10 18     31  80
 7  60  47  54  -3  11   0 0.01  0.0    0  3.5  9  80   M    M   8 1      13  80
 8  66  47  57   0   8   0 0.23  0.0    0  8.0 23 290   M    M   6 1      31 340
 9  71  40  56  -2   9   0 0.00  0.0    0  8.8 22 240   M    M   2        32 240
10  59  43  51  -7  14   0    T  0.0    0  3.6 10 240   M    M   4        15  40
11  71  42  57  -1   8   0 0.00  0.0    0  3.2 10 250   M    M   5 18     14 240
12  80  47  64   5   1   0 0.00  0.0    0  5.0 14 190   M    M   2 18     20 200
13  70  56  63   4   2   0 0.49  0.0    0  4.8 13 180   M    M   8 1238   17 170
14  74  47  61   2   4   0 0.14  0.0    0  6.3 26 260   M    M   6 12     37 270
15  55  41  48 -12  17   0 0.02  0.0    0 11.8 25 310   M    M   4        38 270
16  66  37  52  -8  13   0 0.00  0.0    0 11.2 23 300   M    M   1        35 310
17  63  46  55  -5  10   0    T  0.0    0  4.8 13 200   M    M   4        18 180
18  68  49  59  -1   6   0    T  0.0    0  3.6 13  60   M    M   9 1      21  40
19  73  49  61   0   4   0    T  0.0    0  4.9 14 320   M    M   6        18 320
20  77  41  59  -2   6   0 0.00  0.0    0  4.6  9 180   0    0   0         M  M
21  67  52  60  -2   5   0 0.25  0.0    0  5.2 15 110   M    M   7 1      20 110
22  70  52  61  -1   4   0    T  0.0    0  3.3 13  80   M    M   8        15  80
23  80  49  65   3   0   0 0.01  0.0    0  5.1 22 100   M    M   2 13     26  90
24  84  54  69   7   0   4 0.00  0.0    0  5.6 18 350   M    M   1 1      28 320
25  87  50  69   6   0   4 0.00  0.0    0  5.8 18 240   M    M   0 1      25 230
26  90  56  73  10   0   8 0.00  0.0    0  4.9 14 220   M    M   2 18     24 230
27  90  66  78  15   0  13 0.17  0.0    0  5.6 16 200   M    M   2 18     21 210
28  92  67  80  16   0  15 0.00  0.0    0  6.4 16 200   M    M   1        22 190
29  89  64  77  13   0  12 0.21  0.0    0  5.3 16 200   M    M   1 18     22 180
30  85  66  76  12   0  11 0.58  0.0    0  3.8 15 330   M    M   5 1      21 320
================================================================================
SM 2130 1497       194  67  4.05     0.0 176.0            0    153
================================================================================
AV 71.0 49.9                               5.9 FASTST    0   0   5    MAX(MPH)
                                 MISC ---->  # 26 260               # 38  270
================================================================================
NOTES:
# LAST OF SEVERAL OCCURRENCES

COLUMN 17 PEAK WIND IN M.P.H.

PRELIMINARY LOCAL CLIMATOLOGICAL DATA (WS FORM: F-6) , PAGE 2

                                          STATION:  ALLENTOWN PA
                                          MONTH:    MAY
                                          YEAR:     2016
                                          LATITUDE:   40 39 N
                                          LONGITUDE:  75 26 W

[TEMPERATURE DATA]      [PRECIPITATION DATA]       SYMBOLS USED IN COLUMN 16

AVERAGE MONTHLY: 60.5   TOTAL FOR MONTH:   4.05    1 = FOG OR MIST
DPTR FM NORMAL:   0.7   DPTR FM NORMAL:    0.06    2 = FOG REDUCING VISIBILITY
HIGHEST:    92 ON 28    GRTST 24HR  0.79 ON 29-30      TO 1/4 MILE OR LESS
LOWEST:     37 ON 16                               3 = THUNDER
                        SNOW, ICE PELLETS, HAIL    4 = ICE PELLETS
                        TOTAL MONTH:   0.0 INCH    5 = HAIL
                        GRTST 24HR     0.0         6 = FREEZING RAIN OR DRIZZLE
                        GRTST DEPTH:   0           7 = DUSTSTORM OR SANDSTORM:
                                                       VSBY 1/2 MILE OR LESS
                                                   8 = SMOKE OR HAZE
[NO. OF DAYS WITH]      [WEATHER - DAYS WITH]      9 = BLOWING SNOW
                                                   X = TORNADO
MAX 32 OR BELOW:   0    0.01 INCH OR MORE:  15
MAX 90 OR ABOVE:   3    0.10 INCH OR MORE:  12
MIN 32 OR BELOW:   0    0.50 INCH OR MORE:   2
MIN  0 OR BELOW:   0    1.00 INCH OR MORE:   0

[HDD (BASE 65) ]
TOTAL THIS MO.   194    CLEAR  (SCALE 0-3)  11
DPTR FM NORMAL    -1    PTCLDY (SCALE 4-7)  10
TOTAL FM JUL 1  4656    CLOUDY (SCALE 8-10)  9
DPTR FM NORMAL -1109

[CDD (BASE 65) ]
TOTAL THIS MO.    67
DPTR FM NORMAL    32    [PRESSURE DATA]
TOTAL FM JAN 1    76    HIGHEST SLP  0.00 ON 20
DPTR FM NORMAL    36    LOWEST  SLP 29.57 ON  6

[REMARKS]
