000
CXUS55 KABQ 271000
CF6ABQ
PRELIMINARY LOCAL CLIMATOLOGICAL DATA (WS FORM: F-6)

                                          STATION:   ALBUQUERQUE  NM
                                          MONTH:     AUGUST
                                          YEAR:      2014
                                          LATITUDE:   35  2 N
                                          LONGITUDE: 106 37 W

  TEMPERATURE IN F:       :PCPN:    SNOW:  WIND      :SUNSHINE: SKY     :PK WND
================================================================================
1   2   3   4   5  6A  6B    7    8   9   10  11  12  13   14  15   16   17  18
                                     12Z  AVG MX 2MIN
DY MAX MIN AVG DEP HDD CDD  WTR  SNW DPTH SPD SPD DIR MIN PSBL S-S WX    SPD DR
================================================================================

 1  81  61  71  -6   0   6 0.91  0.0    0  8.6 32  80   M    M   6 13     38  80
 2  79  62  71  -6   0   6 0.12  0.0    0 12.1 25 100   M    M   7        31 110
 3  81  63  72  -5   0   7 0.05  0.0    0  8.1 18  80   M    M   6        23  90
 4  83  61  72  -5   0   7 0.04  0.0    0  8.5 30  80   M    M   8 3      37  70
 5  85  62  74  -3   0   9 0.00  0.0    0  5.6 14 200   M    M   3        18 200
 6  90  65  78   1   0  13 0.00  0.0    0  4.8 13 210   M    M   2        17 220
 7  78  61  70  -7   0   5    T  0.0    0  8.4 28 160   M    M   6        32 160
 8  85  59  72  -5   0   7 0.00  0.0    0  5.0 14 190   M    M   2        17 250
 9  90  66  78   1   0  13 0.00  0.0    0  6.7 26 220   M    M   5 3      32 220
10  88  64  76  -1   0  11 0.01  0.0    0 11.8 28  80   M    M   5 3      32  90
11  87  66  77   0   0  12 0.00  0.0    0 12.1 30  80   M    M   3 3      35  90
12  88  68  78   1   0  13 0.00  0.0    0  6.9 18  80   M    M   4        21  80
13  83  68  76  -1   0  11 0.03  0.0    0  7.0 26 250   M    M   7 3      33 240
14  83  63  73  -3   0   8    T  0.0    0  6.6 18 250   M    M   7 3      23 250
15  88  64  76   0   0  11 0.02  0.0    0  5.7 20 140   M    M   7 3      22 140
16  93  65  79   3   0  14    T  0.0    0  6.9 26 110   M    M   5 3      32 120
17  92  68  80   4   0  15    T  0.0    0  7.0 26 100   M    M   4 3      32  90
18  92  63  78   2   0  13 0.00  0.0    0  5.9 15 190   M    M   4        20 270
19  90  65  78   2   0  13 0.00  0.0    0  7.2 22 290   M    M   6        29 270
20  87  66  77   1   0  12 0.00  0.0    0  6.1 17 290   M    M   5        22 280
21  88  62  75  -1   0  10 0.00  0.0    0  5.9 16 190   M    M   4        20 190
22  72  58  65 -11   0   0 0.20  0.0    0  6.8 24 290   M    M   8 1      32 280
23  82  58  70  -6   0   5 0.00  0.0    0  4.7 14 240   M    M   3        19 220
24  88  59  74  -2   0   9 0.00  0.0    0  4.6 17 220   M    M   2        21 220
25  88  62  75   0   0  10 0.00  0.0    0  6.8 22 200   M    M   4 3      27 200
26  80  63  72  -3   0   7 0.01  0.0    0  6.4 21 340   M    M   7 38     28 340
================================================================================
SM 2221 1642         0 247  1.39     0.0 186.2          M      130
================================================================================
AV 85.4 63.2                               7.2 FASTST   M    M   5    MAX(MPH)
                                 MISC ---->  # 32  80               # 38   80
================================================================================
NOTES:
# LAST OF SEVERAL OCCURRENCES

COLUMN 17 PEAK WIND IN M.P.H.

PRELIMINARY LOCAL CLIMATOLOGICAL DATA (WS FORM: F-6) , PAGE 2

                                          STATION:  ALBUQUERQUE  NM
                                          MONTH:    AUGUST
                                          YEAR:     2014
                                          LATITUDE:   35  2 N
                                          LONGITUDE: 106 37 W

[TEMPERATURE DATA]      [PRECIPITATION DATA]       SYMBOLS USED IN COLUMN 16

AVERAGE MONTHLY: 74.3   TOTAL FOR MONTH:   1.39    1 = FOG OR MIST
DPTR FM NORMAL:  -2.1   DPTR FM NORMAL:    0.02    2 = FOG REDUCING VISIBILITY
HIGHEST:    93 ON 16    GRTST 24HR  1.03 ON  1- 2      TO 1/4 MILE OR LESS
LOWEST:     58 ON 23,22                            3 = THUNDER
                        SNOW, ICE PELLETS, HAIL    4 = ICE PELLETS
                        TOTAL MONTH:   0.0 INCH    5 = HAIL
                        GRTST 24HR     0.0         6 = FREEZING RAIN OR DRIZZLE
                        GRTST DEPTH:   0           7 = DUSTSTORM OR SANDSTORM:
                                                       VSBY 1/2 MILE OR LESS
                                                   8 = SMOKE OR HAZE
[NO. OF DAYS WITH]      [WEATHER - DAYS WITH]      9 = BLOWING SNOW
                                                   X = TORNADO
MAX 32 OR BELOW:   0    0.01 INCH OR MORE:   9
MAX 90 OR ABOVE:   6    0.10 INCH OR MORE:   3
MIN 32 OR BELOW:   0    0.50 INCH OR MORE:   1
MIN  0 OR BELOW:   0    1.00 INCH OR MORE:   0

[HDD (BASE 65) ]
TOTAL THIS MO.     0    CLEAR  (SCALE 0-3)   5
DPTR FM NORMAL     0    PTCLDY (SCALE 4-7)  21
TOTAL FM JUL 1     0    CLOUDY (SCALE 8-10)  0
DPTR FM NORMAL     0

[CDD (BASE 65) ]
TOTAL THIS MO.   247
DPTR FM NORMAL   -50    [PRESSURE DATA]
TOTAL FM JAN 1  1184    HIGHEST SLP M ON M
DPTR FM NORMAL    76    LOWEST  SLP 29.67 ON 19

[REMARKS]
