000
CXUS52 KTAE 200800
CF6ABY
PRELIMINARY LOCAL CLIMATOLOGICAL DATA (WS FORM: F-6)

                                          STATION:   ALBANY
                                          MONTH:     OCTOBER
                                          YEAR:      2014
                                          LATITUDE:   31 31 N
                                          LONGITUDE:  84 11 W

  TEMPERATURE IN F:       :PCPN:    SNOW:  WIND      :SUNSHINE: SKY     :PK WND
================================================================================
1   2   3   4   5  6A  6B    7    8   9   10  11  12  13   14  15   16   17  18
                                     12Z  AVG MX 2MIN
DY MAX MIN AVG DEP HDD CDD  WTR  SNW DPTH SPD SPD DIR MIN PSBL S-S WX    SPD DR
================================================================================

 1  84  64  74   1   0   9 0.00  0.0    0  1.2  7 290   M    M   4         9 290
 2  87  65  76   3   0  11 0.00  0.0    0  1.6  9 120   M    M   2        12 130
 3  84  71  78   6   0  13 0.75  0.0    0  4.6 22 300   M    M   4 13     29 340
 4  73  50  62 -10   3   0 0.00  0.0    0  7.3 18 300   M    M   0        23 340
 5  73  45  59 -13   6   0 0.00  0.0    0  2.0 12 330   M    M   0        14 320
 6  79  48  64  -8   1   0 0.00  0.0    0  2.3 10 200   M    M   0        14 200
 7  84  53  69  -2   0   4 0.00  0.0    0  1.8 10 260   M    M   1        13 250
 8  86  65  76   5   0  11 0.00  0.0    0  1.2  8 320   M    M   4 12     12 190
 9  88  63  76   6   0  11 0.00  0.0    0  1.0  7 260   M    M   1         9 250
10  88  64  76   6   0  11 0.00  0.0    0  2.3 12 210   M    M   1 1      14 200
11  88  64  76   6   0  11 0.00  0.0    0  2.4 12 220   M    M   2 12     15 230
12  89  64  77   8   0  12 0.00  0.0    0  2.3 10 150   M    M   2        15 210
13  88  67  78   9   0  13 0.68  0.0    0  7.2 21 160   M    M   1        25 170
14  76  63  70   1   0   5 1.81  0.0    0  9.5 21 150   M    M   6 13     26 170
15  75  54  65  -3   0   0 0.00  0.0    0  3.7 15 250   M    M   1        20 240
16  76  50  63  -5   2   0 0.00  0.0    0  3.7 15 280   M    M   0        21 250
17  80  49  65  -3   0   0 0.00  0.0    0  1.8 10 230   M    M   0        21 240
18  84  53  69   2   0   4 0.00  0.0    0  4.1 14 250   M    M   1        18 240
19  75  51  63  -4   2   0 0.00  0.0    0  3.5 13  50   M    M   0        17  40
================================================================================
SM 1557 1103        14 115  3.24     0.0  63.5          M       30
================================================================================
AV 81.9 58.1                               3.3 FASTST   M    M   2    MAX(MPH)
                                 MISC ---->  # 22 300               # 29  340
================================================================================
NOTES:
# LAST OF SEVERAL OCCURRENCES

COLUMN 17 PEAK WIND IN M.P.H.

PRELIMINARY LOCAL CLIMATOLOGICAL DATA (WS FORM: F-6) , PAGE 2

                                          STATION:  ALBANY
                                          MONTH:    OCTOBER
                                          YEAR:     2014
                                          LATITUDE:   31 31 N
                                          LONGITUDE:  84 11 W

[TEMPERATURE DATA]      [PRECIPITATION DATA]       SYMBOLS USED IN COLUMN 16

AVERAGE MONTHLY: 70.0   TOTAL FOR MONTH:   3.24    1 = FOG OR MIST
DPTR FM NORMAL:  -0.1   DPTR FM NORMAL:    1.65    2 = FOG REDUCING VISIBILITY
HIGHEST:    89 ON 12    GRTST 24HR  1.81 ON 14-14      TO 1/4 MILE OR LESS
LOWEST:     45 ON  5                               3 = THUNDER
                        SNOW, ICE PELLETS, HAIL    4 = ICE PELLETS
                        TOTAL MONTH:   0.0 INCH    5 = HAIL
                        GRTST 24HR     0.0         6 = FREEZING RAIN OR DRIZZLE
                        GRTST DEPTH:   0           7 = DUSTSTORM OR SANDSTORM:
                                                       VSBY 1/2 MILE OR LESS
                                                   8 = SMOKE OR HAZE
[NO. OF DAYS WITH]      [WEATHER - DAYS WITH]      9 = BLOWING SNOW
                                                   X = TORNADO
MAX 32 OR BELOW:   0    0.01 INCH OR MORE:   3
MAX 90 OR ABOVE:   0    0.10 INCH OR MORE:   3
MIN 32 OR BELOW:   0    0.50 INCH OR MORE:   3
MIN  0 OR BELOW:   0    1.00 INCH OR MORE:   1

[HDD (BASE 65) ]
TOTAL THIS MO.    14    CLEAR  (SCALE 0-3)  15
DPTR FM NORMAL     2    PTCLDY (SCALE 4-7)   4
TOTAL FM JUL 1    14    CLOUDY (SCALE 8-10)  0
DPTR FM NORMAL     1

[CDD (BASE 65) ]
TOTAL THIS MO.   115
DPTR FM NORMAL     5    [PRESSURE DATA]
TOTAL FM JAN 1  2458    HIGHEST SLP M ON M
DPTR FM NORMAL    -8    LOWEST  SLP 29.83 ON 14

[REMARKS]
