282
CXUS51 KPHI 290800
CF6ACY
PRELIMINARY LOCAL CLIMATOLOGICAL DATA (WS FORM: F-6)

                                          STATION:   ATLANTIC CITY NJ
                                          MONTH:     APRIL
                                          YEAR:      2017
                                          LATITUDE:   39 27 N
                                          LONGITUDE:  74 34 W

  TEMPERATURE IN F:       :PCPN:    SNOW:  WIND      :SUNSHINE: SKY     :PK WND
================================================================================
1   2   3   4   5  6A  6B    7    8   9   10  11  12  13   14  15   16   17  18
                                     12Z  AVG MX 2MIN
DY MAX MIN AVG DEP HDD CDD  WTR  SNW DPTH SPD SPD DIR MIN PSBL S-S WX    SPD DR
================================================================================

 1  54  40  47   0  18   0    T  0.0    0 15.1 24 330   M    M   9 18     32 340
 2  63  35  49   2  16   0 0.00  0.0    0  8.9 18 320   M    M   0        24 330
 3  63  37  50   2  15   0 0.43  0.0    0  7.6 18 150   M    M   3 1      26 140
 4  78  49  64  16   1   0 0.14  0.0    0 11.1 24 190   M    M   7 12     35 200
 5  67  43  55   7  10   0 0.00  0.0    0  8.4 21 120   M    M   5 12     25 120
 6  63  47  55   6  10   0 0.57  0.0    0 13.8 31 140   M    M   7 13     46 160
 7  52  42  47  -2  18   0 0.00  0.0    0 15.0 28 290   M    M   9        36 300
 8  60  35  48  -1  17   0 0.00  0.0    0 13.3 26 310   M    M   1        45 300
 9  68  29  49  -1  16   0 0.00  0.0    0  7.2 18 190   M    M   0        24 190
10  79  43  61  11   4   0 0.00  0.0    0  9.9 24 200   M    M   0        32 220
11  79  54  67  17   0   2 0.00  0.0    0  9.0 15 160   M    M   0        21 210
12  79  50  65  14   0   0 0.00  0.0    0  7.7 21 330   M    M   1        28 350
13  66  43  55   4  10   0 0.00  0.0    0  7.8 17 360   M    M   0        22 350
14  64  38  51   0  14   0 0.00  0.0    0  5.8 16 120   M    M   3        19 130
15  63  46  55   3  10   0 0.00  0.0    0 10.4 20 190   M    M   6        27 200
16  88  57  73  21   0   8 0.00  0.0    0 12.0 26 230   M    M   2        35 220
17  73  50  62  10   3   0 0.03  0.0    0  6.0 21 320   M    M   4 1      25 320
18  62  46  54   1  11   0 0.00  0.0    0  9.7 18 110   M    M   0        24 100
19  57  47  52  -1  13   0 0.00  0.0    0  9.0 20 130   M    M   8        24 120
20  76  53  65  12   0   0    T  0.0    0  7.4 16 110   M    M   6 1      22  90
21  65  51  58   4   7   0 0.07  0.0    0  7.4 13  40   M    M   9 18     17 100
22  56  48  52  -2  13   0 0.29  0.0    0  5.4 16 340   M    M  10 1      20 340
23  59  45  52  -2  13   0 0.00  0.0    0  7.2 16  70   M    M   1        21 130
24  57  47  52  -2  13   0 0.04  0.0    0 11.9 22  70   M    M   9 1      28  40
25  60  52  56   1   9   0 1.29  0.0    0 16.9 30  50   M    M  10 1      37  50
26  67  56  62   7   3   0 0.05  0.0    0  5.8 13  10   M    M  10 1      17  20
27  69  56  63   8   2   0 0.00  0.0    0  8.1 16 180   M    M   6 18     25 180
28  87  61  74  18   0   9 0.04  0.0    0  7.9 16 290   M    M   1 13     22 280
================================================================================
SM 1874 1300       246  19  2.95     0.0 265.7          M      127
================================================================================
AV 66.9 46.4                               9.5 FASTST   M    M   5    MAX(MPH)
                                 MISC ---->  # 31 140               # 46  160
================================================================================
NOTES:
# LAST OF SEVERAL OCCURRENCES

COLUMN 17 PEAK WIND IN M.P.H.

PRELIMINARY LOCAL CLIMATOLOGICAL DATA (WS FORM: F-6) , PAGE 2

                                          STATION:  ATLANTIC CITY NJ
                                          MONTH:    APRIL
                                          YEAR:     2017
                                          LATITUDE:   39 27 N
                                          LONGITUDE:  74 34 W

[TEMPERATURE DATA]      [PRECIPITATION DATA]       SYMBOLS USED IN COLUMN 16

AVERAGE MONTHLY: 56.7   TOTAL FOR MONTH:   2.95    1 = FOG OR MIST
DPTR FM NORMAL:   5.3   DPTR FM NORMAL:   -0.47    2 = FOG REDUCING VISIBILITY
HIGHEST:    88 ON 16    GRTST 24HR  1.46 ON 31- 1      TO 1/4 MILE OR LESS
LOWEST:     29 ON  9                               3 = THUNDER
                        SNOW, ICE PELLETS, HAIL    4 = ICE PELLETS
                        TOTAL MONTH:   0.0 INCH    5 = HAIL
                        GRTST 24HR     0.0         6 = FREEZING RAIN OR DRIZZLE
                        GRTST DEPTH:   0           7 = DUSTSTORM OR SANDSTORM:
                                                       VSBY 1/2 MILE OR LESS
                                                   8 = SMOKE OR HAZE
[NO. OF DAYS WITH]      [WEATHER - DAYS WITH]      9 = BLOWING SNOW
                                                   X = TORNADO
MAX 32 OR BELOW:   0    0.01 INCH OR MORE:  10
MAX 90 OR ABOVE:   0    0.10 INCH OR MORE:   5
MIN 32 OR BELOW:   1    0.50 INCH OR MORE:   2
MIN  0 OR BELOW:   0    1.00 INCH OR MORE:   1

[HDD (BASE 65) ]
TOTAL THIS MO.   246    CLEAR  (SCALE 0-3)  11
DPTR FM NORMAL  -142    PTCLDY (SCALE 4-7)  10
TOTAL FM JUL 1  3961    CLOUDY (SCALE 8-10)  7
DPTR FM NORMAL  -724

[CDD (BASE 65) ]
TOTAL THIS MO.    19
DPTR FM NORMAL    17    [PRESSURE DATA]
TOTAL FM JAN 1    19    HIGHEST SLP M ON M
DPTR FM NORMAL    17    LOWEST  SLP 29.21 ON  6

[REMARKS]
