000
CXUS54 KLCH 290830
CF6AEX
PRELIMINARY LOCAL CLIMATOLOGICAL DATA (WS FORM: F-6)
STATION: ALEXANDRIA
MONTH: MARCH
YEAR: 2024
LATITUDE: 31 19 N
LONGITUDE: 92 33 W
TEMPERATURE IN F: :PCPN: SNOW: WIND :SUNSHINE: SKY :PK WND
================================================================================
1 2 3 4 5 6A 6B 7 8 9 10 11 12 13 14 15 16 17 18
12Z AVG MX 2MIN
DY MAX MIN AVG DEP HDD CDD WTR SNW DPTH SPD SPD DIR MIN PSBL S-S WX SPD DR
================================================================================
1 65 45 55 -1 10 0 T M M 5.0 10 20 M M 6 15 20
2 75 41 58 2 7 0 0.00 0.0 M 4.6 14 140 M M 3 12 18 140
3 77 58 68 11 0 3 0.00 0.0 M 6.6 13 180 M M 6 128 19 180
4 73 65 69 12 0 4 1.02 0.0 M 8.9 18 140 M M 10 13 23 130
5 73 54 64 7 1 0 0.09 0.0 M 4.6 17 320 M M 4 12 25 320
6 80 50 65 7 0 0 0.00 0.0 M 2.4 8 100 M M 3 12 12 110
7 76 57 67 9 0 2 0.00 0.0 M 6.7 25 150 M M 0 34 130
8 76 59 68 10 0 3 0.30 0.0 M 6.9 23 360 M M 8 138 32 350
9 60 45 53 -5 12 0 T M M 9.2 22 330 M M 6 1 30 320
10 66 38 52 -6 13 0 0.00 0.0 M 4.5 12 300 M M 0 17 10
11 71 44 58 -1 7 0 0.00 0.0 M 2.4 10 140 M M 0 14 120
12 73 42 58 -1 7 0 0.00 0.0 M 5.8 14 170 M M 2 18 170
13 80 62 71 12 0 6 0.00 0.0 M 9.6 20 180 M M 7 18 26 170
14 86 68 77 17 0 12 T 0.0 M 13.1 25 180 M M 7 1 34 180
15 76 63 70 10 0 5 0.49 0.0 M 6.6 31 360 M M 7 138 39 360
16 69 59 64 4 1 0 0.02 0.0 M 4.1 13 50 M M 8 1 17 40
17 64 59 62 2 3 0 0.67 0.0 M 4.9 18 100 M M 9 13 24 110
18 64 45 55 -5 10 0 0.00 0.0 M 9.6 24 360 M M 4 32 10
19 64 34 49 -12 16 0 0.00 0.0 M 2.5 9 150 M M 0 12 250
20 69 43 56 -5 9 0 0.00 0.0 M 3.4 14 240 M M 6 17 240
21 63 54 59 -2 6 0 0.20 0.0 M 5.3 16 90 M M 10 18 22 80
22 65 54 60 -1 5 0 0.24 0.0 M 10.0 20 100 M M 10 1 26 80
23 72 49 61 -1 4 0 0.00 0.0 M 7.0 14 40 M M 1 1 24 350
24 68 46 57 -5 8 0 0.00 0.0 M 10.4 21 150 M M 1 28 140
25 73 53 63 1 2 0 1.90 0.0 M 11.7 33 170 M M 9 123 48 160
26 68 48 58 -4 7 0 0.00 0.0 M 5.2 13 320 M M 2 12 19 310
27 65 43 54 -8 11 0 0.00 0.0 M 5.9 14 360 M M 0 22 350
28 M M M M M M M M M M M M M M M M M
================================================================================
SM 1911 1378 139 35 4.93 0.0 176.9 M 129
================================================================================
AV 70.8 51.0 6.6 FASTST M M 5 MAX(MPH)
MISC ----> 33 170 48 160
================================================================================
NOTES:
# LAST OF SEVERAL OCCURRENCES
COLUMN 17 PEAK WIND IN M.P.H.
PRELIMINARY LOCAL CLIMATOLOGICAL DATA (WS FORM: F-6) , PAGE 2
STATION: ALEXANDRIA
MONTH: MARCH
YEAR: 2024
LATITUDE: 31 19 N
LONGITUDE: 92 33 W
[TEMPERATURE DATA] [PRECIPITATION DATA] SYMBOLS USED IN COLUMN 16
AVERAGE MONTHLY: 60.9 TOTAL FOR MONTH: 4.93 1 = FOG OR MIST
DPTR FM NORMAL: 1.4 DPTR FM NORMAL: 0.49 2 = FOG REDUCING VISIBILITY
HIGHEST: 86 ON 14 GRTST 24HR 1.90 ON 25-25 TO 1/4 MILE OR LESS
LOWEST: 34 ON 19 3 = THUNDER
SNOW, ICE PELLETS, HAIL 4 = ICE PELLETS
TOTAL MONTH: 0.0 INCH 5 = HAIL
GRTST 24HR 0.0 6 = FREEZING RAIN OR DRIZZLE
GRTST DEPTH: M ON M 7 = DUSTSTORM OR SANDSTORM:
VSBY 1/2 MILE OR LESS
8 = SMOKE OR HAZE
[NO. OF DAYS WITH] [WEATHER - DAYS WITH] 9 = BLOWING SNOW
X = TORNADO
MAX 32 OR BELOW: 0 0.01 INCH OR MORE: 9
MAX 90 OR ABOVE: 0 0.10 INCH OR MORE: 7
MIN 32 OR BELOW: 0 0.50 INCH OR MORE: 3
MIN 0 OR BELOW: 0 1.00 INCH OR MORE: 2
[HDD (BASE 65) ]
TOTAL THIS MO. 139 CLEAR (SCALE 0-3) 10
DPTR FM NORMAL -50 PTCLDY (SCALE 4-7) 12
TOTAL FM JUL 1 1648 CLOUDY (SCALE 8-10) 5
DPTR FM NORMAL -161
[CDD (BASE 65) ]
TOTAL THIS MO. 35
DPTR FM NORMAL -2 [PRESSURE DATA]
TOTAL FM JAN 1 48 HIGHEST SLP M ON M
DPTR FM NORMAL -9 LOWEST SLP 29.47 ON 25
[REMARKS]