000
CXUS54 KLCH 231204
CF6AEX
PRELIMINARY LOCAL CLIMATOLOGICAL DATA (WS FORM: F-6)

                                          STATION:   ALEXANDRIA
                                          MONTH:     FEBRUARY
                                          YEAR:      2018
                                          LATITUDE:   31 19 N
                                          LONGITUDE:  92 33 W

  TEMPERATURE IN F:       :PCPN:    SNOW:  WIND      :SUNSHINE: SKY     :PK WND
================================================================================
1   2   3   4   5  6A  6B    7    8   9   10  11  12  13   14  15   16   17  18
                                     12Z  AVG MX 2MIN
DY MAX MIN AVG DEP HDD CDD  WTR  SNW DPTH SPD SPD DIR MIN PSBL S-S WX    SPD DR
================================================================================

 1  72  48  60  11   5   0    T    M    0  8.0 22  30   M    M   7        31  30
 2  51  36  44  -6  21   0 0.00  0.0    0 11.1 22  30   M    M   8        32  40
 3  54  34  44  -6  21   0 0.67    M    0  8.5 17 130   M    M   8 1      21 130
 4  59  43  51   1  14   0 0.00    M    0  3.9 12 360   M    M   7 1      19  10
 5  55  38  47  -3  18   0 0.00  0.0    0  5.3 12 150   M    M   5 18     16  90
 6  69  54  62  12   3   0 0.09  0.0    0  6.1 16 210   M    M  10 18     20 200
 7  69  37  53   3  12   0 1.46    M    0 10.8 31 320   M    M   6 13     39 350
 8  61  31  46  -4  19   0 0.00  0.0    0  5.0 13  30   M    M   0        17  10
 9  67  40  54   3  11   0 0.02  0.0    0  4.1 12 160   M    M   8 1      13 170
10  64  59  62  11   3   0 1.95  0.0    0  5.9 15 200   M    M  10 12     19 190
11  64  38  51   0  14   0    T    M    0 10.7 18 310   M    M  10 1      23 330
12  44  37  41 -10  24   0    T    M    0  9.3 16  30   M    M  10 1      22  20
13  60  40  50  -1  15   0 0.03    M    0  3.5 13 110   M    M  10 1      14 110
14  74  52  63  11   2   0 0.00  0.0    0  6.4 16 180   M    M   8 1      19 170
15  79  64  72  20   0   7 0.00  0.0    0 12.4 24 210   M    M   6        31 220
16  75  53  64  12   1   0    T  0.0    0  7.1 20  30   M    M   9 1      24  10
17  75  53  64  12   1   0 0.05  0.0    0  6.8 18 330   M    M  10 12     24 320
18  67  51  59   6   6   0    T  0.0    0  6.1  9 140   M    M   7 1      13 140
19  81  63  72  19   0   7 0.00  0.0    0 12.5 26 170   M    M   6 1      33 160
20  82  65  74  21   0   9 0.00  0.0    0 13.8 28 170   M    M   8        35 170
21  77  60  69  16   0   4 2.57  0.0    0 13.1 26 140   M    M  10 1238   35 140
22  81  58  70  16   0   5 0.37  0.0    0  9.3 22 180   M    M   7 13     26 170
================================================================================
SM 1480 1054       190  32  7.21     0.0 179.7          M      170
================================================================================
AV 67.3 47.9                               8.2 FASTST   M    M   8    MAX(MPH)
                                 MISC ---->  # 31 320               # 39  350
================================================================================
NOTES:
# LAST OF SEVERAL OCCURRENCES

COLUMN 17 PEAK WIND IN M.P.H.

PRELIMINARY LOCAL CLIMATOLOGICAL DATA (WS FORM: F-6) , PAGE 2

                                          STATION:  ALEXANDRIA
                                          MONTH:    FEBRUARY
                                          YEAR:     2018
                                          LATITUDE:   31 19 N
                                          LONGITUDE:  92 33 W

[TEMPERATURE DATA]      [PRECIPITATION DATA]       SYMBOLS USED IN COLUMN 16

AVERAGE MONTHLY: 57.6   TOTAL FOR MONTH:   7.21    1 = FOG OR MIST
DPTR FM NORMAL:   6.3   DPTR FM NORMAL:    3.70    2 = FOG REDUCING VISIBILITY
HIGHEST:    82 ON 20    GRTST 24HR  2.57 ON 21-21      TO 1/4 MILE OR LESS
LOWEST:     31 ON  8                               3 = THUNDER
                        SNOW, ICE PELLETS, HAIL    4 = ICE PELLETS
                        TOTAL MONTH:   0.0 INCH    5 = HAIL
                        GRTST 24HR     0.0         6 = FREEZING RAIN OR DRIZZLE
                        GRTST DEPTH:   0           7 = DUSTSTORM OR SANDSTORM:
                                                       VSBY 1/2 MILE OR LESS
                                                   8 = SMOKE OR HAZE
[NO. OF DAYS WITH]      [WEATHER - DAYS WITH]      9 = BLOWING SNOW
                                                   X = TORNADO
MAX 32 OR BELOW:   0    0.01 INCH OR MORE:   9
MAX 90 OR ABOVE:   0    0.10 INCH OR MORE:   5
MIN 32 OR BELOW:   1    0.50 INCH OR MORE:   4
MIN  0 OR BELOW:   0    1.00 INCH OR MORE:   3

[HDD (BASE 65) ]
TOTAL THIS MO.   190    CLEAR  (SCALE 0-3)   1
DPTR FM NORMAL  -118    PTCLDY (SCALE 4-7)  13
TOTAL FM JUL 1  1610    CLOUDY (SCALE 8-10)  8
DPTR FM NORMAL    11

[CDD (BASE 65) ]
TOTAL THIS MO.    32
DPTR FM NORMAL    29    [PRESSURE DATA]
TOTAL FM JAN 1    32    HIGHEST SLP M ON M
DPTR FM NORMAL    23    LOWEST  SLP 29.87 ON 10

[REMARKS]
