000
CXUS54 KFWD 260730
CF6AFW
PRELIMINARY LOCAL CLIMATOLOGICAL DATA (WS FORM: F-6)

                                          STATION:   FORT WORTH ALLIANCE
                                          MONTH:     OCTOBER
                                          YEAR:      2014
                                          LATITUDE:   32 58 N
                                          LONGITUDE:  97 19 W

  TEMPERATURE IN F:       :PCPN:    SNOW:  WIND      :SUNSHINE: SKY     :PK WND
================================================================================
1   2   3   4   5  6A  6B    7    8   9   10  11  12  13   14  15   16   17  18
                                     12Z  AVG MX 2MIN
DY MAX MIN AVG DEP HDD CDD  WTR  SNW DPTH SPD SPD DIR MIN PSBL S-S WX    SPD DR
================================================================================

 1  94  71  83  12   0  18 0.00  0.0    0 10.8 20 160   M    M   3        30 150
 2  95  62  79   8   0  14 0.18  0.0    0 11.9 24 320   M    M   5 38     40 290
 3  82  52  67  -4   0   2 0.00  0.0    0  8.5 23 350   M    M   1        34 350
 4  79  41  60 -10   5   0 0.00  0.0    0  5.1 14 160   M    M   1        18 160
 5  86  55  71   1   0   6 0.00  0.0    0  8.6 17 160   M    M   1        22 160
 6  86  67  77   7   0  12 0.01  0.0    0  9.3 21  40   M    M   4 13     26  40
 7  99  67  83  14   0  18 0.00  0.0    0 10.2 17 170   M    M   3        24 210
 8  92  73  83  14   0  18 0.00  0.0    0 10.9 20 150   M    M   7        26 140
 9  94  74  84  15   0  19 0.00  0.0    0 12.1 18 160   M    M   5        29 200
10  93  62  78  10   0  13 0.33  0.0    0 10.9 33 300   M    M   5 13     41 300
11  62  54  58 -10   7   0 0.30  0.0    0  8.4 20 320   M    M  10 1      25 310
12  76  49  63  -5   2   0 0.08  0.0    0 10.0 35 160   M    M   5 13     45 170
13  73  55  64  -3   1   0 0.87  0.0    0 15.0 36 300   M    M   7 13     46 310
14  76  51  64  -3   1   0 0.00  0.0    0 10.4 24 320   M    M   0        32 320
15  83  43  63  -4   2   0 0.00  0.0    0  1.6 13 280   M    M   0        20 280
16  90  53  72   6   0   7 0.00  0.0    0  6.9 20 190   M    M   3        25 190
17  84  56  70   4   0   5 0.00  0.0    0  4.4 10  30   M    M   5        18  60
18  80  60  70   4   0   5 0.00  0.0    0  7.7 15  40   M    M   2        19  90
19  75  53  64  -1   1   0 0.00  0.0    0  4.4 15 120   M    M   5        18 110
20  83  53  68   3   0   3 0.00  0.0    0  3.2 10 210   M    M   4 1      14 220
21  83  52  68   3   0   3 0.00  0.0    0  3.6 14 120   M    M   2 1      18 130
22  81  53  67   3   0   2    T  0.0    0  5.5 14 130   M    M   5 1      19 150
23  80  63  72   8   0   7    T  0.0    0  6.1 12 140   M    M   5 8      28 130
24  86  60  73   9   0   8 0.00  0.0    0  5.7 13 190   M    M   2        19 180
25  89  60  75  11   0  10 0.00  0.0    0  6.1 12 180   M    M   0        17 190
================================================================================
SM 2101 1439        19 170  1.77     0.0 197.3          M       90
================================================================================
AV 84.0 57.6                               7.9 FASTST   M    M   4    MAX(MPH)
                                 MISC ---->  # 36 300               # 46  310
================================================================================
NOTES:
# LAST OF SEVERAL OCCURRENCES

COLUMN 17 PEAK WIND IN M.P.H.

PRELIMINARY LOCAL CLIMATOLOGICAL DATA (WS FORM: F-6) , PAGE 2

                                          STATION:  FORT WORTH ALLIANCE
                                          MONTH:    OCTOBER
                                          YEAR:     2014
                                          LATITUDE:   32 58 N
                                          LONGITUDE:  97 19 W

[TEMPERATURE DATA]      [PRECIPITATION DATA]       SYMBOLS USED IN COLUMN 16

AVERAGE MONTHLY: 70.8   TOTAL FOR MONTH:   1.77    1 = FOG OR MIST
DPTR FM NORMAL:   3.4   DPTR FM NORMAL:   -1.64    2 = FOG REDUCING VISIBILITY
HIGHEST:    99 ON  7    GRTST 24HR  0.95 ON 12-13      TO 1/4 MILE OR LESS
LOWEST:     41 ON  4                               3 = THUNDER
                        SNOW, ICE PELLETS, HAIL    4 = ICE PELLETS
                        TOTAL MONTH:   0.0 INCH    5 = HAIL
                        GRTST 24HR     0.0         6 = FREEZING RAIN OR DRIZZLE
                        GRTST DEPTH:   0           7 = DUSTSTORM OR SANDSTORM:
                                                       VSBY 1/2 MILE OR LESS
                                                   8 = SMOKE OR HAZE
[NO. OF DAYS WITH]      [WEATHER - DAYS WITH]      9 = BLOWING SNOW
                                                   X = TORNADO
MAX 32 OR BELOW:   0    0.01 INCH OR MORE:   6
MAX 90 OR ABOVE:   7    0.10 INCH OR MORE:   4
MIN 32 OR BELOW:   0    0.50 INCH OR MORE:   1
MIN  0 OR BELOW:   0    1.00 INCH OR MORE:   0

[HDD (BASE 65) ]
TOTAL THIS MO.    19    CLEAR  (SCALE 0-3)  12
DPTR FM NORMAL   -37    PTCLDY (SCALE 4-7)  12
TOTAL FM JUL 1    21    CLOUDY (SCALE 8-10)  1
DPTR FM NORMAL   -42

[CDD (BASE 65) ]
TOTAL THIS MO.   170
DPTR FM NORMAL    57    [PRESSURE DATA]
TOTAL FM JAN 1  2515    HIGHEST SLP M ON M
DPTR FM NORMAL   -28    LOWEST  SLP 29.51 ON 13

[REMARKS]
