000
CXUS54 KFWD 180730
CF6AFW
PRELIMINARY LOCAL CLIMATOLOGICAL DATA (WS FORM: F-6)

                                          STATION:   FORT WORTH ALLIANCE
                                          MONTH:     JANUARY
                                          YEAR:      2017
                                          LATITUDE:   32 58 N
                                          LONGITUDE:  97 19 W

  TEMPERATURE IN F:       :PCPN:    SNOW:  WIND      :SUNSHINE: SKY     :PK WND
================================================================================
1   2   3   4   5  6A  6B    7    8   9   10  11  12  13   14  15   16   17  18
                                     12Z  AVG MX 2MIN
DY MAX MIN AVG DEP HDD CDD  WTR  SNW DPTH SPD SPD DIR MIN PSBL S-S WX    SPD DR
================================================================================

 1  68  35  52   7  13   0 0.02  0.0    0  2.9  9 150   M    M   5 1      13 270
 2  72  52  62  17   3   0 0.76  0.0    0  8.6 23 270   M    M   7 13     29 260
 3  58  36  47   2  18   0 0.00  0.0    0 13.2 22 320   M    M   9        29 330
 4  39  29  34 -11  31   0 0.00  0.0    0  7.0 17 360   M    M   7        22 350
 5  36  24  30 -15  35   0 0.00  0.0    0 12.5 24 360   M    M   8 1      29  10
 6  25  16  21 -24  44   0    T    T    0 13.6 22 360   M    M   8 48     27 360
 7  39   9  24 -21  41   0 0.00  0.0    0  3.5  9 300   M    M   1        12 290
 8  48  20  34 -11  31   0 0.00  0.0    0  8.4 22 170   M    M   2        29 180
 9  70  35  53   8  12   0 0.00  0.0    0 16.2 26 190   M    M   4        36 180
10  79  46  63  18   2   0 0.00  0.0    0  9.1 26 190   M    M   8        35 190
11  80  46  63  18   2   0 0.00  0.0    0 16.3 25 190   M    M   4        35 200
12  74  45  60  15   5   0 0.00  0.0    0 11.2 21 190   M    M   7        29 180
13  47  38  43  -2  22   0 0.26  0.0    0 10.2 16 360   M    M  10 1      18 360
14  42  37  40  -5  25   0 0.01  0.0    0  9.0 14 360   M    M  10 12     16 360
15  64  42  53   8  12   0 2.07  0.0    0  6.9 31 290   M    M  10 123    40 300
16  64  43  54   9  11   0    T    M    0  5.3 10 300   M    M   7 12      M  M
17  51  40  46   0  19   0 0.20    M    0  5.8 18 230   M    M   9 1      22 220
================================================================================
SM  956  593       326   0  3.32    T    159.7          M      116
================================================================================
AV 56.2 34.9                               9.4 FASTST   M    M   7    MAX(MPH)
                                 MISC ---->  # 31 290               # 40  300
================================================================================
NOTES:
# LAST OF SEVERAL OCCURRENCES

COLUMN 17 PEAK WIND IN M.P.H.

PRELIMINARY LOCAL CLIMATOLOGICAL DATA (WS FORM: F-6) , PAGE 2

                                          STATION:  FORT WORTH ALLIANCE
                                          MONTH:    JANUARY
                                          YEAR:     2017
                                          LATITUDE:   32 58 N
                                          LONGITUDE:  97 19 W

[TEMPERATURE DATA]      [PRECIPITATION DATA]       SYMBOLS USED IN COLUMN 16

AVERAGE MONTHLY: 45.6   TOTAL FOR MONTH:   3.32    1 = FOG OR MIST
DPTR FM NORMAL:   0.5   DPTR FM NORMAL:    2.49    2 = FOG REDUCING VISIBILITY
HIGHEST:    80 ON 11    GRTST 24HR  2.07 ON 15-15      TO 1/4 MILE OR LESS
LOWEST:      9 ON  7                               3 = THUNDER
                        SNOW, ICE PELLETS, HAIL    4 = ICE PELLETS
                        TOTAL MONTH:    T          5 = HAIL
                        GRTST 24HR    T  ON  6- 6  6 = FREEZING RAIN OR DRIZZLE
                        GRTST DEPTH:   0           7 = DUSTSTORM OR SANDSTORM:
                                                       VSBY 1/2 MILE OR LESS
                                                   8 = SMOKE OR HAZE
[NO. OF DAYS WITH]      [WEATHER - DAYS WITH]      9 = BLOWING SNOW
                                                   X = TORNADO
MAX 32 OR BELOW:   1    0.01 INCH OR MORE:   6
MAX 90 OR ABOVE:   0    0.10 INCH OR MORE:   4
MIN 32 OR BELOW:   5    0.50 INCH OR MORE:   2
MIN  0 OR BELOW:   0    1.00 INCH OR MORE:   1

[HDD (BASE 65) ]
TOTAL THIS MO.   326    CLEAR  (SCALE 0-3)   2
DPTR FM NORMAL   -13    PTCLDY (SCALE 4-7)   8
TOTAL FM JUL 1  1040    CLOUDY (SCALE 8-10)  7
DPTR FM NORMAL  -296

[CDD (BASE 65) ]
TOTAL THIS MO.     0
DPTR FM NORMAL     0    [PRESSURE DATA]
TOTAL FM JAN 1     0    HIGHEST SLP M ON M
DPTR FM NORMAL     0    LOWEST  SLP 29.68 ON  2

[REMARKS]
