123
CXUS55 KCAE 261400
CF6AGS
PRELIMINARY LOCAL CLIMATOLOGICAL DATA (WS FORM: F-6)

                                          STATION:   AUGUSTA BUSH FIELD GA
                                          MONTH:     MAY
                                          YEAR:      2016
                                          LATITUDE:   33 22 N
                                          LONGITUDE:  81 58 W

  TEMPERATURE IN F:       :PCPN:    SNOW:  WIND      :SUNSHINE: SKY     :PK WND
================================================================================
1   2   3   4   5  6A  6B    7    8   9   10  11  12  13   14  15   16   17  18
                                     12Z  AVG MX 2MIN
DY MAX MIN AVG DEP HDD CDD  WTR  SNW DPTH SPD SPD DIR MIN PSBL S-S WX    SPD DR
================================================================================

 1  88  67  78  11   0  13    T  0.0    0  7.8 14 160   M    M   7 3      18 210
 2  89  64  77  10   0  12 0.57  0.0    0  4.6 22 260   M    M   2 138    32 270
 3  84  65  75   8   0  10 0.59  0.0    0  6.4 20 320   M    M   6 13     23 310
 4  77  56  67  -1   0   2 0.00  0.0    0 10.0 21 280   M    M   3        27 280
 5  70  50  60  -8   5   0    T  0.0    0 13.0 30 290   M    M   2        39 270
 6  74  44  59  -9   6   0 0.00  0.0    0  5.9 16 310   M    M   2        20 270
 7  82  44  63  -5   2   0 0.00  0.0    0  7.1 18 260   M    M   0        24 260
 8  90  60  75   6   0  10 0.00  0.0    0  8.1 18 270   M    M   0        25 290
 9  89  54  72   3   0   7 0.00  0.0    0  4.5 17 220   M    M   0 1      23 220
10  80  60  70   1   0   5 0.00  0.0    0  3.0  9 170   M    M   0 1      13 170
11  89  59  74   4   0   9 0.00  0.0    0  3.1 10 270   M    M   1 18     13 280
12  91  62  77   7   0  12    T  0.0    0  4.5 16 200   M    M   2 3      21 230
13  88  62  75   5   0  10 0.01  0.0    0  6.9 16 270   M    M   2 12     24 310
14  87  51  69  -2   0   4 0.00  0.0    0  8.3 22 280   M    M   0        28 300
15  80  51  66  -5   0   1 0.00  0.0    0  4.9 17 320   M    M   0        22 320
16  82  48  65  -6   0   0 0.00  0.0    0  5.4 13  70   M    M   0        17  70
17  72  63  68  -4   0   3 0.84  0.0    0  4.7 22 330   M    M   9 18     27 330
18  82  66  74   2   0   9 0.00  0.0    0  4.1 10  20   M    M   8        13  10
19  80  65  73   1   0   8 0.36  0.0    0  6.0 15  30   M    M   9 13     20  30
20  69  63  66  -6   0   1 0.46  0.0    0  5.6 14  80   M    M  10 1      17  70
21  82  65  74   1   0   9 0.19  0.0    0  6.5 17 270   M    M   6 1      21 270
22  81  55  68  -5   0   3 0.00  0.0    0  6.7 17 350   M    M   2        23 360
23  81  51  66  -7   0   1 0.00  0.0    0  3.2 15 350   M    M   1        18 350
24  85  53  69  -5   0   4 0.00  0.0    0  1.9 10 100   M    M   2 1      13 150
25  89  56  73  -1   0   8 0.00  0.0    0  2.3 10 260   M    M   0 12     13 260
================================================================================
SM 2061 1434        13 141  3.02     0.0 144.5          M       74
================================================================================
AV 82.4 57.4                               5.8 FASTST   M    M   3    MAX(MPH)
                                 MISC ---->  # 30 290               # 39  270
================================================================================
NOTES:
# LAST OF SEVERAL OCCURRENCES

COLUMN 17 PEAK WIND IN M.P.H.

PRELIMINARY LOCAL CLIMATOLOGICAL DATA (WS FORM: F-6) , PAGE 2

                                          STATION:  AUGUSTA BUSH FIELD GA
                                          MONTH:    MAY
                                          YEAR:     2016
                                          LATITUDE:   33 22 N
                                          LONGITUDE:  81 58 W

[TEMPERATURE DATA]      [PRECIPITATION DATA]       SYMBOLS USED IN COLUMN 16

AVERAGE MONTHLY: 69.9   TOTAL FOR MONTH:   3.02    1 = FOG OR MIST
DPTR FM NORMAL:  -0.4   DPTR FM NORMAL:    1.05    2 = FOG REDUCING VISIBILITY
HIGHEST:    91 ON 12    GRTST 24HR  1.13 ON  2- 3      TO 1/4 MILE OR LESS
LOWEST:     44 ON  7, 6                            3 = THUNDER
                        SNOW, ICE PELLETS, HAIL    4 = ICE PELLETS
                        TOTAL MONTH:   0.0 INCH    5 = HAIL
                        GRTST 24HR     0.0         6 = FREEZING RAIN OR DRIZZLE
                        GRTST DEPTH:   0           7 = DUSTSTORM OR SANDSTORM:
                                                       VSBY 1/2 MILE OR LESS
                                                   8 = SMOKE OR HAZE
[NO. OF DAYS WITH]      [WEATHER - DAYS WITH]      9 = BLOWING SNOW
                                                   X = TORNADO
MAX 32 OR BELOW:   0    0.01 INCH OR MORE:   7
MAX 90 OR ABOVE:   2    0.10 INCH OR MORE:   6
MIN 32 OR BELOW:   0    0.50 INCH OR MORE:   3
MIN  0 OR BELOW:   0    1.00 INCH OR MORE:   0

[HDD (BASE 65) ]
TOTAL THIS MO.    13    CLEAR  (SCALE 0-3)  18
DPTR FM NORMAL    -5    PTCLDY (SCALE 4-7)   4
TOTAL FM JUL 1  1856    CLOUDY (SCALE 8-10)  3
DPTR FM NORMAL  -614

[CDD (BASE 65) ]
TOTAL THIS MO.   141
DPTR FM NORMAL   -10    [PRESSURE DATA]
TOTAL FM JAN 1   259    HIGHEST SLP M ON M
DPTR FM NORMAL    35    LOWEST  SLP 29.62 ON  4

[REMARKS]
