000
CXUS55 KCYS 020305 CCA
CF6AIA

PRELIMINARY LOCAL CLIMATOLOGICAL DATA (WS FORM: F-6)     ...CORRECTED...

                                          STATION:   ALLIANCE NEBRASKA AIRPORT
                                          MONTH:     FEBRUARY
                                          YEAR:      2015
                                          LATITUDE:   42  2 N
                                          LONGITUDE: 102 48 W

  TEMPERATURE IN F:       :PCPN:    SNOW:  WIND      :SUNSHINE: SKY     :PK WND
================================================================================
1   2   3   4   5  6A  6B    7    8   9   10  11  12  13   14  15   16   17  18
                                     12Z  AVG MX 2MIN
DY MAX MIN AVG DEP HDD CDD  WTR  SNW DPTH SPD SPD DIR MIN PSBL S-S WX    SPD DR
================================================================================

 1  18 -10   4 -21  61   0    T    M    M 12.8 23 350   M    M   6 18     29 360
 2  44  -1  22  -3  43   0 0.00    M    M  9.6 25 340   M    M   1        31 340
 3  53  25  39  14  26   0 0.03    M    M  9.1 21  60   M    M   3 1      24  60
 4  31   8  20  -5  45   0 0.37    M    M 11.7 25  40   M    M   7 128    29  40
 5  42   3  23  -2  42   0 0.00    M    M  8.1 14 250   M    M   0        16 250
 6  53  26  40  15  25   0 0.00    M    M  8.9 20 280   M    M   0        22 280
 7  65  32  49  24  16   0 0.00    M    M 15.9 33 280   M    M   0        40 280
 8  62  26  44  18  21   0 0.00    M    M 11.8 23 340   M    M   0        29 340
 9  68  23  46  20  19   0 0.00    M    M 11.7 28 260   M    M   0        35 250
10  58  30  44  18  21   0 0.00    M    M 11.7 24 330   M    M   4        30 340
11  51  22  37  11  28   0 0.00    M    M 10.5 23 340   M    M   7        27 340
12  58  25  42  16  23   0 0.00    M    M 13.3 23 180   M    M   6        28 180
13  61  28  45  19  20   0 0.00    M    M 10.7 22 310   M    M   3        28 330
14  39  23  31   4  34   0 0.00    M    M 11.5 22 160   M    M   6 1      27 120
15  36  24  30   3  35   0 0.04    M    M  6.2 16  20   M    M   9 1      20  20
16  40  19  30   3  35   0    T    M    M 10.3 28 350   M    M   6 18     34 340
17  30  18  24  -3  41   0    T    M    M 20.1 38 320   M    M   5 1      50 310
18  32  12  22  -6  43   0    T    M    M  6.0 17 320   M    M   9        23 340
19  60  22  41  13  24   0 0.00    M    M  9.4 25 330   M    M   2        33 300
20  43  22  33   5  32   0    T    M    M  6.8 17  30   M    M   7 18     20  30
21  30  14  22  -6  43   0 0.05    M    M 12.6 24  40   M    M   8 18     29  40
22  19   6  13 -16  52   0    T    M    M  5.5 15 350   M    M   4 18     18 320
23  30   1  16 -13  49   0 0.00    M    M  9.7 21 240   M    M   0        26 240
24  53  19  36   7  29   0 0.00    M    M 11.5 22 300   M    M   1        28 310
25  40  12  26  -4  39   0 0.01    M    M 16.2 30  10   M    M   9 1      35  10
26  14   0   7 -23  58   0    T    M    M  7.9 15  30   M    M   6 8      18  30
27  20  -2   9 -21  56   0    T    M    M 17.8 28 180   M    M   8 18     36 160
28  32   2  17 -14  48   0 0.00    M    M  6.9 17 170   M    M   0        22 170
================================================================================
SM 1182  429      1008   0  0.50    M    304.2          M      117
================================================================================
AV 42.2 15.3                              10.9 FASTST   M    M   4    MAX(MPH)
                                 MISC ---->    38 320                 50  310
================================================================================
NOTES:
# LAST OF SEVERAL OCCURRENCES

COLUMN 17 PEAK WIND IN M.P.H.

PRELIMINARY LOCAL CLIMATOLOGICAL DATA (WS FORM: F-6) , PAGE 2

                                          STATION:  ALLIANCE NEBRASKA AIRPORT
                                          MONTH:    FEBRUARY
                                          YEAR:     2015
                                          LATITUDE:   42  2 N
                                          LONGITUDE: 102 48 W

[TEMPERATURE DATA]      [PRECIPITATION DATA]       SYMBOLS USED IN COLUMN 16

AVERAGE MONTHLY: 28.8   TOTAL FOR MONTH:   0.50    1 = FOG OR MIST
DPTR FM NORMAL:   1.7   DPTR FM NORMAL:    0.12    2 = FOG REDUCING VISIBILITY
HIGHEST:    68 ON  9    GRTST 24HR  0.40 ON  3- 4      TO 1/4 MILE OR LESS
LOWEST:    -10 ON  1                               3 = THUNDER
                        SNOW, ICE PELLETS, HAIL    4 = ICE PELLETS
                        TOTAL MONTH:    M          5 = HAIL
                        GRTST 24HR    M  ON   M    6 = FREEZING RAIN OR DRIZZLE
                        GRTST DEPTH:  M  ON   M    7 = DUSTSTORM OR SANDSTORM:
                                                       VSBY 1/2 MILE OR LESS
                                                   8 = SMOKE OR HAZE
[NO. OF DAYS WITH]      [WEATHER - DAYS WITH]      9 = BLOWING SNOW
                                                   X = TORNADO
MAX 32 OR BELOW:  10    0.01 INCH OR MORE:   5
MAX 90 OR ABOVE:   0    0.10 INCH OR MORE:   1
MIN 32 OR BELOW:  28    0.50 INCH OR MORE:   0
MIN  0 OR BELOW:   4    1.00 INCH OR MORE:   0

[HDD (BASE 65) ]
TOTAL THIS MO.  1008    CLEAR  (SCALE 0-3)  11
DPTR FM NORMAL   -51    PTCLDY (SCALE 4-7)  14
TOTAL FM JUL 1  5227    CLOUDY (SCALE 8-10)  3
DPTR FM NORMAL  -177

[CDD (BASE 65) ]
TOTAL THIS MO.     0
DPTR FM NORMAL     0    [PRESSURE DATA]
TOTAL FM JAN 1     0    HIGHEST SLP 30.71 ON 22
DPTR FM NORMAL     0    LOWEST  SLP 29.63 ON  7

[REMARKS]

NEW RECORD DAILY PRECIPITATION AMOUNT OF 0.37 INCH SET ON THE 4TH.  THE OLD
 RECORD WAS 0.26 INCH SET IN 1945.
NEW RECORD HIGH TEMPERATURE OF 65 DEGREES SET ON THE 7TH.  THE OLD RECORD WAS 64
 DEGREES SET IN 1943.
NEW RECORD HIGH TEMPERATURE OF 68 DEGREES SET ON THE 9TH.  THE OLD RECORD WAS 67
 DEGREES SET IN 1954.

PRECIPITATION AMOUNTS FOR THE 3RD, 4TH AND 21ST DETERMINED USING ASOS 5-MINUTE
OBSERVATION DATA, ALLIANCE 1WNW (25-0130) COOPERATIVE OBSERVING SITE, NEARBY
COCORAHS SITES AND LOCAL STORM REPORTS. SIX TO TEN INCHES OF NEW SNOW WAS
REPORTED FOR THE STORM OF THE 3RD AND 4TH, WITH MOST REPORTS IN THE 6-8 INCH
RANGE.

#FINAL-02-15#
