000
CXUS53 KGRB 250741
CF6AIG
PRELIMINARY LOCAL CLIMATOLOGICAL DATA (WS FORM: F-6)

                                          STATION:   ANTIGO AWOS
                                          MONTH:     MAY
                                          YEAR:      2017
                                          LATITUDE:   45  9 N
                                          LONGITUDE:  89  8 W

  TEMPERATURE IN F:       :PCPN:    SNOW:  WIND      :SUNSHINE: SKY     :PK WND
================================================================================
1   2   3   4   5  6A  6B    7    8   9   10  11  12  13   14  15   16   17  18
                                     12Z  AVG MX 2MIN
DY MAX MIN AVG DEP HDD CDD  WTR  SNW DPTH SPD SPD DIR MIN PSBL S-S WX    SPD DR
================================================================================

 1  44  34  39  -9  26   0 0.23    M    0  9.3 22  60   M    M  10 1      29  60
 2  49  33  41  -7  24   0 0.00  0.0    0 13.0 22 350   M    M   6        30 350
 3  62  28  45  -4  20   0 0.00  0.0    0  5.5 13 180   M    M   0        18 180
 4  62  33  48  -1  17   0 0.00  0.0    0  5.5 16 360   M    M   3        24 360
 5  61  33  47  -3  18   0 0.00  0.0    0  6.7 12  60   M    M   4        18 320
 6  56  33  45  -5  20   0 0.00  0.0    0 10.7 17 340   M    M   1        28 360
 7  53  31  42  -8  23   0 0.00  0.0    0 10.7 17 360   M    M   0        24 360
 8  59  25  42  -8  23   0 0.00  0.0    0  2.3  8 110   M    M   0         M  M
 9  53  35  44  -7  21   0 0.00  0.0    0  6.6  9 230   M    M   7         M  M
10  67  43  55   4  10   0 0.01    M    0  3.0  8 290   M    M   7 1       M  M
11  65  48  57   6   8   0 0.00  0.0    0  4.1  9  50   M    M   9 12      M  M
12  67  47  57   5   8   0 0.00  0.0    0  4.6 12  10   M    M   5        17 320
13  68  43  56   4   9   0 0.00  0.0    0  7.3 14 300   M    M   4        20 320
14  67  38  53   1  12   0 0.00  0.0    0  6.8 12 140   M    M   1         M  M
15  65  47  56   3   9   0 0.38    M    0  8.5 13 130   M    M   7         M  M
16  71  48  60   7   5   0 0.92    M    0  8.5 17  70   M    M   8 1      22  70
17  72  55  64  11   1   0 1.53  0.0    0  7.5 14 190   M    M   8 1      18 190
18  58  34  46  -8  19   0 0.10    M    0 13.7 22 350   M    M   8 1      28 350
19  53  32  43 -11  22   0 0.00  0.0    0 10.8 16  60   M    M   0        20  60
20  52  35  44 -10  21   0 0.07    M    0 15.1 22  90   M    M   6 1      30 100
21  55  42  49  -5  16   0 0.05    M    0 10.6 16 240   M    M  10 1      21 240
22  60  42  51  -4  14   0 0.00  0.0    0 11.5 17 250   M    M   8        24 250
23  55  42  49  -6  16   0 0.02    M    0  6.5 13  50   M    M  10        17  60
24  55  45  50  -5  15   0 0.06    M    0  9.4 15  50   M    M   9         M  M
================================================================================
SM 1429  926       377   0  3.37     0.0 198.2          M      131
================================================================================
AV 59.5 38.6                               8.3 FASTST   M    M   5    MAX(MPH)
                                 MISC ---->  # 22  60               # 30  350
================================================================================
NOTES:
# LAST OF SEVERAL OCCURRENCES

COLUMN 17 PEAK WIND IN M.P.H.

PRELIMINARY LOCAL CLIMATOLOGICAL DATA (WS FORM: F-6) , PAGE 2

                                          STATION:  ANTIGO AWOS
                                          MONTH:    MAY
                                          YEAR:     2017
                                          LATITUDE:   45  9 N
                                          LONGITUDE:  89  8 W

[TEMPERATURE DATA]      [PRECIPITATION DATA]       SYMBOLS USED IN COLUMN 16

AVERAGE MONTHLY: 49.1   TOTAL FOR MONTH:   3.37    1 = FOG OR MIST
DPTR FM NORMAL:  -2.7   DPTR FM NORMAL:    0.89    2 = FOG REDUCING VISIBILITY
HIGHEST:    72 ON 17    GRTST 24HR  1.53 ON 17-17      TO 1/4 MILE OR LESS
LOWEST:     25 ON  8                               3 = THUNDER
                        SNOW, ICE PELLETS, HAIL    4 = ICE PELLETS
                        TOTAL MONTH:   0.0 INCH    5 = HAIL
                        GRTST 24HR     0.0         6 = FREEZING RAIN OR DRIZZLE
                        GRTST DEPTH:   0           7 = DUSTSTORM OR SANDSTORM:
                                                       VSBY 1/2 MILE OR LESS
                                                   8 = SMOKE OR HAZE
[NO. OF DAYS WITH]      [WEATHER - DAYS WITH]      9 = BLOWING SNOW
                                                   X = TORNADO
MAX 32 OR BELOW:   0    0.01 INCH OR MORE:  10
MAX 90 OR ABOVE:   0    0.10 INCH OR MORE:   5
MIN 32 OR BELOW:   4    0.50 INCH OR MORE:   2
MIN  0 OR BELOW:   0    1.00 INCH OR MORE:   1

[HDD (BASE 65) ]
TOTAL THIS MO.   377    CLEAR  (SCALE 0-3)   7
DPTR FM NORMAL    55    PTCLDY (SCALE 4-7)  12
TOTAL FM JUL 1  7775    CLOUDY (SCALE 8-10)  5
DPTR FM NORMAL -1122

[CDD (BASE 65) ]
TOTAL THIS MO.     0
DPTR FM NORMAL     0    [PRESSURE DATA]
TOTAL FM JAN 1     0    HIGHEST SLP M ON M
DPTR FM NORMAL    -1    LOWEST  SLP M ON M

[REMARKS]
