000
CXAK56 PAJK 171245
CF6AJN
PRELIMINARY LOCAL CLIMATOLOGICAL DATA (WS FORM: F-6)

                                          STATION:   JUNEAU
                                          MONTH:     APRIL
                                          YEAR:      2014
                                          LATITUDE:   58 22 N
                                          LONGITUDE: 134 35 W

  TEMPERATURE IN F:       :PCPN:    SNOW:  WIND      :SUNSHINE: SKY     :PK WND
================================================================================
1   2   3   4   5  6A  6B    7    8   9   10  11  12  13   14  15   16   17  18
                                     12Z  AVG MX 2MIN
DY MAX MIN AVG DEP HDD CDD  WTR  SNW DPTH SPD SPD DIR MIN PSBL S-S WX    SPD DR
================================================================================

 1  42  28  35  -2  30   0 0.00  0.0    0  2.7  9 230   M    M   8        14 220
 2  46  31  39   1  26   0    T    T    0  3.8 16 110   M    M   9        19 120
 3  46  28  37  -1  28   0 0.00  0.0    0  4.2 13 240   M    M   5        17 240
 4  43  27  35  -3  30   0 0.06    T    0 11.1 22 120   M    M   9        27 110
 5  41  33  37  -1  28   0 0.33  0.2    0  7.2 16 100   M    M  10 1      20 110
 6  44  37  41   3  24   0 0.17  0.0    0  8.8 20 110   M    M  10 1      25 110
 7  47  36  42   3  23   0 0.80  0.0    0 10.4 32 120   M    M  10 1      42 110
 8  45  36  41   2  24   0 0.10  0.0    0  5.9 13  90   M    M  10 1      19  60
 9  39  33  36  -3  29   0 0.29  0.1    0 11.0 25 120   M    M  10 1      31 130
10  42  31  37  -3  28   0 0.16  0.0    0  5.7 12 270   M    M   9 1      16 320
11  47  26  37  -3  28   0 0.00  0.0    0  4.1 14 230   M    M   1        16 240
12  47  24  36  -4  29   0 0.00  0.0    0  3.6 12 250   M    M   5        13 240
13  49  28  39  -1  26   0 0.00  0.0    0  2.7 10 250   M    M   8        12 240
14  50  31  41   1  24   0    T  0.0    0  2.5 12 250   M    M   8        14 250
15  53  35  44   3  21   0    T  0.0    0  6.6 14 110   M    M   8        18 110
16  51  38  45   4  20   0    T  0.0    0  6.1 16 240   M    M   8        20 220
================================================================================
SM  732  502       418   0  1.91     0.3  96.4          M      128
================================================================================
AV 45.8 31.4                               6.0 FASTST   M    M   8    MAX(MPH)
                                 MISC ---->  # 32 120               # 42  110
================================================================================
NOTES:
# LAST OF SEVERAL OCCURRENCES

COLUMN 17 PEAK WIND IN M.P.H.

PRELIMINARY LOCAL CLIMATOLOGICAL DATA (WS FORM: F-6) , PAGE 2

                                          STATION:  JUNEAU
                                          MONTH:    APRIL
                                          YEAR:     2014
                                          LATITUDE:   58 22 N
                                          LONGITUDE: 134 35 W

[TEMPERATURE DATA]      [PRECIPITATION DATA]       SYMBOLS USED IN COLUMN 16

AVERAGE MONTHLY: 38.6   TOTAL FOR MONTH:   1.91    1 = FOG OR MIST
DPTR FM NORMAL:  -0.6   DPTR FM NORMAL:    0.30    2 = FOG REDUCING VISIBILITY
HIGHEST:    53 ON 15    GRTST 24HR  0.80 ON  7- 7      TO 1/4 MILE OR LESS
LOWEST:     24 ON 12                               3 = THUNDER
                        SNOW, ICE PELLETS, HAIL    4 = ICE PELLETS
                        TOTAL MONTH:   0.3 INCH    5 = HAIL
                        GRTST 24HR   0.2 ON   M    6 = FREEZING RAIN OR DRIZZLE
                        GRTST DEPTH:   0           7 = DUSTSTORM OR SANDSTORM:
                                                       VSBY 1/2 MILE OR LESS
                                                   8 = SMOKE OR HAZE
[NO. OF DAYS WITH]      [WEATHER - DAYS WITH]      9 = BLOWING SNOW
                                                   X = TORNADO
MAX 32 OR BELOW:   0    0.01 INCH OR MORE:   7
MAX 90 OR ABOVE:   0    0.10 INCH OR MORE:   6
MIN 32 OR BELOW:   9    0.50 INCH OR MORE:   1
MIN  0 OR BELOW:   0    1.00 INCH OR MORE:   0

[HDD (BASE 65) ]
TOTAL THIS MO.   418    CLEAR  (SCALE 0-3)   1
DPTR FM NORMAL     2    PTCLDY (SCALE 4-7)   4
TOTAL FM JUL 1  7091    CLOUDY (SCALE 8-10) 11
DPTR FM NORMAL  -129

[CDD (BASE 65) ]
TOTAL THIS MO.     0
DPTR FM NORMAL     0    [PRESSURE DATA]
TOTAL FM JAN 1     0    HIGHEST SLP M ON M
DPTR FM NORMAL     0    LOWEST  SLP 29.23 ON  7

[REMARKS]
