630
CXUS56 KSGX 261445
CF6AJO
PRELIMINARY LOCAL CLIMATOLOGICAL DATA (WS FORM: F-6)

                                          STATION:   CORONA AIRPORT CA
                                          MONTH:     JULY
                                          YEAR:      2017
                                          LATITUDE:   33 53 N
                                          LONGITUDE: 117 36 W

  TEMPERATURE IN F:       :PCPN:    SNOW:  WIND      :SUNSHINE: SKY     :PK WND
================================================================================
1   2   3   4   5  6A  6B    7    8   9   10  11  12  13   14  15   16   17  18
                                     12Z  AVG MX 2MIN
DY MAX MIN AVG DEP HDD CDD  WTR  SNW DPTH SPD SPD DIR MIN PSBL S-S WX    SPD DR
================================================================================

 1  81  58  70   M   0   5 0.00  0.0    0  7.0 16 270   M    M   3 18     24 270
 2  88  52  70   M   0   5 0.00  0.0    0  5.2 14 270   M    M   1 1      21 270
 3  95  52  74   M   0   9 0.00  0.0    0  5.5 14 270   M    M   1 12     18 270
 4  97  53  75   M   0  10 0.00  0.0    0  5.8 15 300   M    M   0 8       M  M
 5  94  61  78   M   0  13 0.00  0.0    0  7.3 15 300   M    M   0 8      20 300
 6  97  59  78   M   0  13 0.00  0.0    0  5.1 16 290   M    M   0        23 270
 7 101  64  83   M   0  18 0.00  0.0    0  5.7 16 300   M    M   0        24 300
 8 103  63  83   M   0  18 0.00  0.0    0  7.1 15 290   M    M   0        23 290
 9  99  66  83   M   0  18 0.00  0.0    0  7.6 17 290   M    M   0        24 290
10  96  67  82   M   0  17 0.00  0.0    0  7.4 20 290   M    M   0        29 280
11  92  67  80   M   0  15 0.00  0.0    0  7.4 17 280   M    M   0        21 280
12  90  62  76   M   0  11 0.00  0.0    0  7.1 15 280   M    M   0 1      23 280
13  92  65  79   M   0  14 0.00  0.0    0  8.9 17 280   M    M   0 1      25 280
14  92  65  79   M   0  14 0.00  0.0    0  7.1 17 300   M    M   0        22 280
15  93  62  78   M   0  13 0.00  0.0    0  7.0 17 280   M    M   0        24 280
16  89  67  78   M   0  13 0.00  0.0    0  7.4 15 300   M    M   0        22 270
17  90  61  76   M   0  11 0.00  0.0    0  7.6 17 260   M    M   0 1      28 260
18  89  61  75   M   0  10 0.00  0.0    0  6.3 17 290   M    M   0 1      23 270
19  92  68  80   M   0  15 0.00  0.0    0  7.2 13 280   M    M   0        18 290
20  92  62  77   M   0  12 0.00  0.0    0  6.6 17 280   M    M   0        24 270
21  90  59  75   M   0  10 0.00  0.0    0  6.5 17 290   M    M   0 1      22 280
22  91  60  76   M   0  11 0.00  0.0    0  7.3 17 290   M    M   0 1      23 290
23  91  64  78   M   0  13 0.00  0.0    0  7.3 17 280   M    M   0 1      25 280
24  82  63  73   M   0   8 0.01  0.0    0  4.5 13 280   M    M   1         M  M
25  87  66  77   M   0  12 0.00  0.0    0  7.1 16 280   M    M   1        25 280
================================================================================
SM 2303 1547         0 308  0.01     0.0 169.0          M        7
================================================================================
AV 92.1 61.9                               6.8 FASTST   M    M   0    MAX(MPH)
                                 MISC ---->  # 20 290               # 29  280
================================================================================
NOTES:
# LAST OF SEVERAL OCCURRENCES

COLUMN 17 PEAK WIND IN M.P.H.

PRELIMINARY LOCAL CLIMATOLOGICAL DATA (WS FORM: F-6) , PAGE 2

                                          STATION:  CORONA AIRPORT CA
                                          MONTH:    JULY
                                          YEAR:     2017
                                          LATITUDE:   33 53 N
                                          LONGITUDE: 117 36 W

[TEMPERATURE DATA]      [PRECIPITATION DATA]       SYMBOLS USED IN COLUMN 16

AVERAGE MONTHLY: 77.0   TOTAL FOR MONTH:   0.01    1 = FOG OR MIST
DPTR FM NORMAL:     M   DPTR FM NORMAL:       M    2 = FOG REDUCING VISIBILITY
HIGHEST:   103 ON  8    GRTST 24HR  0.01 ON 24-24      TO 1/4 MILE OR LESS
LOWEST:     52 ON  3, 2                            3 = THUNDER
                        SNOW, ICE PELLETS, HAIL    4 = ICE PELLETS
                        TOTAL MONTH:   0.0 INCH    5 = HAIL
                        GRTST 24HR     0.0         6 = FREEZING RAIN OR DRIZZLE
                        GRTST DEPTH:   0           7 = DUSTSTORM OR SANDSTORM:
                                                       VSBY 1/2 MILE OR LESS
                                                   8 = SMOKE OR HAZE
[NO. OF DAYS WITH]      [WEATHER - DAYS WITH]      9 = BLOWING SNOW
                                                   X = TORNADO
MAX 32 OR BELOW:   0    0.01 INCH OR MORE:   1
MAX 90 OR ABOVE:  19    0.10 INCH OR MORE:   0
MIN 32 OR BELOW:   0    0.50 INCH OR MORE:   0
MIN  0 OR BELOW:   0    1.00 INCH OR MORE:   0

[HDD (BASE 65) ]
TOTAL THIS MO.     0    CLEAR  (SCALE 0-3)  25
DPTR FM NORMAL     M    PTCLDY (SCALE 4-7)   0
TOTAL FM JUL 1     0    CLOUDY (SCALE 8-10)  0
DPTR FM NORMAL     M

[CDD (BASE 65) ]
TOTAL THIS MO.   308
DPTR FM NORMAL     M    [PRESSURE DATA]
TOTAL FM JAN 1   572    HIGHEST SLP M ON M
DPTR FM NORMAL     M    LOWEST  SLP M ON M

[REMARKS]
