000
CXUS55 KBOU 291413
CF6AKO
PRELIMINARY LOCAL CLIMATOLOGICAL DATA (WS FORM: F-6)

                                          STATION:   AKRON CO
                                          MONTH:     SEPTEMBER
                                          YEAR:      2014
                                          LATITUDE:   40 10 N
                                          LONGITUDE: 103 13 W

  TEMPERATURE IN F:       :PCPN:    SNOW:  WIND      :SUNSHINE: SKY     :PK WND
================================================================================
1   2   3   4   5  6A  6B    7    8   9   10  11  12  13   14  15   16   17  18
                                     12Z  AVG MX 2MIN
DY MAX MIN AVG DEP HDD CDD  WTR  SNW DPTH SPD SPD DIR MIN PSBL S-S WX    SPD DR
================================================================================

 1  79  50  65  -4   0   0 0.00    M    M  7.2 12 320   M    M   3        13 190
 2  84  48  66  -3   0   1 0.00    M    M 13.0 25 210   M    M   0        31 210
 3  94  59  77   9   0  12 0.00    M    M 11.2 21 190   M    M   0        28 200
 4  74  56  65  -3   0   0    T    M    M 12.8 25 360   M    M   1        30 350
 5  62  49  56 -12   9   0 0.16    M    M 10.3 17 170   M    M   8 1      25 180
 6  74  46  60  -7   5   0 0.00    M    M 12.7 22 180   M    M   1        27 210
 7  84  54  69   2   0   4 0.00    M    M 10.8 23 200   M    M   0        29 210
 8  87  56  72   6   0   7    T    M    M 11.7 22 340   M    M   1        29 330
 9  81  54  68   2   0   3 0.08    M    M  9.7 28 340   M    M   4        33 340
10  66  48  57  -9   8   0 0.01    M    M 11.9 23 130   M    M   6 1      27 130
11  50  33  42 -23  23   0 0.05    M    M 15.8 22 130   M    M  10 12     27 130
12  48  33  41 -24  24   0 0.01    M    M  7.6 16  30   M    M   7 1      19  30
13  72  35  54 -10  11   0 0.00    M    M  9.2 20 200   M    M   0        26 200
14  86  47  67   3   0   2 0.00    M    M  8.5 29 320   M    M   0 1      35 320
15  66  46  56  -7   9   0    T    M    M 12.6 22 350   M    M   5 12     28 350
16  87  51  69   6   0   4 0.00    M    M 12.9 29 320   M    M   0        35 310
17  89  51  70   8   0   5    T    M    M 10.6 49 320   M    M   0        81 320
18  88  52  70   8   0   5 0.00    M    M 10.2 23 200   M    M   0        31 190
19  90  64  77  15   0  12 0.01    M    M 10.9 22  40   M    M   2 3      34  10
20  80  54  67   6   0   2 0.00    M    M 10.1 18  40   M    M   1 8      22  40
21  74  53  64   4   1   0 0.00    M    M 12.5 23 120   M    M   5        28 120
22  79  57  68   8   0   3 0.51    M    M 14.8 29 180   M    M   6 13     37 190
23  79  54  67   7   0   2 0.00    M    M  8.5 16 280   M    M   4        21 280
24  84  54  69  10   0   4 0.00    M    M  8.3 15 180   M    M   0        20 200
25  85  56  71  12   0   6 0.00    M    M 12.5 21 150   M    M   0        26 140
26  85  56  71  13   0   6 0.00    M    M 12.3 20 150   M    M   0        24 170
27  84  49  67   9   0   2 0.00    M    M 10.7 18 140   M    M   0        29 150
28  79  46  63   6   2   0    T    M    M 11.6 21 130   M    M   2 1      28 150
================================================================================
SM 2190 1411        92  80  0.83    M    310.9          M       66
================================================================================
AV 78.2 50.4                              11.1 FASTST   M    M   2    MAX(MPH)
                                 MISC ---->  # 49 320               # 81  320
================================================================================
NOTES:
# LAST OF SEVERAL OCCURRENCES

COLUMN 17 PEAK WIND IN M.P.H.

PRELIMINARY LOCAL CLIMATOLOGICAL DATA (WS FORM: F-6) , PAGE 2

                                          STATION:  AKRON CO
                                          MONTH:    SEPTEMBER
                                          YEAR:     2014
                                          LATITUDE:   40 10 N
                                          LONGITUDE: 103 13 W

[TEMPERATURE DATA]      [PRECIPITATION DATA]       SYMBOLS USED IN COLUMN 16

AVERAGE MONTHLY: 64.3   TOTAL FOR MONTH:   0.83    1 = FOG OR MIST
DPTR FM NORMAL:   0.9   DPTR FM NORMAL:   -0.26    2 = FOG REDUCING VISIBILITY
HIGHEST:    94 ON  3    GRTST 24HR  0.51 ON 22-22      TO 1/4 MILE OR LESS
LOWEST:     33 ON 12,11                            3 = THUNDER
                        SNOW, ICE PELLETS, HAIL    4 = ICE PELLETS
                        TOTAL MONTH:    M          5 = HAIL
                        GRTST 24HR    M  ON   M    6 = FREEZING RAIN OR DRIZZLE
                        GRTST DEPTH:  M  ON   M    7 = DUSTSTORM OR SANDSTORM:
                                                       VSBY 1/2 MILE OR LESS
                                                   8 = SMOKE OR HAZE
[NO. OF DAYS WITH]      [WEATHER - DAYS WITH]      9 = BLOWING SNOW
                                                   X = TORNADO
MAX 32 OR BELOW:   0    0.01 INCH OR MORE:   7
MAX 90 OR ABOVE:   2    0.10 INCH OR MORE:   2
MIN 32 OR BELOW:   0    0.50 INCH OR MORE:   1
MIN  0 OR BELOW:   0    1.00 INCH OR MORE:   0

[HDD (BASE 65) ]
TOTAL THIS MO.    92    CLEAR  (SCALE 0-3)  18
DPTR FM NORMAL   -28    PTCLDY (SCALE 4-7)   9
TOTAL FM JUL 1   110    CLOUDY (SCALE 8-10)  1
DPTR FM NORMAL   -30

[CDD (BASE 65) ]
TOTAL THIS MO.    80
DPTR FM NORMAL     3    [PRESSURE DATA]
TOTAL FM JAN 1   694    HIGHEST SLP M ON M
DPTR FM NORMAL   -57    LOWEST  SLP 29.55 ON  3

[REMARKS]
