310
CXUS54 KEPZ 281200
CF6ALM
PRELIMINARY LOCAL CLIMATOLOGICAL DATA (WS FORM: F-6)

                                          STATION:   ALAMOGORDO
                                          MONTH:     MAY
                                          YEAR:      2016
                                          LATITUDE:   32 49 N
                                          LONGITUDE: 106  0 W

  TEMPERATURE IN F:       :PCPN:    SNOW:  WIND      :SUNSHINE: SKY     :PK WND
================================================================================
1   2   3   4   5  6A  6B    7    8   9   10  11  12  13   14  15   16   17  18
                                     12Z  AVG MX 2MIN
DY MAX MIN AVG DEP HDD CDD  WTR  SNW DPTH SPD SPD DIR MIN PSBL S-S WX    SPD DR
================================================================================

 1  68  46  57   M   8   0 0.00  0.0    0  9.7 22 160   M    M   1        29 200
 2  68  36  52   M  13   0 0.00  0.0    0  6.3 15 170   M    M   0        18 180
 3  79  46  63   M   2   0 0.00  0.0    0  7.2 12  10   M    M   0        27 310
 4  82  45  64   M   1   0 0.00  0.0    0  4.9 10 280   M    M   0        17 230
 5  88  50  69   M   0   4 0.00  0.0    0 11.7 24 130   M    M   0        31 130
 6  91  66  79   M   0  14 0.00  0.0    0 17.0 24 220   M    M   0        39 220
 7  79  54  67   M   0   2 0.00  0.0    0  8.8 18 190   M    M   0        28 230
 8  77  46  62   M   3   0 0.00  0.0    0 10.6 22 240   M    M   0        29 240
 9  81  48  65   M   0   0 0.00  0.0    0  8.0 15 240   M    M   0        24 250
10  84  52  68   M   0   3 0.00  0.0    0  8.7 20 240   M    M   0        29 240
11  84  52  68   M   0   3 0.00  0.0    0  4.5 10 290   M    M   0        16 230
12  86  48  67   M   0   2 0.00  0.0    0  8.5 15 190   M    M   0        18 200
13  90  54  72   M   0   7 0.00  0.0    0  6.9 16 160   M    M   0        24 160
14  82  59  71   M   0   6 0.27  0.0    0 12.9 25 180   M    M   2 3      31 180
15  86  59  73   M   0   8 0.00  0.0    0  9.8 18 160   M    M   2        29 260
16  86  63  75   M   0  10 0.00  0.0    0  9.0 20 270   M    M   0        25 270
17  77  50  64   M   1   0 0.04  0.0    0  8.5 33 310   M    M   3 3      44 310
18  70  48  59   M   6   0 0.36    M    0  7.1 22  70   M    M   5 3      43  70
19  73  45  59   M   6   0 0.00  0.0    0  3.8  9 160   M    M   0         M  M
20  86  50  68   M   0   3 0.00  0.0    0  7.3 15 210   M    M   0        28 210
21  88  57  73   M   0   8 0.00  0.0    0  8.6 18 210   M    M   0        25 210
22  86  59  73   M   0   8 0.00  0.0    0  9.5 18 210   M    M   0        24 260
23  88  63  76   M   0  11 0.00  0.0    0  7.3 13 230   M    M   0        21 220
24  88  57  73   M   0   8 0.00  0.0    0  9.5 16 230   M    M   0        27 220
25  86  55  71   M   0   6 0.00  0.0    0 10.0 24 210   M    M   0        33 210
26  81  52  67   M   0   2 0.00  0.0    0 10.5 17 250   M    M   0        31 230
27  81  48  65   M   0   0 0.00  0.0    0  6.7 12 300   M    M   0        21 240
================================================================================
SM 2215 1408        40 105  0.67     0.0 233.3          M       13
================================================================================
AV 82.0 52.1                               8.6 FASTST   M    M   0    MAX(MPH)
                                 MISC ---->    33   M                 44    M
================================================================================
NOTES:
# LAST OF SEVERAL OCCURRENCES

COLUMN 17 PEAK WIND IN M.P.H.

PRELIMINARY LOCAL CLIMATOLOGICAL DATA (WS FORM: F-6) , PAGE 2

                                          STATION:  ALAMOGORDO
                                          MONTH:    MAY
                                          YEAR:     2016
                                          LATITUDE:   32 49 N
                                          LONGITUDE: 106  0 W

[TEMPERATURE DATA]      [PRECIPITATION DATA]       SYMBOLS USED IN COLUMN 16

AVERAGE MONTHLY: 67.1   TOTAL FOR MONTH:   0.67    1 = FOG OR MIST
DPTR FM NORMAL:     M   DPTR FM NORMAL:       M    2 = FOG REDUCING VISIBILITY
HIGHEST:    91 ON  6    GRTST 24HR  0.36 ON 18-18      TO 1/4 MILE OR LESS
LOWEST:     36 ON  2                               3 = THUNDER
                        SNOW, ICE PELLETS, HAIL    4 = ICE PELLETS
                        TOTAL MONTH:   0.0 INCH    5 = HAIL
                        GRTST 24HR     0.0         6 = FREEZING RAIN OR DRIZZLE
                        GRTST DEPTH:   0           7 = DUSTSTORM OR SANDSTORM:
                                                       VSBY 1/2 MILE OR LESS
                                                   8 = SMOKE OR HAZE
[NO. OF DAYS WITH]      [WEATHER - DAYS WITH]      9 = BLOWING SNOW
                                                   X = TORNADO
MAX 32 OR BELOW:   0    0.01 INCH OR MORE:   3
MAX 90 OR ABOVE:   2    0.10 INCH OR MORE:   2
MIN 32 OR BELOW:   0    0.50 INCH OR MORE:   0
MIN  0 OR BELOW:   0    1.00 INCH OR MORE:   0

[HDD (BASE 65) ]
TOTAL THIS MO.    40    CLEAR  (SCALE 0-3)  26
DPTR FM NORMAL     M    PTCLDY (SCALE 4-7)   1
TOTAL FM JUL 1  2901    CLOUDY (SCALE 8-10)  0
DPTR FM NORMAL     M

[CDD (BASE 65) ]
TOTAL THIS MO.   105
DPTR FM NORMAL     M    [PRESSURE DATA]
TOTAL FM JAN 1   130    HIGHEST SLP M ON M
DPTR FM NORMAL     M    LOWEST  SLP M ON M

[REMARKS]
