000
CXUS55 KPUB 281104
CF6ALS
PRELIMINARY LOCAL CLIMATOLOGICAL DATA (WS FORM: F-6)

                                          STATION:   ALAMOSA CO
                                          MONTH:     MAY
                                          YEAR:      2016
                                          LATITUDE:   37 27 N
                                          LONGITUDE: 105 52 W

  TEMPERATURE IN F:       :PCPN:    SNOW:  WIND      :SUNSHINE: SKY     :PK WND
================================================================================
1   2   3   4   5  6A  6B    7    8   9   10  11  12  13   14  15   16   17  18
                                     12Z  AVG MX 2MIN
DY MAX MIN AVG DEP HDD CDD  WTR  SNW DPTH SPD SPD DIR MIN PSBL S-S WX    SPD DR
================================================================================

 1  45  28  37 -10  28   0 0.08  0.8    0 11.3 25 110   M    M   9 12     30 110
 2  56  32  44  -3  21   0    T  0.0    0  6.0 20 230   M    M   7        23 230
 3  64  26  45  -2  20   0 0.00  0.0    0  5.8 16 230   M    M   0 1      21 360
 4  70  29  50   2  15   0 0.00  0.0    0  4.6 14 190   M    M   0        17 190
 5  73  33  53   5  12   0 0.00  0.0    0  5.5 14 150   M    M   1        18 150
 6  77  40  59  11   6   0    T  0.0    0 14.8 38 190   M    M   2 8      50 200
 7  61  31  46  -3  19   0 0.00  0.0    0 16.1 35 240   M    M   1        44 250
 8  55  25  40  -9  25   0    T  0.0    0  9.8 31 220   M    M   2 3      39 210
 9  68  39  54   5  11   0 0.00  0.0    0 12.4 31 340   M    M   5        38 340
10  70  38  54   4  11   0 0.04  0.0    0 11.9 37 270   M    M   4 18     51 240
11  57  33  45  -5  20   0 0.06  0.0    0  8.1 30 350   M    M   6 1      42 300
12  69  26  48  -2  17   0 0.00  0.0    0  3.5 14 260   M    M   0        19 240
13  75  28  52   2  13   0 0.00  0.0    0  5.1 21 100   M    M   0        27 100
14  77  32  55   4  10   0 0.00  0.0    0  8.8 28 260   M    M   2        46 270
15  68  39  54   3  11   0 0.03  0.0    0 11.7 35 260   M    M   5 13     44 270
16  61  32  47  -4  18   0 0.01  0.0    0  9.1 41 250   M    M   4 128    51 250
17  60  37  49  -3  16   0 0.23  0.0    0  9.2 26 110   M    M   6 13     34  90
18  58  40  49  -3  16   0 0.14  0.0    0  6.3 20  50   M    M   7 13     24  90
19  65  40  53   1  12   0 0.00  0.0    0  6.4 21 220   M    M   6 3      30 210
20  72  34  53   1  12   0 0.00  0.0    0   M   M   M   M    M   1         M  M
21  76  34  55   2  10   0 0.00  0.0    0 13.2 28 220   M    M   0        37 240
22  72  41  57   4   8   0 0.00  0.0    0 15.5 32 240   M    M   0        40 240
23  70  36  53   0  12   0 0.00  0.0    0 12.0 28 240   M    M   0        40 230
24  73  34  54   0  11   0 0.00  0.0    0 13.1 31 240   M    M   0 8      37 240
25  71  35  53  -1  12   0 0.00  0.0    0  9.7 24 240   M    M   0        32 220
26  64  33  49  -5  16   0    T  0.0    0  8.4 30 260   M    M   5 3      39 260
27  61  36  49  -5  16   0 0.53  0.0    0  6.8 22 260   M    M   6 3      27 270
================================================================================
SM 1788  911       398   0  1.12     0.8 245.1          M       79
================================================================================
AV 66.2 33.7                               9.4 FASTST   M    M   3    MAX(MPH)
                                 MISC ---->  # 41 250               # 51  240
================================================================================
NOTES:
# LAST OF SEVERAL OCCURRENCES

COLUMN 17 PEAK WIND IN M.P.H.

PRELIMINARY LOCAL CLIMATOLOGICAL DATA (WS FORM: F-6) , PAGE 2

                                          STATION:  ALAMOSA CO
                                          MONTH:    MAY
                                          YEAR:     2016
                                          LATITUDE:   37 27 N
                                          LONGITUDE: 105 52 W

[TEMPERATURE DATA]      [PRECIPITATION DATA]       SYMBOLS USED IN COLUMN 16

AVERAGE MONTHLY: 50.0   TOTAL FOR MONTH:   1.12    1 = FOG OR MIST
DPTR FM NORMAL:  -0.7   DPTR FM NORMAL:    0.61    2 = FOG REDUCING VISIBILITY
HIGHEST:    77 ON 14, 6 GRTST 24HR  0.53 ON 26-27      TO 1/4 MILE OR LESS
LOWEST:     25 ON  8                               3 = THUNDER
                        SNOW, ICE PELLETS, HAIL    4 = ICE PELLETS
                        TOTAL MONTH:   0.8 INCH    5 = HAIL
                        GRTST 24HR   0.8 ON   M    6 = FREEZING RAIN OR DRIZZLE
                        GRTST DEPTH:   0           7 = DUSTSTORM OR SANDSTORM:
                                                       VSBY 1/2 MILE OR LESS
                                                   8 = SMOKE OR HAZE
[NO. OF DAYS WITH]      [WEATHER - DAYS WITH]      9 = BLOWING SNOW
                                                   X = TORNADO
MAX 32 OR BELOW:   0    0.01 INCH OR MORE:   8
MAX 90 OR ABOVE:   0    0.10 INCH OR MORE:   3
MIN 32 OR BELOW:  10    0.50 INCH OR MORE:   1
MIN  0 OR BELOW:   0    1.00 INCH OR MORE:   0

[HDD (BASE 65) ]
TOTAL THIS MO.   398    CLEAR  (SCALE 0-3)  15
DPTR FM NORMAL    11    PTCLDY (SCALE 4-7)  11
TOTAL FM JUL 1  7766    CLOUDY (SCALE 8-10)  1
DPTR FM NORMAL  -621

[CDD (BASE 65) ]
TOTAL THIS MO.     0
DPTR FM NORMAL     0    [PRESSURE DATA]
TOTAL FM JAN 1     0    HIGHEST SLP M ON M
DPTR FM NORMAL     0    LOWEST  SLP 29.54 ON  9

[REMARKS]
