000
CXUS56 KPDT 281810
CF6ALW
PRELIMINARY LOCAL CLIMATOLOGICAL DATA (WS FORM: F-6)
STATION: WALLA WALLA WA
MONTH: MARCH
YEAR: 2024
LATITUDE: 46 5 N
LONGITUDE: 118 17 W
TEMPERATURE IN F: :PCPN: SNOW: WIND :SUNSHINE: SKY :PK WND
================================================================================
1 2 3 4 5 6A 6B 7 8 9 10 11 12 13 14 15 16 17 18
12Z AVG MX 2MIN
DY MAX MIN AVG DEP HDD CDD WTR SNW DPTH SPD SPD DIR MIN PSBL S-S WX SPD DR
================================================================================
1 50 35 43 0 22 0 0.03 M M 12.2 35 260 M M 5 3 46 250
2 47 28 38 -5 27 0 0.07 M M 9.9 28 240 M M 6 36 240
3 45 28 37 -7 28 0 0.01 M M 7.1 23 260 M M 4 1 32 250
4 46 32 39 -5 26 0 T M M 11.7 24 210 M M 6 1 34 260
5 43 30 37 -7 28 0 T M M 4.7 10 180 M M 6 13 180
6 46 26 36 -8 29 0 0.00 M M 4.0 9 100 M M 0 12 110
7 47 26 37 -8 28 0 0.00 M M 5.8 12 230 M M 2 14 230
8 57 29 43 -2 22 0 0.00 M M 5.2 13 30 M M 0 15 30
9 57 33 45 0 20 0 0.05 M M 11.3 25 260 M M 4 36 190
10 58 39 49 3 16 0 0.06 M M 15.2 27 210 M M 7 55 200
11 56 38 47 1 18 0 0.06 M M 7.3 20 230 M M 8 33 210
12 56 39 48 2 17 0 T M M 14.9 28 230 M M 8 38 260
13 52 37 45 -1 20 0 0.00 M M 9.6 15 190 M M 6 26 220
14 57 32 45 -2 20 0 0.00 M M 5.0 14 10 M M 0 18 340
15 63 33 48 1 17 0 0.00 M M 5.0 15 360 M M 0 20 360
16 63 35 49 2 16 0 0.00 M M 3.5 10 100 M M 0 12 100
17 67 41 54 7 11 0 0.00 M M 4.8 9 110 M M 0 12 260
18 72 43 58 10 7 0 0.00 M M 5.1 10 90 M M 0 13 250
19 75 46 61 13 4 0 0.00 M M 5.7 13 180 M M 0 17 170
20 69 46 58 10 7 0 T M M 10.7 18 190 M M 2 26 210
21 63 47 55 7 10 0 T M M 10.7 23 190 M M 7 28 230
22 63 43 53 5 12 0 T M M 7.8 22 80 M M 3 27 80
23 59 44 52 4 13 0 0.01 M M 8.4 18 180 M M 6 24 240
24 53 42 48 -1 17 0 0.13 M M 9.3 21 260 M M 8 1 36 260
25 56 41 49 0 16 0 T M M 12.5 22 250 M M 8 29 220
26 58 40 49 0 16 0 T M M 11.2 22 250 M M 6 28 260
27 53 39 46 -3 19 0 0.50 M M 10.3 29 210 M M 6 1 42 210
================================================================================
SM 1531 992 486 0 0.92 M 228.9 M 108
================================================================================
AV 56.7 36.7 8.5 FASTST M M 4 MAX(MPH)
MISC ----> 35 260 55 200
================================================================================
NOTES:
# LAST OF SEVERAL OCCURRENCES
COLUMN 17 PEAK WIND IN M.P.H.
PRELIMINARY LOCAL CLIMATOLOGICAL DATA (WS FORM: F-6) , PAGE 2
STATION: WALLA WALLA WA
MONTH: MARCH
YEAR: 2024
LATITUDE: 46 5 N
LONGITUDE: 118 17 W
[TEMPERATURE DATA] [PRECIPITATION DATA] SYMBOLS USED IN COLUMN 16
AVERAGE MONTHLY: 46.7 TOTAL FOR MONTH: 0.92 1 = FOG OR MIST
DPTR FM NORMAL: 0.3 DPTR FM NORMAL: -0.88 2 = FOG REDUCING VISIBILITY
HIGHEST: 75 ON 19 GRTST 24HR 0.50 ON 27-27 TO 1/4 MILE OR LESS
LOWEST: 26 ON 7, 6 3 = THUNDER
SNOW, ICE PELLETS, HAIL 4 = ICE PELLETS
TOTAL MONTH: M 5 = HAIL
GRTST 24HR M ON M 6 = FREEZING RAIN OR DRIZZLE
GRTST DEPTH: M ON M 7 = DUSTSTORM OR SANDSTORM:
VSBY 1/2 MILE OR LESS
8 = SMOKE OR HAZE
[NO. OF DAYS WITH] [WEATHER - DAYS WITH] 9 = BLOWING SNOW
X = TORNADO
MAX 32 OR BELOW: 0 0.01 INCH OR MORE: 9
MAX 90 OR ABOVE: 0 0.10 INCH OR MORE: 2
MIN 32 OR BELOW: 8 0.50 INCH OR MORE: 1
MIN 0 OR BELOW: 0 1.00 INCH OR MORE: 0
[HDD (BASE 65) ]
TOTAL THIS MO. 486 CLEAR (SCALE 0-3) 10
DPTR FM NORMAL -18 PTCLDY (SCALE 4-7) 16
TOTAL FM JUL 1 4248 CLOUDY (SCALE 8-10) 1
DPTR FM NORMAL 123
[CDD (BASE 65) ]
TOTAL THIS MO. 0
DPTR FM NORMAL 0 [PRESSURE DATA]
TOTAL FM JAN 1 0 HIGHEST SLP M ON M
DPTR FM NORMAL 0 LOWEST SLP 29.23 ON 2
[REMARKS]