000
CXUS52 KJAX 280800
CF6AMG
PRELIMINARY LOCAL CLIMATOLOGICAL DATA (WS FORM: F-6)

                                          STATION:   ALMA GA
                                          MONTH:     DECEMBER
                                          YEAR:      2014
                                          LATITUDE:   31 32 N
                                          LONGITUDE:  82 30 W

  TEMPERATURE IN F:       :PCPN:    SNOW:  WIND      :SUNSHINE: SKY     :PK WND
================================================================================
1   2   3   4   5  6A  6B    7    8   9   10  11  12  13   14  15   16   17  18
                                     12Z  AVG MX 2MIN
DY MAX MIN AVG DEP HDD CDD  WTR  SNW DPTH SPD SPD DIR MIN PSBL S-S WX    SPD DR
================================================================================

 1  77  43  60   4   5   0 0.00  0.0    0  1.2  8 310   M    M   1 12     13 300
 2  77  47  62   6   3   0 0.00  0.0    0  2.5 10 140   M    M   3 12     14 150
 3  76  53  65  10   0   0 0.00  0.0    0  0.8  7  80   M    M   5 12      8  80
 4  77  52  65  10   0   0 0.00  0.0    0  3.2  8 110   M    M   2 12     13  30
 5  64  58  61   6   4   0 0.00  0.0    0  4.6  8  90   M    M  10 18     12 100
 6  69  58  64  10   1   0 0.00  0.0    0  3.0 10 300   M    M   9 12     13 250
 7  65  50  58   4   7   0 0.00  0.0    0  6.8 17 330   M    M  10        24 320
 8  51  44  48  -6  17   0 0.00  0.0    0  6.0 13 350   M    M  10 18     19  50
 9  59  39  49  -5  16   0 0.00  0.0    0  7.3 18 300   M    M   6        26 320
10  57  33  45  -9  20   0 0.00  0.0    0  4.6 14 310   M    M   0        17 300
11  59  30  45  -8  20   0 0.00  0.0    0  3.7 10 260   M    M   0 1      16 280
12  63  28  46  -7  19   0 0.00  0.0    0  1.3  8 350   M    M   0 1      11 350
13  66  28  47  -6  18   0 0.00  0.0    0  1.8  9 320   M    M   0 18     12 310
14  70  31  51  -2  14   0 0.00  0.0    0  1.7  9 230   M    M   0 18     12 230
15  69  30  50  -2  15   0 0.00  0.0    0  0.9  9 230   M    M   0 1      10 230
16  72  39  56   4   9   0 0.00  0.0    0  6.4 17 220   M    M   2 1      24 220
17  64  36  50  -2  15   0 0.00  0.0    0  2.7 12 270   M    M   0        16 280
18  66  38  52   0  13   0 0.00  0.0    0  1.6  8 250   M    M   0 1      10 270
19  66  41  54   2  11   0    T  0.0    0  2.3  8 340   M    M   2        10 340
20  60  50  55   3  10   0 0.04  0.0    0  2.9  9  70   M    M  10 1      14  60
21  54  48  51  -1  14   0 0.12  0.0    0  4.8  9  60   M    M  10 1      15  70
22  56  48  52   1  13   0 0.05  0.0    0  4.5 13 330   M    M  10 12     17 320
23  62  56  59   8   6   0 2.54  0.0    0  3.5 16 240   M    M  10 123    19 240
24  71  56  64  13   1   0 1.52  0.0    0 10.4 21 280   M    M   9 13     29 280
25  59  38  49  -2  16   0 0.00  0.0    0  6.7 16 280   M    M   2 1      24 280
26  64  34  49  -2  16   0 0.00  0.0    0  1.3  7  50   M    M   0 1      12 100
27  72  40  56   5   9   0 0.00  0.0    0  2.3  9 100   M    M   1 1      13 100
================================================================================
SM 1765 1148       292   0  4.27     0.0  98.8          M      112
================================================================================
AV 65.4 42.5                               3.7 FASTST   M    M   4    MAX(MPH)
                                 MISC ---->  # 21 280               # 29  280
================================================================================
NOTES:
# LAST OF SEVERAL OCCURRENCES

COLUMN 17 PEAK WIND IN M.P.H.

PRELIMINARY LOCAL CLIMATOLOGICAL DATA (WS FORM: F-6) , PAGE 2

                                          STATION:  ALMA GA
                                          MONTH:    DECEMBER
                                          YEAR:     2014
                                          LATITUDE:   31 32 N
                                          LONGITUDE:  82 30 W

[TEMPERATURE DATA]      [PRECIPITATION DATA]       SYMBOLS USED IN COLUMN 16

AVERAGE MONTHLY: 53.9   TOTAL FOR MONTH:   4.27    1 = FOG OR MIST
DPTR FM NORMAL:   1.0   DPTR FM NORMAL:    1.44    2 = FOG REDUCING VISIBILITY
HIGHEST:    77 ON  4, 2 GRTST 24HR  3.75 ON 23-24      TO 1/4 MILE OR LESS
LOWEST:     28 ON 13,12                            3 = THUNDER
                        SNOW, ICE PELLETS, HAIL    4 = ICE PELLETS
                        TOTAL MONTH:   0.0 INCH    5 = HAIL
                        GRTST 24HR     0.0         6 = FREEZING RAIN OR DRIZZLE
                        GRTST DEPTH:   0           7 = DUSTSTORM OR SANDSTORM:
                                                       VSBY 1/2 MILE OR LESS
                                                   8 = SMOKE OR HAZE
[NO. OF DAYS WITH]      [WEATHER - DAYS WITH]      9 = BLOWING SNOW
                                                   X = TORNADO
MAX 32 OR BELOW:   0    0.01 INCH OR MORE:   5
MAX 90 OR ABOVE:   0    0.10 INCH OR MORE:   3
MIN 32 OR BELOW:   5    0.50 INCH OR MORE:   2
MIN  0 OR BELOW:   0    1.00 INCH OR MORE:   2

[HDD (BASE 65) ]
TOTAL THIS MO.   292    CLEAR  (SCALE 0-3)  15
DPTR FM NORMAL   -43    PTCLDY (SCALE 4-7)   3
TOTAL FM JUL 1   690    CLOUDY (SCALE 8-10)  9
DPTR FM NORMAL   111

[CDD (BASE 65) ]
TOTAL THIS MO.     0
DPTR FM NORMAL    -7    [PRESSURE DATA]
TOTAL FM JAN 1  2439    HIGHEST SLP M ON M
DPTR FM NORMAL   -33    LOWEST  SLP 29.74 ON 24

[REMARKS]
