000
CXUS52 KJAX 310800
CF6AMG
PRELIMINARY LOCAL CLIMATOLOGICAL DATA (WS FORM: F-6)

                                          STATION:   ALMA GA
                                          MONTH:     AUGUST
                                          YEAR:      2016
                                          LATITUDE:   31 32 N
                                          LONGITUDE:  82 30 W

  TEMPERATURE IN F:       :PCPN:    SNOW:  WIND      :SUNSHINE: SKY     :PK WND
================================================================================
1   2   3   4   5  6A  6B    7    8   9   10  11  12  13   14  15   16   17  18
                                     12Z  AVG MX 2MIN
DY MAX MIN AVG DEP HDD CDD  WTR  SNW DPTH SPD SPD DIR MIN PSBL S-S WX    SPD DR
================================================================================

 1  93  73  83   1   0  18 0.07  0.0    0  4.3 21 260   M    M   1 13     26 230
 2  91  70  81  -1   0  16 0.08  0.0    0  3.1 16 350   M    M   3 13     23 350
 3  95  74  85   3   0  20 0.00  0.0    0  5.0 12 170   M    M   2        15 180
 4  93  74  84   2   0  19 0.16  0.0    0  3.2 16 220   M    M   4 13     22 240
 5  90  74  82   0   0  17 0.00  0.0    0  4.6 13 210   M    M   5 18     17 200
 6  93  74  84   2   0  19    T  0.0    0  4.5 14 160   M    M   4 13     17 170
 7  92  71  82   0   0  17 0.04  0.0    0  5.8 13 140   M    M   4 18     17 120
 8  90  74  82   0   0  17 0.01  0.0    0  8.0 15 160   M    M   8 1      20 160
 9  87  75  81  -1   0  16 0.11  0.0    0  8.4 17 160   M    M   8 18     24 130
10  92  73  83   1   0  18 1.74  0.0    0  5.4 21 210   M    M   6 123    26 210
11  94  72  83   1   0  18 0.00  0.0    0  3.5 12 160   M    M   3 1      15 180
12  94  74  84   2   0  19    T  0.0    0  4.0 13 250   M    M   2 13     19 250
13  95  72  84   2   0  19    T  0.0    0  4.2 21 220   M    M   2 13     29 210
14  95  70  83   1   0  18 0.04  0.0    0  3.9 24 200   M    M   1 13     33 180
15  94  70  82   0   0  17 0.09  0.0    0  2.7 18 160   M    M   1 13     25 200
16  95  74  85   4   0  20 0.00  0.0    0  3.3 17 120   M    M   3 123    21 130
17  94  71  83   2   0  18 0.00  0.0    0  1.8 15 130   M    M   0 1      20 130
18  96  73  85   4   0  20 0.56  0.0    0  3.3 16 230   M    M   3 13     23 250
19  93  71  82   1   0  17 0.06  0.0    0  3.9 14 250   M    M   2 13     19 280
20  94  75  85   4   0  20 0.00  0.0    0  5.0 14 250   M    M   1        18 250
21  95  74  85   4   0  20 0.00  0.0    0  5.6 14 240   M    M   1        17 230
22  95  75  85   4   0  20 0.00  0.0    0  3.6 10 320   M    M   2        14 300
23  94  75  85   4   0  20 1.10  0.0    0  3.3 21 140   M    M   3 1238   31 130
24  92  70  81   0   0  16 0.00  0.0    0  3.5 12 100   M    M   3 1      16 100
25  91  68  80  -1   0  15 0.00  0.0    0  3.5 13  70   M    M   1        19  70
26  92  68  80  -1   0  15 0.00  0.0    0  4.0 14  90   M    M   1 1      20 110
27  93  64  79  -1   0  14 0.00  0.0    0  4.4 13 100   M    M   2 1      20 110
28  93  73  83   3   0  18 0.00  0.0    0  4.5 16 130   M    M   2 1      21 130
29  91  72  82   2   0  17 0.04  0.0    0  5.0 18 120   M    M   3 138    28 110
30  90  73  82   2   0  17 0.10  0.0    0  4.6 17 140   M    M   3 13     22 130
================================================================================
SM 2786 2166         0 535  4.20     0.0 129.9          M       84
================================================================================
AV 92.9 72.2                               4.3 FASTST   M    M   3    MAX(MPH)
                                 MISC ---->  # 24 200               # 33  180
================================================================================
NOTES:
# LAST OF SEVERAL OCCURRENCES

COLUMN 17 PEAK WIND IN M.P.H.

PRELIMINARY LOCAL CLIMATOLOGICAL DATA (WS FORM: F-6) , PAGE 2

                                          STATION:  ALMA GA
                                          MONTH:    AUGUST
                                          YEAR:     2016
                                          LATITUDE:   31 32 N
                                          LONGITUDE:  82 30 W

[TEMPERATURE DATA]      [PRECIPITATION DATA]       SYMBOLS USED IN COLUMN 16

AVERAGE MONTHLY: 82.5   TOTAL FOR MONTH:   4.20    1 = FOG OR MIST
DPTR FM NORMAL:   1.2   DPTR FM NORMAL:   -1.07    2 = FOG REDUCING VISIBILITY
HIGHEST:    96 ON 18    GRTST 24HR  1.74 ON 10-10      TO 1/4 MILE OR LESS
LOWEST:     64 ON 27                               3 = THUNDER
                        SNOW, ICE PELLETS, HAIL    4 = ICE PELLETS
                        TOTAL MONTH:   0.0 INCH    5 = HAIL
                        GRTST 24HR     0.0         6 = FREEZING RAIN OR DRIZZLE
                        GRTST DEPTH:   0           7 = DUSTSTORM OR SANDSTORM:
                                                       VSBY 1/2 MILE OR LESS
                                                   8 = SMOKE OR HAZE
[NO. OF DAYS WITH]      [WEATHER - DAYS WITH]      9 = BLOWING SNOW
                                                   X = TORNADO
MAX 32 OR BELOW:   0    0.01 INCH OR MORE:  14
MAX 90 OR ABOVE:  29    0.10 INCH OR MORE:   6
MIN 32 OR BELOW:   0    0.50 INCH OR MORE:   3
MIN  0 OR BELOW:   0    1.00 INCH OR MORE:   2

[HDD (BASE 65) ]
TOTAL THIS MO.     0    CLEAR  (SCALE 0-3)  23
DPTR FM NORMAL     0    PTCLDY (SCALE 4-7)   6
TOTAL FM JUL 1     0    CLOUDY (SCALE 8-10)  1
DPTR FM NORMAL     0

[CDD (BASE 65) ]
TOTAL THIS MO.   535
DPTR FM NORMAL    45    [PRESSURE DATA]
TOTAL FM JAN 1  2067    HIGHEST SLP M ON M
DPTR FM NORMAL   175    LOWEST  SLP 29.85 ON  7

[REMARKS]
