000
CXUS53 KDMX 300920
CF6AMW
PRELIMINARY LOCAL CLIMATOLOGICAL DATA (WS FORM: F-6)

                                          STATION:   AMES IA
                                          MONTH:     MARCH
                                          YEAR:      2015
                                          LATITUDE:   41 59 N
                                          LONGITUDE:  93 37 W

  TEMPERATURE IN F:       :PCPN:    SNOW:  WIND      :SUNSHINE: SKY     :PK WND
================================================================================
1   2   3   4   5  6A  6B    7    8   9   10  11  12  13   14  15   16   17  18
                                     12Z  AVG MX 2MIN
DY MAX MIN AVG DEP HDD CDD  WTR  SNW DPTH SPD SPD DIR MIN PSBL S-S WX    SPD DR
================================================================================

 1  30  11  21  -9  44   0 0.00  0.0    M  9.1 17 320   M    M   3 1      21 310
 2  28   7  18 -12  47   0 0.00  0.0    M  7.0 16 140   M    M   4 1      20 140
 3  34  13  24  -7  41   0 0.00  0.0    M 14.9 26 330   M    M   8 1      34 350
 4  26   5  16 -15  49   0    T    M    M 14.5 26 330   M    M   5 18     34 340
 5  17  -6   6 -26  59   0 0.00  0.0    M  6.7 14 350   M    M   0        18 360
 6  49   9  29  -3  36   0 0.00  0.0    M  8.0 14 230   M    M   2        18 240
 7  49  28  39   6  26   0 0.00  0.0    M  8.1 25 320   M    M   1        31 330
 8  53  27  40   7  25   0 0.00  0.0    M  3.5 12 350   M    M   3 1      14  10
 9  56  23  40   6  25   0 0.00  0.0    M  4.3 13 230   M    M   0 1      15 230
10  68  27  48  14  17   0 0.00  0.0    M  5.3 15 310   M    M   0 18     19 300
11  60  31  46  11  19   0 0.00  0.0    M  6.4 13 340   M    M   0        16 350
12  71  32  52  17  13   0 0.00  0.0    0  8.6 20 180   M    M   0 18     25 190
13  70  30  50  14  15   0 0.00  0.0    0  9.2 22 350   M    M   2 128    29 350
14  64  34  49  13  16   0 0.00  0.0    0  8.6 18 310   M    M   0        23 350
15  70  28  49  13  16   0 0.00  0.0    0 11.6 32 230   M    M   0        39 220
16  83  42  63  26   2   0 0.00  0.0    0 18.8 33 360   M    M   0        39  10
17  47  33  40   3  25   0 0.00  0.0    0 12.4 26 360   M    M   1        35 340
18  51  34  43   5  22   0 0.00  0.0    0  6.1 16 140   M    M   5        21 140
19  47  31  39   1  26   0 0.00  0.0    0  6.7 14 180   M    M   7        18 150
20  63  30  47   8  18   0 0.00  0.0    0 10.2 21 220   M    M   0 1      25 220
21  56  34  45   6  20   0 0.00  0.0    0  9.9 20 350   M    M   0 18     25 350
22  58  32  45   5  20   0    T  0.0    0 13.9 22 100   M    M   0 3      30 120
23  38  30  34  -6  31   0 0.03  0.0    0 11.0 21  80   M    M   9 138    27  80
24  34  29  32  -9  33   0 0.20  0.0    0 10.1 25 110   M    M  10 18     33 120
25  48  32  40  -1  25   0 0.00  0.0    0 12.7 25 310   M    M   7 1      31 300
26  45  28  37  -5  28   0 0.00  0.0    0 12.9 23 340   M    M   4        30 330
27  39  21  30 -12  35   0 0.00  0.0    0  5.8 17  20   M    M   3        21  10
28  49  27  38  -4  27   0 0.00  0.0    0 10.6 20 150   M    M   5        29 150
29  61  32  47   4  18   0 0.02  0.0    0 17.5 38 300   M    M   2        46 300
================================================================================
SM 1464  734       778   0  0.25     0.0 284.4          M       81
================================================================================
AV 50.5 25.3                               9.8 FASTST   M    M   3    MAX(MPH)
                                 MISC ---->  # 38 300               # 46  300
================================================================================
NOTES:
# LAST OF SEVERAL OCCURRENCES

COLUMN 17 PEAK WIND IN M.P.H.

PRELIMINARY LOCAL CLIMATOLOGICAL DATA (WS FORM: F-6) , PAGE 2

                                          STATION:  AMES IA
                                          MONTH:    MARCH
                                          YEAR:     2015
                                          LATITUDE:   41 59 N
                                          LONGITUDE:  93 37 W

[TEMPERATURE DATA]      [PRECIPITATION DATA]       SYMBOLS USED IN COLUMN 16

AVERAGE MONTHLY: 37.9   TOTAL FOR MONTH:   0.25    1 = FOG OR MIST
DPTR FM NORMAL:   1.4   DPTR FM NORMAL:   -1.67    2 = FOG REDUCING VISIBILITY
HIGHEST:    83 ON 16    GRTST 24HR  0.20 ON 24-24      TO 1/4 MILE OR LESS
LOWEST:     -6 ON  5                               3 = THUNDER
                        SNOW, ICE PELLETS, HAIL    4 = ICE PELLETS
                        TOTAL MONTH:   0.0 INCH    5 = HAIL
                        GRTST 24HR     0.0         6 = FREEZING RAIN OR DRIZZLE
                        GRTST DEPTH:   0           7 = DUSTSTORM OR SANDSTORM:
                                                       VSBY 1/2 MILE OR LESS
                                                   8 = SMOKE OR HAZE
[NO. OF DAYS WITH]      [WEATHER - DAYS WITH]      9 = BLOWING SNOW
                                                   X = TORNADO
MAX 32 OR BELOW:   4    0.01 INCH OR MORE:   3
MAX 90 OR ABOVE:   0    0.10 INCH OR MORE:   1
MIN 32 OR BELOW:  24    0.50 INCH OR MORE:   0
MIN  0 OR BELOW:   1    1.00 INCH OR MORE:   0

[HDD (BASE 65) ]
TOTAL THIS MO.   778    CLEAR  (SCALE 0-3)  19
DPTR FM NORMAL   -50    PTCLDY (SCALE 4-7)   7
TOTAL FM JUL 1  6265    CLOUDY (SCALE 8-10)  3
DPTR FM NORMAL   152

[CDD (BASE 65) ]
TOTAL THIS MO.     0
DPTR FM NORMAL     0    [PRESSURE DATA]
TOTAL FM JAN 1     0    HIGHEST SLP  0.00 ON 14
DPTR FM NORMAL     0    LOWEST  SLP  0.00 ON 14

[REMARKS]
