000
CXUS53 KDMX 190920
CF6AMW
PRELIMINARY LOCAL CLIMATOLOGICAL DATA (WS FORM: F-6)

                                          STATION:   AMES IA
                                          MONTH:     SEPTEMBER
                                          YEAR:      2017
                                          LATITUDE:   41 59 N
                                          LONGITUDE:  93 37 W

  TEMPERATURE IN F:       :PCPN:    SNOW:  WIND      :SUNSHINE: SKY     :PK WND
================================================================================
1   2   3   4   5  6A  6B    7    8   9   10  11  12  13   14  15   16   17  18
                                     12Z  AVG MX 2MIN
DY MAX MIN AVG DEP HDD CDD  WTR  SNW DPTH SPD SPD DIR MIN PSBL S-S WX    SPD DR
================================================================================

 1  74  53  64  -4   1   0 0.00  0.0    0  6.6 15 140   M    M   3 18     19 130
 2  81  56  69   1   0   4 0.00  0.0    0  6.4 15 340   M    M   5 1      18 350
 3  84  50  67   0   0   2 0.00  0.0    0  6.9 16 220   M    M   0 1      21 220
 4  74  55  65  -2   0   0 0.00  0.0    0 10.5 20 360   M    M   1        28 360
 5  69  48  59  -8   6   0 0.00  0.0    0 12.5 25 350   M    M   1        34 330
 6  70  43  57  -9   8   0 0.00  0.0    0  7.2 20 340   M    M   3        25 320
 7  76  41  59  -7   6   0 0.00  0.0    0  3.8 13 270   M    M   1        17 320
 8  84  45  65  -1   0   0 0.00  0.0    0  3.5 10 140   M    M   1 1      14 140
 9  81  54  68   3   0   3 0.00  0.0    0  7.3 12 120   M    M   1        17  90
10  82  59  71   6   0   6 0.00  0.0    0  9.3 17 150   M    M   0        22 140
11  82  52  67   3   0   2 0.00  0.0    0  4.4 10 180   M    M   0        15 180
12  86  52  69   5   0   4 0.00  0.0    0  1.1  7 130   M    M   0 1      11 110
13  88  54  71   7   0   6 0.00  0.0    0  2.9 10 230   M    M   0 128    12 230
14  90  56  73  10   0   8 0.00  0.0    0  7.7 20 180   M    M   0 1      27 180
15  92  61  77  14   0  12    T  0.0    0 11.1 24 160   M    M   0 3      33 180
16  80  61  71   8   0   6 0.97  0.0    0  8.2 24 320   M    M   6 13     31 310
17  73  52  63   1   2   0 0.46  0.0    0  5.8 17 350   M    M   2 13     22  20
18  71  51  61  -1   4   0 0.24  0.0    0  4.6 12 150   M    M   7 12     15 110
================================================================================
SM 1437  943        27  53  1.67     0.0 119.8          M       31
================================================================================
AV 79.8 52.4                               6.7 FASTST   M    M   2    MAX(MPH)
                                 MISC ---->  # 25 350               # 34  330
================================================================================
NOTES:
# LAST OF SEVERAL OCCURRENCES

COLUMN 17 PEAK WIND IN M.P.H.

PRELIMINARY LOCAL CLIMATOLOGICAL DATA (WS FORM: F-6) , PAGE 2

                                          STATION:  AMES IA
                                          MONTH:    SEPTEMBER
                                          YEAR:     2017
                                          LATITUDE:   41 59 N
                                          LONGITUDE:  93 37 W

[TEMPERATURE DATA]      [PRECIPITATION DATA]       SYMBOLS USED IN COLUMN 16

AVERAGE MONTHLY: 66.1   TOTAL FOR MONTH:   1.67    1 = FOG OR MIST
DPTR FM NORMAL:   1.1   DPTR FM NORMAL:   -0.36    2 = FOG REDUCING VISIBILITY
HIGHEST:    92 ON 15    GRTST 24HR  1.30 ON 16-17      TO 1/4 MILE OR LESS
LOWEST:     41 ON  7                               3 = THUNDER
                        SNOW, ICE PELLETS, HAIL    4 = ICE PELLETS
                        TOTAL MONTH:   0.0 INCH    5 = HAIL
                        GRTST 24HR     0.0         6 = FREEZING RAIN OR DRIZZLE
                        GRTST DEPTH:   0           7 = DUSTSTORM OR SANDSTORM:
                                                       VSBY 1/2 MILE OR LESS
                                                   8 = SMOKE OR HAZE
[NO. OF DAYS WITH]      [WEATHER - DAYS WITH]      9 = BLOWING SNOW
                                                   X = TORNADO
MAX 32 OR BELOW:   0    0.01 INCH OR MORE:   3
MAX 90 OR ABOVE:   2    0.10 INCH OR MORE:   3
MIN 32 OR BELOW:   0    0.50 INCH OR MORE:   1
MIN  0 OR BELOW:   0    1.00 INCH OR MORE:   0

[HDD (BASE 65) ]
TOTAL THIS MO.    27    CLEAR  (SCALE 0-3)  15
DPTR FM NORMAL   -21    PTCLDY (SCALE 4-7)   3
TOTAL FM JUL 1    33    CLOUDY (SCALE 8-10)  0
DPTR FM NORMAL   -31

[CDD (BASE 65) ]
TOTAL THIS MO.    53
DPTR FM NORMAL     6    [PRESSURE DATA]
TOTAL FM JAN 1   773    HIGHEST SLP M ON M
DPTR FM NORMAL    43    LOWEST  SLP 29.68 ON 13

[REMARKS]
