000
CXUS54 KBMX 291216
CF6ANB
PRELIMINARY LOCAL CLIMATOLOGICAL DATA (WS FORM: F-6)

                                          STATION:   ANNISTON
                                          MONTH:     AUGUST
                                          YEAR:      2016
                                          LATITUDE:   33 35 N
                                          LONGITUDE:  85 51 W

  TEMPERATURE IN F:       :PCPN:    SNOW:  WIND      :SUNSHINE: SKY     :PK WND
================================================================================
1   2   3   4   5  6A  6B    7    8   9   10  11  12  13   14  15   16   17  18
                                     12Z  AVG MX 2MIN
DY MAX MIN AVG DEP HDD CDD  WTR  SNW DPTH SPD SPD DIR MIN PSBL S-S WX    SPD DR
================================================================================

 1  95  72  84   4   0  19 0.00  0.0    0  3.1 20 210   M    M   3 3      24 210
 2  92  72  82   2   0  17 0.94  0.0    0  4.3 32 350   M    M   2 13     42  10
 3  90  73  82   2   0  17 0.00  0.0    0  3.1 10 220   M    M   6 12     13 240
 4  96  74  85   5   0  20    T  0.0    0  3.0 16 340   M    M   1 13     25 330
 5  95  73  84   4   0  19    T  0.0    0  3.2 10 250   M    M   0        13 250
 6  95  73  84   4   0  19 0.01  0.0    0  4.9 14 290   M    M   1 3      20 310
 7  96  73  85   5   0  20 0.00  0.0    0  3.1 15  50   M    M   2 3      19  50
 8  89  76  83   3   0  18 0.00  0.0    0  4.3 13 100   M    M   3 3      17  90
 9  87  76  82   2   0  17 0.31  0.0    0  6.1 16 110   M    M   9 18     22 100
10  86  75  81   1   0  16 0.05  0.0    0  6.9 13  70   M    M   8 1      18  80
11  89  75  82   2   0  17 0.01  0.0    0  5.9 13 130   M    M   8 18     21 110
12  89  75  82   2   0  17 0.00  0.0    0  6.2 17 180   M    M   4        27 210
13  89  71  80   0   0  15 0.03  0.0    0  4.4 32 240   M    M   6 138    40 230
14  92  71  82   2   0  17 0.00  0.0    0  4.6 14 210   M    M   1        20 210
15  92  71  82   2   0  17 0.00  0.0    0  3.9 14 200   M    M   2        19 160
16  95  72  84   4   0  19 0.01  0.0    0  4.8 13 240   M    M   3 3      17 240
17  94  72  83   3   0  18 0.01  0.0    0  2.6 12 150   M    M   2 3      14 150
18  94  72  83   3   0  18 0.04  0.0    0  2.1 16 210   M    M   1 3      23 190
19  90  72  81   1   0  16 0.10  0.0    0  3.3 18 270   M    M   2 13     24 260
20  90  73  82   2   0  17 0.05  0.0    0  4.8 16 250   M    M   4 138    21 260
21  91  72  82   2   0  17    T  0.0    0  7.2 17 300   M    M   5 3      25 290
22  88  70  79   0   0  14 0.00  0.0    0  3.2 12 360   M    M   3 12     15 360
23  93  70  82   3   0  17 0.00  0.0    0  3.4 10 240   M    M   1        12 250
24  94  74  84   5   0  19 0.00  0.0    0  4.6 13  90   M    M   2 3      18  90
25  95  75  85   6   0  20    T  0.0    0  3.5 17  50   M    M   5        25  50
26  95  74  85   6   0  20 0.00  0.0    0  2.8 10 110   M    M   4        14 120
27  95  74  85   6   0  20 0.00  0.0    0  4.4 15  90   M    M   2        28 130
28  95  72  84   6   0  19 0.00  0.0    0  5.6 15 110   M    M   1        21 120
================================================================================
SM 2581 2042         0 499  1.56     0.0 119.3          M       91
================================================================================
AV 92.2 72.9                               4.3 FASTST   M    M   3    MAX(MPH)
                                 MISC ---->  # 32 350               # 42   10
================================================================================
NOTES:
# LAST OF SEVERAL OCCURRENCES

COLUMN 17 PEAK WIND IN M.P.H.

PRELIMINARY LOCAL CLIMATOLOGICAL DATA (WS FORM: F-6) , PAGE 2

                                          STATION:  ANNISTON
                                          MONTH:    AUGUST
                                          YEAR:     2016
                                          LATITUDE:   33 35 N
                                          LONGITUDE:  85 51 W

[TEMPERATURE DATA]      [PRECIPITATION DATA]       SYMBOLS USED IN COLUMN 16

AVERAGE MONTHLY: 82.6   TOTAL FOR MONTH:   1.56    1 = FOG OR MIST
DPTR FM NORMAL:   2.8   DPTR FM NORMAL:   -1.44    2 = FOG REDUCING VISIBILITY
HIGHEST:    96 ON  7, 4 GRTST 24HR  0.94 ON  2- 2      TO 1/4 MILE OR LESS
LOWEST:     70 ON 23,22                            3 = THUNDER
                        SNOW, ICE PELLETS, HAIL    4 = ICE PELLETS
                        TOTAL MONTH:   0.0 INCH    5 = HAIL
                        GRTST 24HR     0.0         6 = FREEZING RAIN OR DRIZZLE
                        GRTST DEPTH:   0           7 = DUSTSTORM OR SANDSTORM:
                                                       VSBY 1/2 MILE OR LESS
                                                   8 = SMOKE OR HAZE
[NO. OF DAYS WITH]      [WEATHER - DAYS WITH]      9 = BLOWING SNOW
                                                   X = TORNADO
MAX 32 OR BELOW:   0    0.01 INCH OR MORE:  11
MAX 90 OR ABOVE:  21    0.10 INCH OR MORE:   3
MIN 32 OR BELOW:   0    0.50 INCH OR MORE:   1
MIN  0 OR BELOW:   0    1.00 INCH OR MORE:   0

[HDD (BASE 65) ]
TOTAL THIS MO.     0    CLEAR  (SCALE 0-3)  17
DPTR FM NORMAL     0    PTCLDY (SCALE 4-7)   9
TOTAL FM JUL 1     0    CLOUDY (SCALE 8-10)  2
DPTR FM NORMAL     0

[CDD (BASE 65) ]
TOTAL THIS MO.   499
DPTR FM NORMAL    87    [PRESSURE DATA]
TOTAL FM JAN 1  1768    HIGHEST SLP M ON M
DPTR FM NORMAL   292    LOWEST  SLP 29.82 ON  7

[REMARKS]
