000
CXUS55 KCTP 261131
CF6AOO
PRELIMINARY LOCAL CLIMATOLOGICAL DATA (WS FORM: F-6)

                                          STATION:   ALTOONA
                                          MONTH:     MARCH
                                          YEAR:      2015
                                          LATITUDE:   40 17 N
                                          LONGITUDE:  78 19 W

  TEMPERATURE IN F:       :PCPN:    SNOW:  WIND      :SUNSHINE: SKY     :PK WND
================================================================================
1   2   3   4   5  6A  6B    7    8   9   10  11  12  13   14  15   16   17  18
                                     12Z  AVG MX 2MIN
DY MAX MIN AVG DEP HDD CDD  WTR  SNW DPTH SPD SPD DIR MIN PSBL S-S WX    SPD DR
================================================================================

 1  32  17  25  -7  40   0 0.24    M    M  4.7 13 210   M    M  10 16     15 210
 2  37  13  25  -7  40   0    T    M    M 11.9 22 290   M    M   7 18     36 280
 3  33  13  23 -10  42   0 0.54    M    M  7.3 22 160   M    M   8 168    26 170
 4  43  32  38   5  27   0 0.21    M    M  7.3 14 280   M    M  10 1      18 230
 5  32   8  20 -13  45   0    T    M    M 12.3 22 330   M    M   8 18     27 330
 6  24   2  13 -21  52   0 0.00  0.0    M  4.6 14 320   M    M   0        19 330
 7  43  17  30  -4  35   0    T    M    M 13.5 24 250   M    M   4        36 280
 8  43  36  40   6  25   0 0.00  0.0    M 12.5 29 280   M    M   4        36 290
 9  51  35  43   8  22   0    T    M    M  6.2 23 260   M    M   5        28 310
10  44  31  38   3  27   0 0.34    M    M  0.8  9 220   M    M   6 128    10 210
11  55  36  46  11  19   0 0.00    M    M  6.2 15 300   M    M   3 12     20 290
12  50  31  41   5  24   0 0.00  0.0    0  6.9 18 330   M    M   0        27 320
13  47  28  38   2  27   0 0.11    M    M  8.0 17 170   M    M   3 8      22 180
14  53  37  45   9  20   0 0.36    M    M  7.3 28 300   M    M   9 1      39 310
15  39  30  35  -2  30   0    T    M    M 17.5 38 300   M    M   8        49 290
16  62  28  45   8  20   0    T    M    M  6.5 20 290   M    M   2 18     26 280
17  60  28  44   6  21   0 0.00    M    M 19.2 36 310   M    M   5        46 310
18  41  24  33  -5  32   0 0.00    M    M 15.1 28 310   M    M   0        41 310
19  46  26  36  -2  29   0 0.00    M    M  3.8 10 120   M    M   0        14 140
20  38  30  34  -5  31   0 0.51    M    M  4.3 14 130   M    M  10 12     18 120
21  53  31  42   3  23   0 0.00    M    M 11.4 24 320   M    M   8 12     33 340
22  41  27  34  -6  31   0 0.00    M    M 12.0 21 310   M    M   2        30 350
23  41  18  30 -10  35   0 0.02    M    M  5.8 16  10   M    M   3 1      19  10
24  41  27  34  -6  31   0 0.01    M    M  3.5  8 180   M    M   6 1      10  70
25  50  28  39  -2  26   0 0.04    M    M  8.0 20 170   M    M   5        26 170
================================================================================
SM 1099  633       754   0  2.38     0.0 216.6          M      126
================================================================================
AV 44.0 25.3                               8.7 FASTST   M    M   5    MAX(MPH)
                                 MISC ---->  # 38 300               # 49  290
================================================================================
NOTES:
# LAST OF SEVERAL OCCURRENCES

COLUMN 17 PEAK WIND IN M.P.H.

PRELIMINARY LOCAL CLIMATOLOGICAL DATA (WS FORM: F-6) , PAGE 2

                                          STATION:  ALTOONA
                                          MONTH:    MARCH
                                          YEAR:     2015
                                          LATITUDE:   40 17 N
                                          LONGITUDE:  78 19 W

[TEMPERATURE DATA]      [PRECIPITATION DATA]       SYMBOLS USED IN COLUMN 16

AVERAGE MONTHLY: 34.6   TOTAL FOR MONTH:   2.38    1 = FOG OR MIST
DPTR FM NORMAL:  -1.6   DPTR FM NORMAL:   -0.03    2 = FOG REDUCING VISIBILITY
HIGHEST:    62 ON 16    GRTST 24HR  0.54 ON  3- 3      TO 1/4 MILE OR LESS
LOWEST:      2 ON  6                               3 = THUNDER
                        SNOW, ICE PELLETS, HAIL    4 = ICE PELLETS
                        TOTAL MONTH:   0.0 INCH    5 = HAIL
                        GRTST 24HR     0.0         6 = FREEZING RAIN OR DRIZZLE
                        GRTST DEPTH:   0           7 = DUSTSTORM OR SANDSTORM:
                                                       VSBY 1/2 MILE OR LESS
                                                   8 = SMOKE OR HAZE
[NO. OF DAYS WITH]      [WEATHER - DAYS WITH]      9 = BLOWING SNOW
                                                   X = TORNADO
MAX 32 OR BELOW:   3    0.01 INCH OR MORE:  10
MAX 90 OR ABOVE:   0    0.10 INCH OR MORE:   7
MIN 32 OR BELOW:  21    0.50 INCH OR MORE:   2
MIN  0 OR BELOW:   0    1.00 INCH OR MORE:   0

[HDD (BASE 65) ]
TOTAL THIS MO.   754    CLEAR  (SCALE 0-3)   9
DPTR FM NORMAL    33    PTCLDY (SCALE 4-7)  12
TOTAL FM JUL 1  5547    CLOUDY (SCALE 8-10)  4
DPTR FM NORMAL   271

[CDD (BASE 65) ]
TOTAL THIS MO.     0
DPTR FM NORMAL     0    [PRESSURE DATA]
TOTAL FM JAN 1     0    HIGHEST SLP M ON M
DPTR FM NORMAL     0    LOWEST  SLP 29.62 ON 17

[REMARKS]
