000
CXUS56 KMTR 231000
CF6APC
PRELIMINARY LOCAL CLIMATOLOGICAL DATA (WS FORM: F-6)

                                          STATION:   NAPA AIRPORT
                                          MONTH:     APRIL
                                          YEAR:      2014
                                          LATITUDE:   38 13 N
                                          LONGITUDE: 122 17 W

  TEMPERATURE IN F:       :PCPN:    SNOW:  WIND      :SUNSHINE: SKY     :PK WND
================================================================================
1   2   3   4   5  6A  6B    7    8   9   10  11  12  13   14  15   16   17  18
                                     12Z  AVG MX 2MIN
DY MAX MIN AVG DEP HDD CDD  WTR  SNW DPTH SPD SPD DIR MIN PSBL S-S WX    SPD DR
================================================================================

 1  56  43  50  -3  15   0 0.38  0.0    0  8.1 31 210   M    M   9 1      39 220
 2  60  42  51  -2  14   0 0.00  0.0    0  7.1 16 270   M    M   4        19 270
 3  62  40  51  -3  14   0 0.00  0.0    0  6.0 18 210   M    M   3        23 200
 4  59  43  51  -3  14   0 0.60  0.0    0  3.9 18 280   M    M   9 18     23 280
 5  66  38  52  -2  13   0 0.00  0.0    0  4.7 17 270   M    M   3 12     20 260
 6  76  41  59   5   6   0 0.00  0.0    0  4.3 14 280   M    M   0 1      16 270
 7  79  46  63   9   2   0 0.00  0.0    0  2.7 13 140   M    M   0 1      15 140
 8  81  48  65  11   0   0 0.00  0.0    0  4.0 14 220   M    M   0        16 230
 9  69  49  59   5   6   0 0.00  0.0    0  5.6 13 210   M    M   3 12     15 210
10  76  47  62   8   3   0 0.00  0.0    0  5.9 14 220   M    M   3 12     17 220
11  63  48  56   2   9   0 0.00  0.0    0  8.3 17 270   M    M   4 1      21 260
12  63  51  57   3   8   0 0.00  0.0    0 13.0 23 270   M    M   6        27 270
13  71  48  60   6   5   0 0.00  0.0    0  6.6 14 280   M    M   4        17 250
14  70  45  58   3   7   0 0.00  0.0    0  5.0 13 220   M    M   4 1      14 200
15  68  47  58   3   7   0 0.00  0.0    M  7.4 15 200   M    M   2 1      18 200
16  75  44  60   5   5   0 0.00  0.0    0  4.9 13 260   M    M   1 1      15 210
17  69  45  57   2   8   0 0.00  0.0    0  8.4 20 210   M    M   0        22 210
18  68  43  56   1   9   0 0.00  0.0    0  7.9 18 210   M    M   0        24 230
19  67  45  56   1   9   0 0.00  0.0    0 10.6 26 260   M    M   1        32 270
20  78  41  60   5   5   0 0.00  0.0    0  4.6 16 270   M    M   1 12     19 230
21  69  41  55   0  10   0 0.00  0.0    0  8.0 23 300   M    M   2 1      28 290
22  63  47  55  -1  10   0    T    M    0 16.7 29 280   M    M   3 1      36 270
================================================================================
SM 1508  982       179   0  0.98     0.0 153.7          M       62
================================================================================
AV 68.5 44.6                               7.0 FASTST   M    M   3    MAX(MPH)
                                 MISC ---->  # 31 210               # 39  220
================================================================================
NOTES:
# LAST OF SEVERAL OCCURRENCES

COLUMN 17 PEAK WIND IN M.P.H.

PRELIMINARY LOCAL CLIMATOLOGICAL DATA (WS FORM: F-6) , PAGE 2

                                          STATION:  NAPA AIRPORT
                                          MONTH:    APRIL
                                          YEAR:     2014
                                          LATITUDE:   38 13 N
                                          LONGITUDE: 122 17 W

[TEMPERATURE DATA]      [PRECIPITATION DATA]       SYMBOLS USED IN COLUMN 16

AVERAGE MONTHLY: 56.6   TOTAL FOR MONTH:   0.98    1 = FOG OR MIST
DPTR FM NORMAL:   2.2   DPTR FM NORMAL:    0.17    2 = FOG REDUCING VISIBILITY
HIGHEST:    81 ON  8    GRTST 24HR  0.60 ON  4- 4      TO 1/4 MILE OR LESS
LOWEST:     38 ON  5                               3 = THUNDER
                        SNOW, ICE PELLETS, HAIL    4 = ICE PELLETS
                        TOTAL MONTH:   0.0 INCH    5 = HAIL
                        GRTST 24HR     0.0         6 = FREEZING RAIN OR DRIZZLE
                        GRTST DEPTH:   0           7 = DUSTSTORM OR SANDSTORM:
                                                       VSBY 1/2 MILE OR LESS
                                                   8 = SMOKE OR HAZE
[NO. OF DAYS WITH]      [WEATHER - DAYS WITH]      9 = BLOWING SNOW
                                                   X = TORNADO
MAX 32 OR BELOW:   0    0.01 INCH OR MORE:   2
MAX 90 OR ABOVE:   0    0.10 INCH OR MORE:   2
MIN 32 OR BELOW:   0    0.50 INCH OR MORE:   1
MIN  0 OR BELOW:   0    1.00 INCH OR MORE:   0

[HDD (BASE 65) ]
TOTAL THIS MO.   179    CLEAR  (SCALE 0-3)  13
DPTR FM NORMAL   -58    PTCLDY (SCALE 4-7)   7
TOTAL FM JUL 1  2689    CLOUDY (SCALE 8-10)  2
DPTR FM NORMAL  -332

[CDD (BASE 65) ]
TOTAL THIS MO.     0
DPTR FM NORMAL     0    [PRESSURE DATA]
TOTAL FM JAN 1     0    HIGHEST SLP M ON M
DPTR FM NORMAL    -1    LOWEST  SLP 29.80 ON 17

[REMARKS]
