000
CXUS56 KMTR 281000
CF6APC
PRELIMINARY LOCAL CLIMATOLOGICAL DATA (WS FORM: F-6)

                                          STATION:   NAPA AIRPORT
                                          MONTH:     FEBRUARY
                                          YEAR:      2015
                                          LATITUDE:   38 13 N
                                          LONGITUDE: 122 17 W

  TEMPERATURE IN F:       :PCPN:    SNOW:  WIND      :SUNSHINE: SKY     :PK WND
================================================================================
1   2   3   4   5  6A  6B    7    8   9   10  11  12  13   14  15   16   17  18
                                     12Z  AVG MX 2MIN
DY MAX MIN AVG DEP HDD CDD  WTR  SNW DPTH SPD SPD DIR MIN PSBL S-S WX    SPD DR
================================================================================

 1  65  33  49   2  16   0 0.00  0.0    0  4.6 16  90   M    M   0 18     22  90
 2  65  37  51   3  14   0 0.00  0.0    0  3.3 13 120   M    M   0 1      15 120
 3  68  43  56   8   9   0 0.00  0.0    0  5.6 14  90   M    M   0 1      18 110
 4  63  42  53   5  12   0 0.00  0.0    0  5.5 16 200   M    M   0 18     20 190
 5  60  44  52   4  13   0 0.00  0.0    0  4.6 20 230   M    M   2        23 230
 6  62  56  59  11   6   0 1.17  0.0    0 14.2 30 180   M    M   8 18     38 180
 7  65  52  59  11   6   0    T  0.0    0  8.0 26 210   M    M   9 1      35 200
 8  64  52  58  10   7   0 1.11  0.0    0 13.6 35 200   M    M   8 1      43 200
 9  64  42  53   5  12   0 0.09    M    M  8.6 26 210   M    M   5 1      35 200
10  62  38  50   2  15   0 0.00  0.0    0  2.7  8 240   M    M   0 1      10 240
11  65  36  51   2  14   0 0.00  0.0    0  5.4 15 100   M    M   0 1      19  90
12  71  40  56   7   9   0 0.00  0.0    0  5.7 14  90   M    M   0        17  90
13  71  40  56   7   9   0 0.00  0.0    0  5.9 14  90   M    M   0 1      18  90
14  72  41  57   8   8   0 0.00  0.0    0  3.2  9  10   M    M   0        10 220
15  72  40  56   7   9   0 0.00  0.0    0  3.9  9 280   M    M   0 1      12  80
16  72  40  56   7   9   0 0.00  0.0    0  4.2 10 110   M    M   0 1      15 140
17  56  50  53   4  12   0 0.00  0.0    0  6.9 13 250   M    M  10 1      15 100
18  62  45  54   4  11   0 0.00  0.0    0  4.3  9 360   M    M   6 1      11  10
19  58  43  51   1  14   0 0.00  0.0    0  3.5  8 280   M    M   8 18      9 250
20  65  43  54   4  11   0 0.00  0.0    0  3.8  9 230   M    M   5 1      11 220
21  65  38  52   2  13   0 0.00  0.0    0  4.7 15 200   M    M   2 128    18 200
22  64  39  52   2  13   0 0.00  0.0    0 11.5 26  10   M    M   3 12     33  20
23  61  40  51   1  14   0 0.00  0.0    0 13.6 32  10   M    M   0        40  20
24  65  29  47  -3  18   0 0.00  0.0    0  4.7 14 210   M    M   0        16 200
25  64  35  50   0  15   0 0.00  0.0    0  4.5 15 270   M    M   0 1      18 270
26  70  37  54   3  11   0 0.00  0.0    0  5.8 18 290   M    M   1 1      23 300
27  63  38  51   0  14   0 0.00  0.0    0 13.0 28 260   M    M   1        34 260
================================================================================
SM 1754 1113       314   0  2.37     0.0 175.3          M       68
================================================================================
AV 65.0 41.2                               6.5 FASTST   M    M   3    MAX(MPH)
                                 MISC ---->  # 35 200               # 43  200
================================================================================
NOTES:
# LAST OF SEVERAL OCCURRENCES

COLUMN 17 PEAK WIND IN M.P.H.

PRELIMINARY LOCAL CLIMATOLOGICAL DATA (WS FORM: F-6) , PAGE 2

                                          STATION:  NAPA AIRPORT
                                          MONTH:    FEBRUARY
                                          YEAR:     2015
                                          LATITUDE:   38 13 N
                                          LONGITUDE: 122 17 W

[TEMPERATURE DATA]      [PRECIPITATION DATA]       SYMBOLS USED IN COLUMN 16

AVERAGE MONTHLY: 53.1   TOTAL FOR MONTH:   2.37    1 = FOG OR MIST
DPTR FM NORMAL:   4.1   DPTR FM NORMAL:   -1.29    2 = FOG REDUCING VISIBILITY
HIGHEST:    72 ON 16,15 GRTST 24HR  1.19 ON  8- 9      TO 1/4 MILE OR LESS
LOWEST:     29 ON 24                               3 = THUNDER
                        SNOW, ICE PELLETS, HAIL    4 = ICE PELLETS
                        TOTAL MONTH:   0.0 INCH    5 = HAIL
                        GRTST 24HR     0.0         6 = FREEZING RAIN OR DRIZZLE
                        GRTST DEPTH:   0           7 = DUSTSTORM OR SANDSTORM:
                                                       VSBY 1/2 MILE OR LESS
                                                   8 = SMOKE OR HAZE
[NO. OF DAYS WITH]      [WEATHER - DAYS WITH]      9 = BLOWING SNOW
                                                   X = TORNADO
MAX 32 OR BELOW:   0    0.01 INCH OR MORE:   3
MAX 90 OR ABOVE:   0    0.10 INCH OR MORE:   2
MIN 32 OR BELOW:   1    0.50 INCH OR MORE:   2
MIN  0 OR BELOW:   0    1.00 INCH OR MORE:   2

[HDD (BASE 65) ]
TOTAL THIS MO.   314    CLEAR  (SCALE 0-3)  19
DPTR FM NORMAL  -117    PTCLDY (SCALE 4-7)   5
TOTAL FM JUL 1  1710    CLOUDY (SCALE 8-10)  3
DPTR FM NORMAL  -661

[CDD (BASE 65) ]
TOTAL THIS MO.     0
DPTR FM NORMAL     0    [PRESSURE DATA]
TOTAL FM JAN 1     0    HIGHEST SLP M ON M
DPTR FM NORMAL     0    LOWEST  SLP 29.76 ON M

[REMARKS]
