000
CXUS53 KAPX 270631
CF6APX
PRELIMINARY LOCAL CLIMATOLOGICAL DATA (WS FORM: F-6)

                                          STATION:   GAYLORD  WFO
                                          MONTH:     NOVEMBER
                                          YEAR:      2014
                                          LATITUDE:   45  4 N
                                          LONGITUDE:  84 43 W

  TEMPERATURE IN F:       :PCPN:    SNOW:  WIND      :SUNSHINE: SKY     :PK WND
================================================================================
1   2   3   4   5  6A  6B    7    8   9   10  11  12  13   14  15   16   17  18
                                     12Z  AVG MX 2MIN
DY MAX MIN AVG DEP HDD CDD  WTR  SNW DPTH SPD SPD DIR MIN PSBL S-S WX    SPD DR
================================================================================

 1  35  21  28 -11  37   0 0.00  0.0    T   M   M   M   M    M   M         M  M
 2  47  20  34  -5  31   0 0.00  0.0    T   M   M   M   M    M   M         M  M
 3  54  39  47   9  18   0    T  0.0    0   M   M   M   M    M   M         M  M
 4  51  35  43   5  22   0 0.27  0.0    0   M   M   M   M    M   M         M  M
 5  41  32  37  -1  28   0 0.11    T    0   M   M   M   M    M   M         M  M
 6  34  31  33  -4  32   0 0.45  0.4    0   M   M   M   M    M   M         M  M
 7  37  28  33  -4  32   0 0.02  0.1    0   M   M   M   M    M   M         M  M
 8  35  29  32  -4  33   0 0.23  0.9    T   M   M   M   M    M   M         M  M
 9  33  25  29  -7  36   0 0.31  2.9    T   M   M   M   M    M   M         M  M
10  38  25  32  -4  33   0 0.23  2.2    2   M   M   M   M    M   M         M  M
11  43  28  36   1  29   0 0.40  0.3    2   M   M   M   M    M   M         M  M
12  28  24  26  -9  39   0 0.29  5.6    2   M   M   M   M    M   M         M  M
13  26  22  24 -10  41   0 0.54 10.5    9   M   M   M   M    M   M         M  M
14  27  20  24 -10  41   0 0.01  0.6   11   M   M   M   M    M   M         M  M
15  24  21  23 -11  42   0 0.02  0.2    9   M   M   M   M    M   M         M  M
16  27  19  23 -10  42   0 0.09  2.0    7   M   M   M   M    M   M         M  M
17  26  13  20 -13  45   0 0.11  2.1    7   M   M   M   M    M   M         M  M
18  20  12  16 -16  49   0 0.78 10.7   10   M   M   M   M    M   M         M  M
19  20  11  16 -16  49   0 0.35  5.7   15   M   M   M   M    M   M         M  M
20  19  13  16 -16  49   0 0.36  6.2   18   M   M   M   M    M   M         M  M
21  21  12  17 -14  48   0 0.04  0.7   14   M   M   M   M    M   M         M  M
22  38  21  30  -1  35   0 0.01  0.0   14   M   M   M   M    M   M         M  M
23  45  37  41  11  24   0 0.46  0.0    8   M   M   M   M    M   M         M  M
24  44  29  37   7  28   0 0.99  2.0    1   M   M   M   M    M   M         M  M
25  29  23  26  -4  39   0 0.43  3.2    5   M   M   M   M    M   M         M  M
26  25  21  23  -6  42   0    T  0.0    5   M   M   M   M    M   M         M  M
================================================================================
SM  867  611       944   0  6.50    56.3     M          M        M
================================================================================
AV 33.3 23.5                                 M FASTST   M    M   8    MAX(MPH)
                                 MISC ---->     M   M                  M    M
================================================================================
NOTES:
# LAST OF SEVERAL OCCURRENCES

COLUMN 17 PEAK WIND IN M.P.H.

PRELIMINARY LOCAL CLIMATOLOGICAL DATA (WS FORM: F-6) , PAGE 2

                                          STATION:  GAYLORD  WFO
                                          MONTH:    NOVEMBER
                                          YEAR:     2014
                                          LATITUDE:   45  4 N
                                          LONGITUDE:  84 43 W

[TEMPERATURE DATA]      [PRECIPITATION DATA]       SYMBOLS USED IN COLUMN 16

AVERAGE MONTHLY: 28.4   TOTAL FOR MONTH:   6.50    1 = FOG OR MIST
DPTR FM NORMAL:  -5.8   DPTR FM NORMAL:    3.60    2 = FOG REDUCING VISIBILITY
HIGHEST:    54 ON  3    GRTST 24HR  0.99 ON 24-24      TO 1/4 MILE OR LESS
LOWEST:     11 ON 19                               3 = THUNDER
                        SNOW, ICE PELLETS, HAIL    4 = ICE PELLETS
                        TOTAL MONTH:  56.3 INCHES  5 = HAIL
                        GRTST 24HR  10.7 ON   M    6 = FREEZING RAIN OR DRIZZLE
                        GRTST DEPTH:  18 ON 20     7 = DUSTSTORM OR SANDSTORM:
                                                       VSBY 1/2 MILE OR LESS
                                                   8 = SMOKE OR HAZE
[NO. OF DAYS WITH]      [WEATHER - DAYS WITH]      9 = BLOWING SNOW
                                                   X = TORNADO
MAX 32 OR BELOW:  12    0.01 INCH OR MORE:  22
MAX 90 OR ABOVE:   0    0.10 INCH OR MORE:  16
MIN 32 OR BELOW:  23    0.50 INCH OR MORE:   3
MIN  0 OR BELOW:   0    1.00 INCH OR MORE:   0

[HDD (BASE 65) ]
TOTAL THIS MO.   944    CLEAR  (SCALE 0-3)   0
DPTR FM NORMAL   141    PTCLDY (SCALE 4-7)   0
TOTAL FM JUL 1  1964    CLOUDY (SCALE 8-10)  0
DPTR FM NORMAL   156

[CDD (BASE 65) ]
TOTAL THIS MO.     0
DPTR FM NORMAL     0    [PRESSURE DATA]
TOTAL FM JAN 1   193    HIGHEST SLP M ON M
DPTR FM NORMAL   -68    LOWEST  SLP M ON M

[REMARKS]
