000
CXUS54 KEWX 170910
CF6AQO
PRELIMINARY LOCAL CLIMATOLOGICAL DATA (WS FORM: F-6)

                                          STATION:   Llano Municipal Airport
                                          MONTH:     DECEMBER
                                          YEAR:      2014
                                          LATITUDE:   30 47 N
                                          LONGITUDE:  98 40 W

  TEMPERATURE IN F:       :PCPN:    SNOW:  WIND      :SUNSHINE: SKY     :PK WND
================================================================================
1   2   3   4   5  6A  6B    7    8   9   10  11  12  13   14  15   16   17  18
                                     12Z  AVG MX 2MIN
DY MAX MIN AVG DEP HDD CDD  WTR  SNW DPTH SPD SPD DIR MIN PSBL S-S WX    SPD DR
================================================================================

 1  64  37  51   M  14   0    M    M    M  8.8 15 330   M    M  10        25 360
 2  52  37  45   M  20   0    M    M    M  3.6  7 130   M    M  10         M  M
 3  63  48  56   M   9   0    M    M    M  5.6  9 150   M    M  10 1       M  M
 4  73  57  65   M   0   0    M    M    M  3.7  9 160   M    M  10 12      M  M
 5  79  59  69   M   0   4    M    M    M  4.7 15 230   M    M   5 1       M  M
 6  68  48  58   M   7   0    M    M    M  4.8 10  50   M    M   3 8       M  M
 7  54  48  51   M  14   0    M    M    M  1.9  9  80   M    M  10         M  M
 8  70  41  56   M   9   0    M    M    M  1.5  8 360   M    M   2 18      M  M
 9  68  37  53   M  12   0    M    M    M  1.2  5 120   M    M   2 128     M  M
10  66  50  58   M   7   0    M    M    M  3.4  8 130   M    M   8 18      M  M
11  63  57  60   M   5   0    M    M    M  2.9  9 210   M    M  10 18      M  M
12  70  55  63   M   2   0    M    M    M  3.2 13 200   M    M   7 1       M  M
13  72  48  60   M   5   0    M    M    M  4.7 10 180   M    M   5 12      M  M
14  70  52  61   M   4   0    M    M    M  6.0 17 210   M    M   8 12     22 210
15  70  45  58   M   7   0    M    M    M  4.8 10 320   M    M   2 12     16 320
16  63  34  49   M  16   0 0.00  0.0    0  3.4 10  50   M    M   3        17  50
================================================================================
SM 1065  753       131   4  0.00     0.0  64.2          M      105
================================================================================
AV 66.6 47.1                               4.0 FASTST   M    M   7    MAX(MPH)
                                 MISC ---->    17   M                 25    M
================================================================================
NOTES:
# LAST OF SEVERAL OCCURRENCES

COLUMN 17 PEAK WIND IN M.P.H.

PRELIMINARY LOCAL CLIMATOLOGICAL DATA (WS FORM: F-6) , PAGE 2

                                          STATION:  Llano Municipal Airport
                                          MONTH:    DECEMBER
                                          YEAR:     2014
                                          LATITUDE:   30 47 N
                                          LONGITUDE:  98 40 W

[TEMPERATURE DATA]      [PRECIPITATION DATA]       SYMBOLS USED IN COLUMN 16

AVERAGE MONTHLY: 56.8   TOTAL FOR MONTH:   0.00    1 = FOG OR MIST
DPTR FM NORMAL:     M   DPTR FM NORMAL:       M    2 = FOG REDUCING VISIBILITY
HIGHEST:    79 ON  5    GRTST 24HR  0.00 ON 16-16      TO 1/4 MILE OR LESS
LOWEST:     34 ON 16                               3 = THUNDER
                        SNOW, ICE PELLETS, HAIL    4 = ICE PELLETS
                        TOTAL MONTH:   0.0 INCH    5 = HAIL
                        GRTST 24HR     0.0         6 = FREEZING RAIN OR DRIZZLE
                        GRTST DEPTH:   0           7 = DUSTSTORM OR SANDSTORM:
                                                       VSBY 1/2 MILE OR LESS
                                                   8 = SMOKE OR HAZE
[NO. OF DAYS WITH]      [WEATHER - DAYS WITH]      9 = BLOWING SNOW
                                                   X = TORNADO
MAX 32 OR BELOW:   0    0.01 INCH OR MORE:   0
MAX 90 OR ABOVE:   0    0.10 INCH OR MORE:   0
MIN 32 OR BELOW:   0    0.50 INCH OR MORE:   0
MIN  0 OR BELOW:   0    1.00 INCH OR MORE:   0

[HDD (BASE 65) ]
TOTAL THIS MO.   131    CLEAR  (SCALE 0-3)   3
DPTR FM NORMAL     M    PTCLDY (SCALE 4-7)   7
TOTAL FM JUL 1   491    CLOUDY (SCALE 8-10)  6
DPTR FM NORMAL     M

[CDD (BASE 65) ]
TOTAL THIS MO.     4
DPTR FM NORMAL     M    [PRESSURE DATA]
TOTAL FM JAN 1  2831    HIGHEST SLP M ON M
DPTR FM NORMAL     M    LOWEST  SLP M ON M

[REMARKS]
