000
CXUS54 KHGX 291415
CF6ARM
PRELIMINARY LOCAL CLIMATOLOGICAL DATA (WS FORM: F-6)

                                          STATION:   Wharton
                                          MONTH:     MAY
                                          YEAR:      2016
                                          LATITUDE:   29 15 N
                                          LONGITUDE:  96  9 W

  TEMPERATURE IN F:       :PCPN:    SNOW:  WIND      :SUNSHINE: SKY     :PK WND
================================================================================
1   2   3   4   5  6A  6B    7    8   9   10  11  12  13   14  15   16   17  18
                                     12Z  AVG MX 2MIN
DY MAX MIN AVG DEP HDD CDD  WTR  SNW DPTH SPD SPD DIR MIN PSBL S-S WX    SPD DR
================================================================================

 1  88  73  81   M   0  16 0.00  0.0    0  7.1 16  80   M    M   7 13     22  80
 2  74  61  68   M   0   3 0.03  0.0    0 12.5 20 360   M    M   8 1      32 360
 3  76  57  67   M   0   2 0.00  0.0    0  9.0 16 350   M    M   3        21 340
 4  84  51  68   M   0   3 0.00  0.0    0  4.4 10 270   M    M   0        17 290
 5  88  58  73   M   0   8 0.00  0.0    0  4.2 12 340   M    M   0        16 340
 6  89  53  71   M   0   6 0.00  0.0    0  4.1 12 140   M    M   0         M  M
 7  82  55  69   M   0   4 0.00  0.0    0  7.5 17 140   M    M   1 1      23 150
 8  79  64  72   M   0   7 0.00  0.0    0  9.4 18 160   M    M   2        24 160
 9  83  70  77   M   0  12 0.08  0.0    0 16.9 28 160   M    M   4        33 150
10  87  74  81   M   0  16 0.08  0.0    0 10.1 18 140   M    M   5 138    23 140
11  87  68  78   M   0  13 0.05  0.0    0  9.2 22 150   M    M   2 1      29 150
12  92  70  81   M   0  16 0.00  0.0    0  4.0 12 160   M    M   4 1238    M  M
13  96  67  82   M   0  17 0.00  0.0    0  3.2 14 150   M    M   3 13      M  M
14  91  67  79   M   0  14 0.03  0.0    0  3.8 15 170   M    M   3 123    16 180
15  82  66  74   M   0   9 0.48  0.0    0  3.9 10  80   M    M   4 13     16  80
16  79  67  73   M   0   8 1.27  0.0    0  8.8 20 110   M    M   7 13     29 110
17  87  67  77   M   0  12 0.00  0.0    0  4.1 15 360   M    M   6 18     18  20
18  82  66  74   M   0   9 0.57  0.0    0  7.9 14  10   M    M   4 3      33 280
19  73  65  69   M   0   4 0.95  0.0    0  7.8 17  10   M    M   9 3      28  10
20  85  65  75   M   0  10 0.00  0.0    0  4.6  9  10   M    M   4         M  M
21  90  69  80   M   0  15 0.35  0.0    0  5.1 13 110   M    M   4 13     18 110
22  86  69  78   M   0  13 0.00  0.0    0  6.2 15  80   M    M   5 12     20  80
23  84  69  77   M   0  12 0.00  0.0    0  5.8 10 130   M    M   4 1       M  M
24  89  73  81   M   0  16 0.00  0.0    0  8.3 16 140   M    M   5 1      18 150
25  89  76  83   M   0  18 0.00  0.0    0  9.1 15 160   M    M   5 1      23 150
26  86  78  82   M   0  17 0.00  0.0    0 10.9 20 150   M    M   6 13     31 150
27  87  67  77   M   0  12 0.14  0.0    0 12.3 24 160   M    M   5 13     35 160
28  89  66  78   M   0  13 0.00  0.0    0  7.5 15 180   M    M   1         M  M
================================================================================
SM 2384 1851         0 305  4.03     0.0 207.7          M      111
================================================================================
AV 85.1 66.1                               7.4 FASTST   M    M   4    MAX(MPH)
                                 MISC ---->    28   M               # 35  160
================================================================================
NOTES:
# LAST OF SEVERAL OCCURRENCES

COLUMN 17 PEAK WIND IN M.P.H.

PRELIMINARY LOCAL CLIMATOLOGICAL DATA (WS FORM: F-6) , PAGE 2

                                          STATION:  Wharton
                                          MONTH:    MAY
                                          YEAR:     2016
                                          LATITUDE:   29 15 N
                                          LONGITUDE:  96  9 W

[TEMPERATURE DATA]      [PRECIPITATION DATA]       SYMBOLS USED IN COLUMN 16

AVERAGE MONTHLY: 75.6   TOTAL FOR MONTH:   4.03    1 = FOG OR MIST
DPTR FM NORMAL:     M   DPTR FM NORMAL:       M    2 = FOG REDUCING VISIBILITY
HIGHEST:    96 ON 13    GRTST 24HR  1.27 ON 16-16      TO 1/4 MILE OR LESS
LOWEST:     51 ON  4                               3 = THUNDER
                        SNOW, ICE PELLETS, HAIL    4 = ICE PELLETS
                        TOTAL MONTH:   0.0 INCH    5 = HAIL
                        GRTST 24HR     0.0         6 = FREEZING RAIN OR DRIZZLE
                        GRTST DEPTH:   0           7 = DUSTSTORM OR SANDSTORM:
                                                       VSBY 1/2 MILE OR LESS
                                                   8 = SMOKE OR HAZE
[NO. OF DAYS WITH]      [WEATHER - DAYS WITH]      9 = BLOWING SNOW
                                                   X = TORNADO
MAX 32 OR BELOW:   0    0.01 INCH OR MORE:  11
MAX 90 OR ABOVE:   4    0.10 INCH OR MORE:   6
MIN 32 OR BELOW:   0    0.50 INCH OR MORE:   3
MIN  0 OR BELOW:   0    1.00 INCH OR MORE:   1

[HDD (BASE 65) ]
TOTAL THIS MO.     0    CLEAR  (SCALE 0-3)  10
DPTR FM NORMAL     M    PTCLDY (SCALE 4-7)  17
TOTAL FM JUL 1   957    CLOUDY (SCALE 8-10)  1
DPTR FM NORMAL     M

[CDD (BASE 65) ]
TOTAL THIS MO.   305
DPTR FM NORMAL     M    [PRESSURE DATA]
TOTAL FM JAN 1   648    HIGHEST SLP M ON M
DPTR FM NORMAL     M    LOWEST  SLP M ON M

[REMARKS]
