000
CXUS51 KBUF 251205
CF6ART
PRELIMINARY LOCAL CLIMATOLOGICAL DATA (WS FORM: F-6)

                                          STATION:   WATERTOWN NY
                                          MONTH:     SEPTEMBER
                                          YEAR:      2017
                                          LATITUDE:   43 59 N
                                          LONGITUDE:  76  2 W

  TEMPERATURE IN F:       :PCPN:    SNOW:  WIND      :SUNSHINE: SKY     :PK WND
================================================================================
1   2   3   4   5  6A  6B    7    8   9   10  11  12  13   14  15   16   17  18
                                     12Z  AVG MX 2MIN
DY MAX MIN AVG DEP HDD CDD  WTR  SNW DPTH SPD SPD DIR MIN PSBL S-S WX    SPD DR
================================================================================

 1  64  37  51 -13  14   0 0.00    M    M  4.8 17 350   M    M   0        22 330
 2  72  36  54 -10  11   0 0.04    M    M  3.7 12 150   M    M   1        17  70
 3  65  52  59  -5   6   0 0.51    M    M  7.0 22 270   M    M   8 1      30 270
 4  78  49  64   0   1   0 0.40    M    M  8.8 22 210   M    M   4 13     31 210
 5  68  54  61  -2   4   0 0.17    M    M  5.9 21 190   M    M   7 13     33 170
 6  67  52  60  -3   5   0    T    M    M  2.2 12 230   M    M   6 18     16 230
 7  66  55  61  -2   4   0    M    M    M  4.6 20 260   M    M   5 13     29 270
 8  64  43  54  -8  11   0 0.01    M    M  5.7 17 290   M    M   5        20 290
 9  65  42  54  -8  11   0 0.00    M    M  3.1 12  10   M    M   7        14 330
10  67  37  52 -10  13   0 0.00    M    M  3.9 14 360   M    M   0 1      18 350
11  69  41  55  -6  10   0 0.00    M    M  3.4 15 260   M    M   0        19 260
12  72  42  57  -4   8   0 0.00    M    M  3.5 12 260   M    M   0        15 260
13  76  46  61   0   4   0    T    M    M  1.9  8 260   M    M   2 1      10 260
14  77  59  68   8   0   3 0.00    M    M  3.4 12 260   M    M   6 1      14 270
15  75  58  67   7   0   2 0.00    M    M  4.3 14 260   M    M   3 12     16 260
16  77  53  65   5   0   0 0.00    M    M  2.6  9 270   M    M   3 128    11 260
17  80  50  65   6   0   0 0.00    M    M  2.9  8 300   M    M   0 12     10 270
18  83  56  70  11   0   5 0.00    M    M  2.9  8 260   M    M   1 1      10 270
19  82  60  71  13   0   6 0.00    M    M  2.6 12 280   M    M   0 1      15 270
20  80  55  68  10   0   3 0.00    M    M  5.0 16  30   M    M   3 12     21  40
21  81  53  67   9   0   2 0.00    M    M  6.3 15  30   M    M   2 12     19  40
22  81  50  66   9   0   1 0.00    M    M  5.0 15  60   M    M   0 1      17  60
23  81  51  66   9   0   1 0.00    M    M  4.1 14 220   M    M   0 18     19 220
24  82  63  73  17   0   8 0.00    M    M  4.1 13 270   M    M   0 18     16 260
================================================================================
SM 1772 1194       102  31  1.13    M    101.7          M       63
================================================================================
AV 73.8 49.8                               4.2 FASTST   M    M   3    MAX(MPH)
                                 MISC ---->  # 22 270               # 33  170
================================================================================
NOTES:
# LAST OF SEVERAL OCCURRENCES

COLUMN 17 PEAK WIND IN M.P.H.

PRELIMINARY LOCAL CLIMATOLOGICAL DATA (WS FORM: F-6) , PAGE 2

                                          STATION:  WATERTOWN NY
                                          MONTH:    SEPTEMBER
                                          YEAR:     2017
                                          LATITUDE:   43 59 N
                                          LONGITUDE:  76  2 W

[TEMPERATURE DATA]      [PRECIPITATION DATA]       SYMBOLS USED IN COLUMN 16

AVERAGE MONTHLY: 61.8   TOTAL FOR MONTH:   1.13    1 = FOG OR MIST
DPTR FM NORMAL:   1.1   DPTR FM NORMAL:   -1.77    2 = FOG REDUCING VISIBILITY
HIGHEST:    83 ON 18    GRTST 24HR  0.51 ON  3- 3      TO 1/4 MILE OR LESS
LOWEST:     36 ON  2                               3 = THUNDER
                        SNOW, ICE PELLETS, HAIL    4 = ICE PELLETS
                        TOTAL MONTH:    M          5 = HAIL
                        GRTST 24HR    M  ON   M    6 = FREEZING RAIN OR DRIZZLE
                        GRTST DEPTH:  M  ON   M    7 = DUSTSTORM OR SANDSTORM:
                                                       VSBY 1/2 MILE OR LESS
                                                   8 = SMOKE OR HAZE
[NO. OF DAYS WITH]      [WEATHER - DAYS WITH]      9 = BLOWING SNOW
                                                   X = TORNADO
MAX 32 OR BELOW:   0    0.01 INCH OR MORE:   5
MAX 90 OR ABOVE:   0    0.10 INCH OR MORE:   3
MIN 32 OR BELOW:   0    0.50 INCH OR MORE:   1
MIN  0 OR BELOW:   0    1.00 INCH OR MORE:   0

[HDD (BASE 65) ]
TOTAL THIS MO.   102    CLEAR  (SCALE 0-3)  16
DPTR FM NORMAL   -36    PTCLDY (SCALE 4-7)   7
TOTAL FM JUL 1   172    CLOUDY (SCALE 8-10)  1
DPTR FM NORMAL   -38

[CDD (BASE 65) ]
TOTAL THIS MO.    31
DPTR FM NORMAL    -3    [PRESSURE DATA]
TOTAL FM JAN 1   361    HIGHEST SLP M ON M
DPTR FM NORMAL     3    LOWEST  SLP 29.56 ON  4

[REMARKS]
