000
CXUS55 KPQR 201230
CF6AST
PRELIMINARY LOCAL CLIMATOLOGICAL DATA (WS FORM: F-6)

                                          STATION:   ASTORIA OR
                                          MONTH:     APRIL
                                          YEAR:      2014
                                          LATITUDE:   46  9 N
                                          LONGITUDE: 123 53 W

  TEMPERATURE IN F:       :PCPN:    SNOW:  WIND      :SUNSHINE: SKY     :PK WND
================================================================================
1   2   3   4   5  6A  6B    7    8   9   10  11  12  13   14  15   16   17  18
                                     12Z  AVG MX 2MIN
DY MAX MIN AVG DEP HDD CDD  WTR  SNW DPTH SPD SPD DIR MIN PSBL S-S WX    SPD DR
================================================================================

 1  52  40  46  -2  19   0 0.01    M    0  5.7 13 250   M    M   8        16 230
 2  55  38  47  -1  18   0 0.00  0.0    0  6.6 21 240   M    M   5 1      26 250
 3  53  41  47  -1  18   0 0.22    M    0  7.9 24 180   M    M   9 1      36 170
 4  52  43  48   0  17   0 0.28    M    0  6.3 15 180   M    M   9 18     22 220
 5  53  48  51   3  14   0 0.46    M    0 10.4 23 210   M    M  10 1      39 200
 6  55  48  52   4  13   0 0.42    M    0  7.9 20 230   M    M  10 1      26 230
 7  62  48  55   7  10   0 0.00    M    M  5.8 14 250   M    M   8 1      17 240
 8  54  45  50   2  15   0 0.26    M    M  5.1 15 310   M    M   9 1      19 190
 9  56  38  47  -1  18   0 0.00  0.0    0  6.6 20 310   M    M   3 12     25 310
10  58  35  47  -1  18   0 0.00  0.0    0  8.1 22 320   M    M   0 1      25 330
11  58  39  49   1  16   0    T    M    0  9.2 21 320   M    M   6        26 350
12  58  42  50   2  15   0 0.00  0.0    0  9.2 22 320   M    M   4        25 320
13  72  37  55   7  10   0 0.00  0.0    0  5.2 16  60   M    M   0 1      20  70
14  59  37  48   0  17   0 0.00  0.0    0  7.5 20 300   M    M   4 8      26 310
15  55  47  51   3  14   0 0.27    M    0  8.3 16 220   M    M   9 1      24 210
16  54  49  52   3  13   0 0.28    M    0  9.9 20 200   M    M  10 1      26 210
17  55  46  51   2  14   0 0.92    M    0 11.2 24 210   M    M   9 1      37 210
18  57  40  49   0  16   0 0.00  0.0    0  5.3 14 330   M    M   2        19  10
19  56  44  50   1  15   0 0.37    M    0  8.8 24 230   M    M   8 1      32 240
================================================================================
SM 1074  805       290   0  3.49     0.0 145.0          M      123
================================================================================
AV 56.5 42.4                               7.6 FASTST   M    M   6    MAX(MPH)
                                 MISC ---->  # 24 180               # 39  200
================================================================================
NOTES:
# LAST OF SEVERAL OCCURRENCES

COLUMN 17 PEAK WIND IN M.P.H.

PRELIMINARY LOCAL CLIMATOLOGICAL DATA (WS FORM: F-6) , PAGE 2

                                          STATION:  ASTORIA OR
                                          MONTH:    APRIL
                                          YEAR:     2014
                                          LATITUDE:   46  9 N
                                          LONGITUDE: 123 53 W

[TEMPERATURE DATA]      [PRECIPITATION DATA]       SYMBOLS USED IN COLUMN 16

AVERAGE MONTHLY: 49.4   TOTAL FOR MONTH:   3.49    1 = FOG OR MIST
DPTR FM NORMAL:   1.2   DPTR FM NORMAL:   -0.06    2 = FOG REDUCING VISIBILITY
HIGHEST:    72 ON 13    GRTST 24HR  1.04 ON 16-17      TO 1/4 MILE OR LESS
LOWEST:     35 ON 10                               3 = THUNDER
                        SNOW, ICE PELLETS, HAIL    4 = ICE PELLETS
                        TOTAL MONTH:   0.0 INCH    5 = HAIL
                        GRTST 24HR     0.0         6 = FREEZING RAIN OR DRIZZLE
                        GRTST DEPTH:   0           7 = DUSTSTORM OR SANDSTORM:
                                                       VSBY 1/2 MILE OR LESS
                                                   8 = SMOKE OR HAZE
[NO. OF DAYS WITH]      [WEATHER - DAYS WITH]      9 = BLOWING SNOW
                                                   X = TORNADO
MAX 32 OR BELOW:   0    0.01 INCH OR MORE:  10
MAX 90 OR ABOVE:   0    0.10 INCH OR MORE:   9
MIN 32 OR BELOW:   0    0.50 INCH OR MORE:   1
MIN  0 OR BELOW:   0    1.00 INCH OR MORE:   0

[HDD (BASE 65) ]
TOTAL THIS MO.   290    CLEAR  (SCALE 0-3)   4
DPTR FM NORMAL   -30    PTCLDY (SCALE 4-7)   7
TOTAL FM JUL 1  4235    CLOUDY (SCALE 8-10)  8
DPTR FM NORMAL    -5

[CDD (BASE 65) ]
TOTAL THIS MO.     0
DPTR FM NORMAL     0    [PRESSURE DATA]
TOTAL FM JAN 1     0    HIGHEST SLP M ON M
DPTR FM NORMAL     0    LOWEST  SLP 29.74 ON  1

[REMARKS]
