362
CXUS53 KGID 230730
CF6AUH
PRELIMINARY LOCAL CLIMATOLOGICAL DATA (WS FORM: F-6)

                                          STATION:   AURORA
                                          MONTH:     JULY
                                          YEAR:      2017
                                          LATITUDE:   40 54 N
                                          LONGITUDE:  97 59 W

  TEMPERATURE IN F:       :PCPN:    SNOW:  WIND      :SUNSHINE: SKY     :PK WND
================================================================================
1   2   3   4   5  6A  6B    7    8   9   10  11  12  13   14  15   16   17  18
                                     12Z  AVG MX 2MIN
DY MAX MIN AVG DEP HDD CDD  WTR  SNW DPTH SPD SPD DIR MIN PSBL S-S WX    SPD DR
================================================================================

 1  86  55  71  -4   0   6 0.00    M    M  8.5 15 200   M    M   0        22 240
 2  85  65  75   0   0  10 0.00    M    M  8.8 17 120   M    M   1 3      21 110
 3  86  65  76   1   0  11 0.00    M    M  5.0 10 150   M    M   0        16 150
 4  87  66  77   2   0  12 0.00    M    M  6.9 20 140   M    M   2 1      29 140
 5  89  63  76   1   0  11 0.00    M    M  6.9  9 160   M    M   0         M  M
 6  95  65  80   5   0  15 0.00    M    M  7.8 14 240   M    M   0        18 240
 7  80  60  70  -5   0   5    T    M    M  5.7 15  50   M    M   0        21  50
 8  89  56  73  -3   0   8 0.00    M    M  6.4 13 170   M    M   0        16 210
 9  94  67  81   5   0  16 0.00    M    M  7.3 12 210   M    M   1        17 210
10  90  69  80   4   0  15 0.00    M    M  7.6 12 210   M    M   0 3      16 210
11  94  71  83   7   0  18 0.00    M    M  9.8 20  10   M    M   0 3      24  10
12  85  68  77   1   0  12 0.61    M    M  9.0 24 270   M    M   5 3      33 270
13  81  67  74  -2   0   9 1.78    M    M  5.8 15  20   M    M   4 13      M  M
14  87  63  75  -1   0  10 0.00    M    M  3.5  8 150   M    M   4 12      M  M
15  89  68  79   3   0  14 0.00    M    M  4.7  8 210   M    M   1         M  M
16  92  67  80   4   0  15 0.00    M    M  4.0 10 150   M    M   1         M  M
17  91  67  79   3   0  14 0.28    M    M 10.1 30 190   M    M   2 3      36 190
18  86  68  77   1   0  12 0.49    M    M  7.1 13 190   M    M   5 3      21 180
19  94  73  84   8   0  19 0.00    M    M  9.7 18 180   M    M   0        23 180
20  90  73  82   6   0  17 0.00    M    M  6.3 10 160   M    M   0         M  M
21  95  76  86  10   0  21 0.00    M    M  9.2 16 210   M    M   0        24 200
22  86  68  77   2   0  12    T    M    M  7.0 14  10   M    M   2 13      M  M
================================================================================
SM 1951 1460         0 282  3.16    M    157.1          M       28
================================================================================
AV 88.7 66.4                               7.1 FASTST   M    M   1    MAX(MPH)
                                 MISC ---->  # 30 190               # 36  190
================================================================================
NOTES:
# LAST OF SEVERAL OCCURRENCES

COLUMN 17 PEAK WIND IN M.P.H.

PRELIMINARY LOCAL CLIMATOLOGICAL DATA (WS FORM: F-6) , PAGE 2

                                          STATION:  AURORA
                                          MONTH:    JULY
                                          YEAR:     2017
                                          LATITUDE:   40 54 N
                                          LONGITUDE:  97 59 W

[TEMPERATURE DATA]      [PRECIPITATION DATA]       SYMBOLS USED IN COLUMN 16

AVERAGE MONTHLY: 77.5   TOTAL FOR MONTH:   3.16    1 = FOG OR MIST
DPTR FM NORMAL:   1.9   DPTR FM NORMAL:    0.58    2 = FOG REDUCING VISIBILITY
HIGHEST:    95 ON 21, 6 GRTST 24HR  1.78 ON 13-13      TO 1/4 MILE OR LESS
LOWEST:     55 ON  1                               3 = THUNDER
                        SNOW, ICE PELLETS, HAIL    4 = ICE PELLETS
                        TOTAL MONTH:    M          5 = HAIL
                        GRTST 24HR    M  ON   M    6 = FREEZING RAIN OR DRIZZLE
                        GRTST DEPTH:  M  ON   M    7 = DUSTSTORM OR SANDSTORM:
                                                       VSBY 1/2 MILE OR LESS
                                                   8 = SMOKE OR HAZE
[NO. OF DAYS WITH]      [WEATHER - DAYS WITH]      9 = BLOWING SNOW
                                                   X = TORNADO
MAX 32 OR BELOW:   0    0.01 INCH OR MORE:   4
MAX 90 OR ABOVE:   9    0.10 INCH OR MORE:   4
MIN 32 OR BELOW:   0    0.50 INCH OR MORE:   2
MIN  0 OR BELOW:   0    1.00 INCH OR MORE:   1

[HDD (BASE 65) ]
TOTAL THIS MO.     0    CLEAR  (SCALE 0-3)  18
DPTR FM NORMAL     0    PTCLDY (SCALE 4-7)   4
TOTAL FM JUL 1     0    CLOUDY (SCALE 8-10)  0
DPTR FM NORMAL     0

[CDD (BASE 65) ]
TOTAL THIS MO.   282
DPTR FM NORMAL    47    [PRESSURE DATA]
TOTAL FM JAN 1   608    HIGHEST SLP M ON M
DPTR FM NORMAL    98    LOWEST  SLP M ON M

[REMARKS]
