000
CXUS54 KBMX 251216
CF6AUO
PRELIMINARY LOCAL CLIMATOLOGICAL DATA (WS FORM: F-6)

                                          STATION:   AUBURN    AWOS
                                          MONTH:     APRIL
                                          YEAR:      2017
                                          LATITUDE:   32 34 N
                                          LONGITUDE:  85 30 W

  TEMPERATURE IN F:       :PCPN:    SNOW:  WIND      :SUNSHINE: SKY     :PK WND
================================================================================
1   2   3   4   5  6A  6B    7    8   9   10  11  12  13   14  15   16   17  18
                                     12Z  AVG MX 2MIN
DY MAX MIN AVG DEP HDD CDD  WTR  SNW DPTH SPD SPD DIR MIN PSBL S-S WX    SPD DR
================================================================================

 1  82  54  68   M   0   3 0.00  0.0    0  6.6  9  30   M    M   0         M  M
 2  85  56  71   M   0   6 0.00  0.0    0  8.3 14 160   M    M   0        17 160
 3  68  59  64   M   1   0 0.80  0.0    0 11.7 21 320   M    M   9 13     33 320
 4  81  61  71   M   0   6 0.01  0.0    0  5.2 10 220   M    M   3 128    16 200
 5  77  56  67   M   0   2 0.78  0.0    0 10.9 16 180   M    M   7 13     30 260
 6  62  49  56   M   9   0 0.00  0.0    0 13.0 21 300   M    M   2        35 280
 7  66  44  55   M  10   0 0.00  0.0    0  9.9 23 310   M    M   0        32 330
 8  72  39  56   M   9   0 0.00  0.0    0  4.6  7 240   M    M   0         M  M
 9  77  43  60   M   5   0 0.00  0.0    0  4.6 12 180   M    M   0         M  M
10  79  49  64   M   1   0 0.00  0.0    0  5.3 13 160   M    M   0        20 160
11  79  56  68   M   0   3    T  0.0    0  3.2  9 200   M    M   0 8       M  M
12  81  57  69   M   0   4 0.00  0.0    0  3.4  9  20   M    M   1         M  M
13  83  57  70   M   0   5 0.00  0.0    0  3.5  7 110   M    M   1         M  M
14  82  60  71   M   0   6 0.00  0.0    0  5.3  9  90   M    M   1        16 120
15  82  62  72   M   0   7 0.00  0.0    0  7.5 15 170   M    M   2        20 170
16  82  61  72   M   0   7 0.00  0.0    0  6.5 12 220   M    M   3         M  M
17  83  63  73   M   0   8 0.00  0.0    0  5.2 13 210   M    M   1         M  M
18  84  57  71   M   0   6 0.00  0.0    0  2.7  9  70   M    M   2         M  M
19  81  62  72   M   0   7    T  0.0    0  6.3 10 110   M    M   3        16 110
20  84  63  74   M   0   9 0.00  0.0    0  3.8  8 180   M    M   2         M  M
21  86  62  74   M   0   9 0.00  0.0    0  6.5 12 180   M    M   2 1      20 200
22  82  61  72   M   0   7 0.00  0.0    0  6.8 13 210   M    M   3 1       M  M
23  68  54  61   M   4   0 0.18  0.0    0  6.7 10 260   M    M   6 1      21 290
24  68  52  60   M   5   0    T  0.0    0  7.8 16 350   M    M   7 18     20 350
================================================================================
SM 1874 1337        44  95  1.77     0.0 155.3          M       55
================================================================================
AV 78.1 55.7                               6.5 FASTST   M    M   2    MAX(MPH)
                                 MISC ---->  # 23 310               # 35  280
================================================================================
NOTES:
# LAST OF SEVERAL OCCURRENCES

COLUMN 17 PEAK WIND IN M.P.H.

PRELIMINARY LOCAL CLIMATOLOGICAL DATA (WS FORM: F-6) , PAGE 2

                                          STATION:  AUBURN    AWOS
                                          MONTH:    APRIL
                                          YEAR:     2017
                                          LATITUDE:   32 34 N
                                          LONGITUDE:  85 30 W

[TEMPERATURE DATA]      [PRECIPITATION DATA]       SYMBOLS USED IN COLUMN 16

AVERAGE MONTHLY: 66.9   TOTAL FOR MONTH:   1.77    1 = FOG OR MIST
DPTR FM NORMAL:     M   DPTR FM NORMAL:       M    2 = FOG REDUCING VISIBILITY
HIGHEST:    86 ON 21    GRTST 24HR  0.80 ON  3- 3      TO 1/4 MILE OR LESS
LOWEST:     39 ON  8                               3 = THUNDER
                        SNOW, ICE PELLETS, HAIL    4 = ICE PELLETS
                        TOTAL MONTH:   0.0 INCH    5 = HAIL
                        GRTST 24HR     0.0         6 = FREEZING RAIN OR DRIZZLE
                        GRTST DEPTH:   0           7 = DUSTSTORM OR SANDSTORM:
                                                       VSBY 1/2 MILE OR LESS
                                                   8 = SMOKE OR HAZE
[NO. OF DAYS WITH]      [WEATHER - DAYS WITH]      9 = BLOWING SNOW
                                                   X = TORNADO
MAX 32 OR BELOW:   0    0.01 INCH OR MORE:   4
MAX 90 OR ABOVE:   0    0.10 INCH OR MORE:   3
MIN 32 OR BELOW:   0    0.50 INCH OR MORE:   2
MIN  0 OR BELOW:   0    1.00 INCH OR MORE:   0

[HDD (BASE 65) ]
TOTAL THIS MO.    44    CLEAR  (SCALE 0-3)  20
DPTR FM NORMAL     M    PTCLDY (SCALE 4-7)   3
TOTAL FM JUL 1  1471    CLOUDY (SCALE 8-10)  1
DPTR FM NORMAL     M

[CDD (BASE 65) ]
TOTAL THIS MO.    95
DPTR FM NORMAL     M    [PRESSURE DATA]
TOTAL FM JAN 1   153    HIGHEST SLP M ON M
DPTR FM NORMAL     M    LOWEST  SLP M ON M

[REMARKS]
