000
CXUS54 KBMX 221216
CF6AUO
PRELIMINARY LOCAL CLIMATOLOGICAL DATA (WS FORM: F-6)

                                          STATION:   AUBURN    AWOS
                                          MONTH:     JULY
                                          YEAR:      2017
                                          LATITUDE:   32 34 N
                                          LONGITUDE:  85 30 W

  TEMPERATURE IN F:       :PCPN:    SNOW:  WIND      :SUNSHINE: SKY     :PK WND
================================================================================
1   2   3   4   5  6A  6B    7    8   9   10  11  12  13   14  15   16   17  18
                                     12Z  AVG MX 2MIN
DY MAX MIN AVG DEP HDD CDD  WTR  SNW DPTH SPD SPD DIR MIN PSBL S-S WX    SPD DR
================================================================================

 1  88  69  79   M   0  14 0.00  0.0    0  5.1 14 190   M    M   6 123    18 190
 2  89  73  81   M   0  16 0.00  0.0    0  5.7 10 260   M    M   3 18     16 270
 3  88  71  80   M   0  15 0.00  0.0    0  5.4 12 270   M    M   2         M  M
 4  90  73  82   M   0  17 0.00  0.0    0  4.8 12 210   M    M   1 8       M  M
 5  91  73  82   M   0  17 0.00  0.0    0  3.9  9 240   M    M   1         M  M
 6  91  76  84   M   0  19 0.00  0.0    0  6.6 10 190   M    M   1        16 220
 7  91  71  81   M   0  16 0.01  0.0    0  6.5 18 320   M    M   3 3      25 320
 8  87  71  79   M   0  14    T  0.0    0  5.3 10 240   M    M   6 138     M  M
 9  90  71  81   M   0  16    T  0.0    0  3.5 13 210   M    M   3 123     M  M
10  89  71  80   M   0  15 0.04  0.0    0  2.7  9 120   M    M   3        18 120
11  88  71  80   M   0  15 0.00  0.0    0  4.8 10 200   M    M   3 13      M  M
12  90  73  82   M   0  17 0.00  0.0    0  3.3  8 200   M    M   2 3       M  M
13  92  72  82   M   0  17 0.02  0.0    0  2.7  7 100   M    M   2 8       M  M
14  93  72  83   M   0  18 0.09  0.0    0  4.0 10 160   M    M   1 3      17 180
15  90  71  81   M   0  16 0.00  0.0    0  4.6  9 200   M    M   2 3       M  M
16  87  71  79   M   0  14 1.35  0.0    0  5.6 10 190   M    M   5 13      M  M
17  87  71  79   M   0  14    M  0.0    0  3.3  7 140   M    M   6 13     31 180
18  89  70  80   M   0  15    T  0.0    0  2.6  7 160   M    M   6 12      M  M
19  91  74  83   M   0  18 0.00  0.0    0  3.9  9 290   M    M   2         M  M
20  93  74  84   M   0  19    T  0.0    0  5.4 12 290   M    M   1 3      21 290
21  94  73  84   M   0  19    T  0.0    0  3.9  8 360   M    M   2 3       M  M
================================================================================
SM 1888 1511         0 341  1.51     0.0  93.6          M       61
================================================================================
AV 89.9 72.0                               4.5 FASTST   M    M   3    MAX(MPH)
                                 MISC ---->    18   M                 31    M
================================================================================
NOTES:
# LAST OF SEVERAL OCCURRENCES

COLUMN 17 PEAK WIND IN M.P.H.

PRELIMINARY LOCAL CLIMATOLOGICAL DATA (WS FORM: F-6) , PAGE 2

                                          STATION:  AUBURN    AWOS
                                          MONTH:    JULY
                                          YEAR:     2017
                                          LATITUDE:   32 34 N
                                          LONGITUDE:  85 30 W

[TEMPERATURE DATA]      [PRECIPITATION DATA]       SYMBOLS USED IN COLUMN 16

AVERAGE MONTHLY: 80.9   TOTAL FOR MONTH:   1.51    1 = FOG OR MIST
DPTR FM NORMAL:     M   DPTR FM NORMAL:       M    2 = FOG REDUCING VISIBILITY
HIGHEST:    94 ON 21    GRTST 24HR  1.35 ON 16-16      TO 1/4 MILE OR LESS
LOWEST:     69 ON  1                               3 = THUNDER
                        SNOW, ICE PELLETS, HAIL    4 = ICE PELLETS
                        TOTAL MONTH:   0.0 INCH    5 = HAIL
                        GRTST 24HR     0.0         6 = FREEZING RAIN OR DRIZZLE
                        GRTST DEPTH:   0           7 = DUSTSTORM OR SANDSTORM:
                                                       VSBY 1/2 MILE OR LESS
                                                   8 = SMOKE OR HAZE
[NO. OF DAYS WITH]      [WEATHER - DAYS WITH]      9 = BLOWING SNOW
                                                   X = TORNADO
MAX 32 OR BELOW:   0    0.01 INCH OR MORE:   5
MAX 90 OR ABOVE:  12    0.10 INCH OR MORE:   1
MIN 32 OR BELOW:   0    0.50 INCH OR MORE:   1
MIN  0 OR BELOW:   0    1.00 INCH OR MORE:   1

[HDD (BASE 65) ]
TOTAL THIS MO.     0    CLEAR  (SCALE 0-3)  15
DPTR FM NORMAL     M    PTCLDY (SCALE 4-7)   6
TOTAL FM JUL 1     0    CLOUDY (SCALE 8-10)  0
DPTR FM NORMAL     M

[CDD (BASE 65) ]
TOTAL THIS MO.   341
DPTR FM NORMAL     M    [PRESSURE DATA]
TOTAL FM JAN 1  1091    HIGHEST SLP M ON M
DPTR FM NORMAL     M    LOWEST  SLP M ON M

[REMARKS]
