000
CXUS51 KBGM 010800
CF6AVP
PRELIMINARY LOCAL CLIMATOLOGICAL DATA (WS FORM: F-6)

                                          STATION:   AVOCA PA
                                          MONTH:     AUGUST
                                          YEAR:      2015
                                          LATITUDE:   41 19 N
                                          LONGITUDE:  75 44 W

  TEMPERATURE IN F:       :PCPN:    SNOW:  WIND      :SUNSHINE: SKY     :PK WND
================================================================================
1   2   3   4   5  6A  6B    7    8   9   10  11  12  13   14  15   16   17  18
                                     12Z  AVG MX 2MIN
DY MAX MIN AVG DEP HDD CDD  WTR  SNW DPTH SPD SPD DIR MIN PSBL S-S WX    SPD DR
================================================================================

 1  83  62  73   2   0   8 0.03  0.0    M  5.1 18 330   M    M   4        23 320
 2  86  58  72   1   0   7 0.00  0.0    M  6.3 16 250   M    M   1        21 230
 3  88  64  76   5   0  11 0.14  0.0    M  6.9 18 260   M    M   2 13     25 250
 4  85  65  75   4   0  10    T  0.0    M  7.9 21 250   M    M   2 13     28 240
 5  80  59  70  -1   0   5    T  0.0    M  5.2 15 320   M    M   3        19 320
 6  77  55  66  -5   0   1 0.00  0.0    M  3.3 10  30   M    M   0        14  40
 7  83  56  70  -1   0   5 0.00  0.0    M  4.3 12  40   M    M   1        16  40
 8  84  58  71   0   0   6 0.00  0.0    M  4.9 16  20   M    M   2        20  20
 9  87  61  74   3   0   9 0.00  0.0    M  3.4  9 160   M    M   5        16 190
10  72  65  69  -1   0   4 0.03  0.0    M  3.7 13 180   M    M   9        22 180
11  81  65  73   3   0   8 1.25  0.0    M  4.9 16 320   M    M   8 13     21 310
12  81  60  71   1   0   6 0.01  0.0    M  5.1 18 330   M    M   8        23 320
13  79  55  67  -3   0   2 0.00  0.0    M  4.2 12 280   M    M   1 1      15 270
14  85  58  72   2   0   7 0.00  0.0    M  5.8 16 220   M    M   2        23 250
15  89  64  77   7   0  12    T  0.0    M  4.6 17 330   M    M   0        21 330
16  90  65  78   8   0  13 0.00  0.0    M  3.6  9 330   M    M   3        14 310
17  90  67  79   9   0  14 0.00  0.0    M  3.6 13 310   M    M   1 18     16 300
18  90  69  80  10   0  15 0.00  0.0    M  4.6 14 210   M    M   1 38     21 180
19  87  73  80  10   0  15    T  0.0    M  5.4 13 200   M    M   7        22 180
20  87  71  79  10   0  14 0.80  0.0    M  5.6 16 160   M    M   8 1      29 130
21  80  59  70   1   0   5 0.00  0.0    M  5.9 13 350   M    M   3 1      17 340
22  79  54  67  -2   0   2 0.00  0.0    M  5.1 14 360   M    M   3        18 360
23  81  55  68  -1   0   3 0.00  0.0    M  4.6  9 290   M    M   2        12 190
24  85  59  72   3   0   7 0.10  0.0    M  5.1 21 300   M    M   2 3      25 280
25  80  58  69   0   0   4 0.00  0.0    M  6.0 16 250   M    M   2 18     22 240
26  75  56  66  -2   0   1    T  0.0    M  3.2 10 320   M    M   6        14 240
27  72  58  65  -3   0   0 0.00  0.0    M  5.7 17 310   M    M   8        23 310
28  77  54  66  -2   0   1 0.00  0.0    M  4.5 13 360   M    M   3        16 330
29  84  53  69   1   0   4 0.00  0.0    M  4.5 12 250   M    M   2        16 250
30  88  62  75   7   0  10 0.00  0.0    M  5.5 16 240   M    M   4        23 240
31  85  66  76   9   0  11 0.38  0.0    M  3.2 16 330   M    M   1 18     21 330
================================================================================
SM 2570 1884         0 220  2.74     0.0 151.7          M      104
================================================================================
AV 82.9 60.8                               4.9 FASTST   M    M   3    MAX(MPH)
                                 MISC ---->  # 21 250               # 29  130
================================================================================
NOTES:
# LAST OF SEVERAL OCCURRENCES

COLUMN 17 PEAK WIND IN M.P.H.

PRELIMINARY LOCAL CLIMATOLOGICAL DATA (WS FORM: F-6) , PAGE 2

                                          STATION:  AVOCA PA
                                          MONTH:    AUGUST
                                          YEAR:     2015
                                          LATITUDE:   41 19 N
                                          LONGITUDE:  75 44 W

[TEMPERATURE DATA]      [PRECIPITATION DATA]       SYMBOLS USED IN COLUMN 16

AVERAGE MONTHLY: 71.8   TOTAL FOR MONTH:   2.74    1 = FOG OR MIST
DPTR FM NORMAL:   2.1   DPTR FM NORMAL:   -0.67    2 = FOG REDUCING VISIBILITY
HIGHEST:    90 ON 18,17 GRTST 24HR  1.25 ON 11-11      TO 1/4 MILE OR LESS
LOWEST:     53 ON 29                               3 = THUNDER
                        SNOW, ICE PELLETS, HAIL    4 = ICE PELLETS
                        TOTAL MONTH:   0.0 INCH    5 = HAIL
                        GRTST 24HR     0.0         6 = FREEZING RAIN OR DRIZZLE
                        GRTST DEPTH:  M  ON   M    7 = DUSTSTORM OR SANDSTORM:
                                                       VSBY 1/2 MILE OR LESS
                                                   8 = SMOKE OR HAZE
[NO. OF DAYS WITH]      [WEATHER - DAYS WITH]      9 = BLOWING SNOW
                                                   X = TORNADO
MAX 32 OR BELOW:   0    0.01 INCH OR MORE:   8
MAX 90 OR ABOVE:   3    0.10 INCH OR MORE:   5
MIN 32 OR BELOW:   0    0.50 INCH OR MORE:   2
MIN  0 OR BELOW:   0    1.00 INCH OR MORE:   1

[HDD (BASE 65) ]
TOTAL THIS MO.     0    CLEAR  (SCALE 0-3)  21
DPTR FM NORMAL   -18    PTCLDY (SCALE 4-7)   7
TOTAL FM JUL 1     0    CLOUDY (SCALE 8-10)  3
DPTR FM NORMAL   -26

[CDD (BASE 65) ]
TOTAL THIS MO.   220
DPTR FM NORMAL    56    [PRESSURE DATA]
TOTAL FM JAN 1   776    HIGHEST SLP 30.23 ON 28
DPTR FM NORMAL   252    LOWEST  SLP 29.74 ON 11

[REMARKS]
#FINAL-08-15#
