000
CXUS53 KGRR 011017
CF6AZO
PRELIMINARY LOCAL CLIMATOLOGICAL DATA (WS FORM: F-6)

                                          STATION:   KALAMAZOO MI
                                          MONTH:     FEBRUARY
                                          YEAR:      2015
                                          LATITUDE:   42 13 N
                                          LONGITUDE:  85 33 W

  TEMPERATURE IN F:       :PCPN:    SNOW:  WIND      :SUNSHINE: SKY     :PK WND
================================================================================
1   2   3   4   5  6A  6B    7    8   9   10  11  12  13   14  15   16   17  18
                                     12Z  AVG MX 2MIN
DY MAX MIN AVG DEP HDD CDD  WTR  SNW DPTH SPD SPD DIR MIN PSBL S-S WX    SPD DR
================================================================================

 1  30  14  22  -3  43   0 0.46    M    M 10.4 22  20   M    M  10 12     30  30
 2  20   4  12 -13  53   0    T    M    M 11.6 23  10   M    M   5        32  10
 3  25   2  14 -11  51   0 0.06    M    M 10.1 15 200   M    M   7 18     19 230
 4  27  13  20  -5  45   0 0.01    M    M  9.0 22 330   M    M  10 18     26 330
 5  19   0  10 -15  55   0 0.00    M    M  7.9 16 210   M    M   6 1      21 220
 6  28  11  20  -5  45   0 0.00    M    M  9.3 15 230   M    M   6        24 220
 7  41  23  32   7  33   0 0.00    M    M  5.2 14 190   M    M   1 18     16 190
 8  41  22  32   6  33   0    T    M    M  7.0 16  30   M    M   8 1268   22  20
 9  25  10  18  -8  47   0 0.00    M    M  7.1 15  20   M    M   7 18     20  20
10  28   4  16 -10  49   0 0.00    M    M  4.0 15 160   M    M   0 18     20 160
11  34  20  27   1  38   0    T    M    M 12.4 24 320   M    M  10 18     29 320
12  25  11  18  -8  47   0    T    M    M 16.4 29 350   M    M   6 189    36 350
13  23   7  15 -11  50   0    T    M    M 10.6 22 230   M    M  10 18     27 220
14  27   4  16 -10  49   0 0.01    M    M 20.1 38 320   M    M   9 189    46 320
15   9  -6   2 -25  63   0 0.00    M    M  7.3 20 350   M    M   0        23 350
16  10  -3   4 -23  61   0 0.00    M    M  5.0  9 130   M    M   6        14 120
17  20  -1  10 -17  55   0    M    M    M  9.1 17 280   M    M  10 18     22 280
18  13   4   9 -18  56   0 0.02    M    M 12.6 23 320   M    M  10 189    30 320
19   7 -10  -1 -29  66   0 0.01    M    M  6.8 17 320   M    M   8 189    22 320
20  15 -15   0 -28  65   0    T    M    M 10.5 23 180   M    M   6 128    28 190
21  29  15  22  -6  43   0 0.00    M    M  5.0 17 180   M    M  10 18     19 190
22  26   2  14 -14  51   0    T    M    M 11.5 23 340   M    M   9 18     29 340
23  13  -9   2 -27  63   0    T    M    M  5.6 15 250   M    M   3        18 250
24  26   2  14 -15  51   0    T    M    M 14.7 26 220   M    M   5 8      35 260
25  26  10  18 -11  47   0 0.00    M    M  6.4 23 340   M    M   5 8      29 360
26  16   0   8 -22  57   0    T    M    M  6.8 14 340   M    M   6 8      17 340
27  18 -11   4 -26  61   0 0.00    M    M  5.7 15 260   M    M   3 1      19 260
28  20  -8   6 -24  59   0    M    M    M  6.3 12 190   M    M   1 18     14 190
================================================================================
SM  641  115      1436   0  0.57    M    254.4          M      177
================================================================================
AV 22.9  4.1                               9.1 FASTST   M    M   6    MAX(MPH)
                                 MISC ---->  # 38 320               # 46  320
================================================================================
NOTES:
# LAST OF SEVERAL OCCURRENCES

COLUMN 17 PEAK WIND IN M.P.H.

PRELIMINARY LOCAL CLIMATOLOGICAL DATA (WS FORM: F-6) , PAGE 2

                                          STATION:  KALAMAZOO MI
                                          MONTH:    FEBRUARY
                                          YEAR:     2015
                                          LATITUDE:   42 13 N
                                          LONGITUDE:  85 33 W

[TEMPERATURE DATA]      [PRECIPITATION DATA]       SYMBOLS USED IN COLUMN 16

AVERAGE MONTHLY: 13.5   TOTAL FOR MONTH:   0.57    1 = FOG OR MIST
DPTR FM NORMAL: -13.5   DPTR FM NORMAL:   -0.88    2 = FOG REDUCING VISIBILITY
HIGHEST:    41 ON  8, 7 GRTST 24HR  0.47 ON 31- 1      TO 1/4 MILE OR LESS
LOWEST:    -15 ON 20                               3 = THUNDER
                        SNOW, ICE PELLETS, HAIL    4 = ICE PELLETS
                        TOTAL MONTH:    M          5 = HAIL
                        GRTST 24HR    M  ON   M    6 = FREEZING RAIN OR DRIZZLE
                        GRTST DEPTH:  M  ON   M    7 = DUSTSTORM OR SANDSTORM:
                                                       VSBY 1/2 MILE OR LESS
                                                   8 = SMOKE OR HAZE
[NO. OF DAYS WITH]      [WEATHER - DAYS WITH]      9 = BLOWING SNOW
                                                   X = TORNADO
MAX 32 OR BELOW:  25    0.01 INCH OR MORE:   6
MAX 90 OR ABOVE:   0    0.10 INCH OR MORE:   1
MIN 32 OR BELOW:  28    0.50 INCH OR MORE:   0
MIN  0 OR BELOW:  10    1.00 INCH OR MORE:   0

[HDD (BASE 65) ]
TOTAL THIS MO.  1436    CLEAR  (SCALE 0-3)   5
DPTR FM NORMAL   371    PTCLDY (SCALE 4-7)  13
TOTAL FM JUL 1  5286    CLOUDY (SCALE 8-10) 10
DPTR FM NORMAL   513

[CDD (BASE 65) ]
TOTAL THIS MO.     0
DPTR FM NORMAL     0    [PRESSURE DATA]
TOTAL FM JAN 1     0    HIGHEST SLP 30.80 ON 28
DPTR FM NORMAL     0    LOWEST  SLP 29.60 ON  8

[REMARKS]
#FINAL-02-15#
