000
CXUS51 KOKX 300701
CF6BDR
PRELIMINARY LOCAL CLIMATOLOGICAL DATA (WS FORM: F-6)

                                          STATION:   BRIDGEPORT CT
                                          MONTH:     JANUARY
                                          YEAR:      2015
                                          LATITUDE:   41 10 N
                                          LONGITUDE:  73  8 W

  TEMPERATURE IN F:       :PCPN:    SNOW:  WIND      :SUNSHINE: SKY     :PK WND
================================================================================
1   2   3   4   5  6A  6B    7    8   9   10  11  12  13   14  15   16   17  18
                                     12Z  AVG MX 2MIN
DY MAX MIN AVG DEP HDD CDD  WTR  SNW DPTH SPD SPD DIR MIN PSBL S-S WX    SPD DR
================================================================================

 1  40  26  33   2  32   0 0.00  0.0    0 15.7 26 230   M    M   0        36 230
 2  44  31  38   7  27   0 0.00  0.0    0 11.8 22 290   M    M   2        30 270
 3  43  28  36   5  29   0 0.51  1.1    0 12.8 25 100   M    M   5 1      32 100
 4  54  36  45  14  20   0 0.43  0.0    0  7.0 22 270   M    M   9 12     33 260
 5  51  19  35   5  30   0 0.00  0.0    0 18.1 31 290   M    M   2        47 290
 6  22  17  20 -10  45   0 0.02  0.8    0  5.6 17 280   M    M   5 18     24 290
 7  25   9  17 -13  48   0    T    T    1 15.7 35 300   M    M   2 8      45 300
 8  23   4  14 -16  51   0 0.00  0.0    T  9.9 21 260   M    M   1        27 270
 9  32  19  26  -4  39   0 0.13  2.3    0 14.5 30 220   M    M   4 18     38 220
10  24  16  20 -10  45   0 0.00  0.0    2 10.7 18 290   M    M   0        27 300
11  37  16  27  -3  38   0 0.00  0.0    1  8.6 15 220   M    M   4        20 260
12  38  36  37   7  28   0 0.51    T    1  5.3 10 220   M    M  10 148     M  M
13  35  17  26  -4  39   0 0.00  0.0    0 11.6 18 350   M    M   3        30 350
14  29  14  22  -8  43   0 0.00  0.0    0 10.1 16  10   M    M   7        19  10
15  34  20  27  -3  38   0 0.00  0.0    0  6.6 16 320   M    M   1        22 330
16  43  18  31   1  34   0 0.00  0.0    0 13.3 29 290   M    M   3        41 300
17  31  12  22  -8  43   0 0.00  0.0    0  8.4 16 320   M    M   0        21 320
18  45  24  35   5  30   0 1.28  0.0    0  5.3 20 290   M    M   8 12     26 290
19  44  34  39   9  26   0 0.00  0.0    0 10.7 23 290   M    M   7 1      34 290
20  39  28  34   4  31   0 0.00  0.0    0  9.8 20 300   M    M   3        27 270
21  35  20  28  -2  37   0 0.00  0.0    0  4.3 12 360   M    M   3        16  10
22  40  27  34   4  31   0 0.00  0.0    0  5.8 12 290   M    M   6        16 310
23  36  21  29  -1  36   0 0.00  0.0    0  8.8 16 210   M    M   1        20 230
24  37  32  35   5  30   0 0.75  5.5    6  8.2 15  10   M    M   8 1      20 310
25  40  24  32   2  33   0 0.00  0.0    3 12.0 24 290   M    M   3        31 300
26  25  19  22  -8  43   0 0.16  3.5    2 17.2 30  10   M    M  10 18     43 360
27  23  15  19 -11  46   0 0.22  3.7    6 18.5 33  10   M    M   8 18     42 360
28  29  15  22  -8  43   0    T    T    7 12.2 21 340   M    M   3 8      28 330
29  32   9  21  -9  44   0 0.00  0.0    6  3.6 10 120   M    M   3        13 120
================================================================================
SM 1030  606      1059   0  4.01    16.9 302.1          M      121
================================================================================
AV 35.5 20.9                              10.4 FASTST   M    M   4    MAX(MPH)
                                 MISC ---->  # 35 300               # 47  290
================================================================================
NOTES:
# LAST OF SEVERAL OCCURRENCES

COLUMN 17 PEAK WIND IN M.P.H.

PRELIMINARY LOCAL CLIMATOLOGICAL DATA (WS FORM: F-6) , PAGE 2

                                          STATION:  BRIDGEPORT CT
                                          MONTH:    JANUARY
                                          YEAR:     2015
                                          LATITUDE:   41 10 N
                                          LONGITUDE:  73  8 W

[TEMPERATURE DATA]      [PRECIPITATION DATA]       SYMBOLS USED IN COLUMN 16

AVERAGE MONTHLY: 28.2   TOTAL FOR MONTH:   4.01    1 = FOG OR MIST
DPTR FM NORMAL:  -1.9   DPTR FM NORMAL:    1.10    2 = FOG REDUCING VISIBILITY
HIGHEST:    54 ON  4    GRTST 24HR  1.28 ON 18-18      TO 1/4 MILE OR LESS
LOWEST:      4 ON  8                               3 = THUNDER
                        SNOW, ICE PELLETS, HAIL    4 = ICE PELLETS
                        TOTAL MONTH:  16.9 INCHES  5 = HAIL
                        GRTST 24HR   5.5 ON 24-24  6 = FREEZING RAIN OR DRIZZLE
                        GRTST DEPTH:   7 ON 28     7 = DUSTSTORM OR SANDSTORM:
                                                       VSBY 1/2 MILE OR LESS
                                                   8 = SMOKE OR HAZE
[NO. OF DAYS WITH]      [WEATHER - DAYS WITH]      9 = BLOWING SNOW
                                                   X = TORNADO
MAX 32 OR BELOW:  11    0.01 INCH OR MORE:   9
MAX 90 OR ABOVE:   0    0.10 INCH OR MORE:   8
MIN 32 OR BELOW:  26    0.50 INCH OR MORE:   4
MIN  0 OR BELOW:   0    1.00 INCH OR MORE:   1

[HDD (BASE 65) ]
TOTAL THIS MO.  1059    CLEAR  (SCALE 0-3)  15
DPTR FM NORMAL    48    PTCLDY (SCALE 4-7)  10
TOTAL FM JUL 1  2763    CLOUDY (SCALE 8-10)  4
DPTR FM NORMAL  -141

[CDD (BASE 65) ]
TOTAL THIS MO.     0
DPTR FM NORMAL     0    [PRESSURE DATA]
TOTAL FM JAN 1     0    HIGHEST SLP M ON M
DPTR FM NORMAL     0    LOWEST  SLP 29.28 ON 24

[REMARKS]
