000
CXUS55 KCTP 291131
CF6BFD
PRELIMINARY LOCAL CLIMATOLOGICAL DATA (WS FORM: F-6)

                                          STATION:   BRADFORD
                                          MONTH:     APRIL
                                          YEAR:      2016
                                          LATITUDE:   41 47 N
                                          LONGITUDE:  78 38 W

  TEMPERATURE IN F:       :PCPN:    SNOW:  WIND      :SUNSHINE: SKY     :PK WND
================================================================================
1   2   3   4   5  6A  6B    7    8   9   10  11  12  13   14  15   16   17  18
                                     12Z  AVG MX 2MIN
DY MAX MIN AVG DEP HDD CDD  WTR  SNW DPTH SPD SPD DIR MIN PSBL S-S WX    SPD DR
================================================================================

 1  59  36  48  10  17   0 0.67    M    M  9.2 24 320   M    M   8 1      35 270
 2  44  26  35  -3  30   0 0.14    M    M 10.5 33 320   M    M  10 12     44 310
 3  28  17  23 -16  42   0 0.02    M    M 13.6 35 320   M    M  10 12     52 300
 4  44  16  30  -9  35   0 0.12    M    M  8.9 14 350   M    M  10 18     19 340
 5  33  13  23 -17  42   0 0.00    M    M  6.2 14 330   M    M   0        18 320
 6  51  18  35  -5  30   0 0.00    M    M 10.1 22 170   M    M   4        37 150
 7  48  29  39  -2  26   0 0.29    M    M  9.5 21 300   M    M   8 1      31 200
 8  38  24  31 -10  34   0 0.02    M    M 10.5 23 290   M    M   9 1      32 290
 9  29  21  25 -16  40   0 0.16    M    M 11.7 25 320   M    M  10 12     30 320
10  38  11  25 -17  40   0 0.01    M    M  7.0 14 170   M    M   8        21 150
11  50  35  43   1  22   0 1.25    M    M  8.7 17 280   M    M  10 1      26 220
12  46  26  36  -7  29   0 0.04    M    M 11.0 22 300   M    M   7 1      32 310
13  49  21  35  -8  30   0 0.00    M    M  3.5 12 100   M    M   3        16  90
14  59  28  44   1  21   0 0.00    M    M  4.3 10 110   M    M   0        14  30
15  65  29  47   3  18   0 0.00    M    M  3.5 14 150   M    M   0        19 140
16  72  33  53   9  12   0 0.00    M    M  3.0 13  90   M    M   0        19  90
17  77  37  57  13   8   0 0.00    M    M  4.0 16 330   M    M   0        20 320
18  75  35  55  10  10   0 0.00    M    M  4.7 17 350   M    M   0        23 300
19  61  36  49   4  16   0 0.00    M    M  8.2 17 330   M    M   2        23 340
20  68  28  48   3  17   0 0.00    M    M  3.1 12 130   M    M   0        17  80
21  69  38  54   8  11   0 0.01    M    M  3.5 16 290   M    M   6        24 300
22  62  49  56  10   9   0 0.24    M    M  4.1 13 350   M    M   8 1      17  10
23  55  34  45  -1  20   0 0.00    M    M  8.1 17 360   M    M   6 1      23  60
24  63  27  45  -2  20   0 0.00    M    M  2.9  9 340   M    M   2         M  M
25  72  38  55   8  10   0 0.08    M    M  4.1 16 280   M    M   4 1      22 290
26  58  35  47   0  18   0 0.22    M    M  9.1 20 300   M    M   9 1      26 290
27  62  30  46  -2  19   0 0.00    M    M  5.4 15 340   M    M   1        17 350
28  47  37  42  -6  23   0 0.20    M    M  7.8 15 110   M    M   6 1      21 120
================================================================================
SM 1522  807       649   0  3.47    M    196.2          M      141
================================================================================
AV 54.4 28.8                               7.0 FASTST   M    M   5    MAX(MPH)
                                 MISC ---->  # 35 320               # 52  300
================================================================================
NOTES:
# LAST OF SEVERAL OCCURRENCES

COLUMN 17 PEAK WIND IN M.P.H.

PRELIMINARY LOCAL CLIMATOLOGICAL DATA (WS FORM: F-6) , PAGE 2

                                          STATION:  BRADFORD
                                          MONTH:    APRIL
                                          YEAR:     2016
                                          LATITUDE:   41 47 N
                                          LONGITUDE:  78 38 W

[TEMPERATURE DATA]      [PRECIPITATION DATA]       SYMBOLS USED IN COLUMN 16

AVERAGE MONTHLY: 41.6   TOTAL FOR MONTH:   3.47    1 = FOG OR MIST
DPTR FM NORMAL:  -1.7   DPTR FM NORMAL:    0.16    2 = FOG REDUCING VISIBILITY
HIGHEST:    77 ON 17    GRTST 24HR  1.27 ON 11-12      TO 1/4 MILE OR LESS
LOWEST:     11 ON 10                               3 = THUNDER
                        SNOW, ICE PELLETS, HAIL    4 = ICE PELLETS
                        TOTAL MONTH:    M          5 = HAIL
                        GRTST 24HR    M  ON   M    6 = FREEZING RAIN OR DRIZZLE
                        GRTST DEPTH:  M  ON   M    7 = DUSTSTORM OR SANDSTORM:
                                                       VSBY 1/2 MILE OR LESS
                                                   8 = SMOKE OR HAZE
[NO. OF DAYS WITH]      [WEATHER - DAYS WITH]      9 = BLOWING SNOW
                                                   X = TORNADO
MAX 32 OR BELOW:   2    0.01 INCH OR MORE:  15
MAX 90 OR ABOVE:   0    0.10 INCH OR MORE:   9
MIN 32 OR BELOW:  16    0.50 INCH OR MORE:   2
MIN  0 OR BELOW:   0    1.00 INCH OR MORE:   1

[HDD (BASE 65) ]
TOTAL THIS MO.   649    CLEAR  (SCALE 0-3)  11
DPTR FM NORMAL   183    PTCLDY (SCALE 4-7)   9
TOTAL FM JUL 1  6093    CLOUDY (SCALE 8-10)  8
DPTR FM NORMAL  -980

[CDD (BASE 65) ]
TOTAL THIS MO.     0
DPTR FM NORMAL     0    [PRESSURE DATA]
TOTAL FM JAN 1     0    HIGHEST SLP M ON M
DPTR FM NORMAL     0    LOWEST  SLP 29.33 ON M

[REMARKS]
