000
CXUS55 KCTP 300700
CF6BFD
PRELIMINARY LOCAL CLIMATOLOGICAL DATA (WS FORM: F-6)

                                          STATION:   BRADFORD
                                          MONTH:     APRIL
                                          YEAR:      2017
                                          LATITUDE:   41 47 N
                                          LONGITUDE:  78 38 W

  TEMPERATURE IN F:       :PCPN:    SNOW:  WIND      :SUNSHINE: SKY     :PK WND
================================================================================
1   2   3   4   5  6A  6B    7    8   9   10  11  12  13   14  15   16   17  18
                                     12Z  AVG MX 2MIN
DY MAX MIN AVG DEP HDD CDD  WTR  SNW DPTH SPD SPD DIR MIN PSBL S-S WX    SPD DR
================================================================================

 1  39  32  36  -2  29   0 0.01    M    M  9.9 18 330   M    M  10 1      22 330
 2  55  30  43   5  22   0 0.00    M    M  5.5 21 330   M    M   4        25 330
 3  64  36  50  11  15   0 0.35    M    M  9.4 23 150   M    M   6 18     30 160
 4  58  41  50  11  15   0 0.30    M    M 11.1 22 280   M    M  10 1      34 230
 5  61  36  49   9  16   0 0.00    M    M  9.4 22 320   M    M   5        32 280
 6  53  34  44   4  21   0 0.59    M    M 10.9 22 140   M    M  10 1      31 140
 7  34  28  31 -10  34   0 0.06    M    M 14.8 30 330   M    M   9 1      38 320
 8  50  27  39  -2  26   0 0.00    M    M 10.1 22 290   M    M   0        28 290
 9  68  24  46   5  19   0 0.00    M    M  6.3 16 190   M    M   0        22 200
10  75  52  64  22   1   0 0.00    M    M  8.6 20 220   M    M   0        31 220
11  66  47  57  15   8   0 0.28    M    M  5.4 18 280   M    M   6 13     26 300
12  53  37  45   2  20   0 0.00  0.0    M  9.4 17 320   M    M   5        22 290
13  50  31  41  -2  24   0    T    M    M  3.5 10 350   M    M   5        14 360
14  66  37  52   9  13   0 0.00    M    M  3.3 12 100   M    M   5        13 100
15  69  40  55  11  10   0 0.06    M    M  7.1 18 280   M    M   3 1      27 220
16  73  59  66  22   0   1 0.52    M    M  8.9 24 220   M    M   6 13     33 210
17  60  40  50   6  15   0 0.00    M    M 10.0 24 310   M    M   3        30 330
18  65  33  49   4  16   0 0.00    M    M  3.8 17 320   M    M   2 12     24 310
19  57  47  52   7  13   0 0.77    M    M  8.5 17 160   M    M   9 1      28 150
20  71  54  63  18   2   0 1.13    M    M  4.9 24 330   M    M   8 123    29 290
21  61  43  52   6  13   0 0.07    M    M 10.2 20 320   M    M   7 1      27 310
22  50  32  41  -5  24   0 0.00    M    M  8.0 15 320   M    M   6        19 310
23  69  27  48   2  17   0 0.00    M    M  2.3 10 330   M    M   0        14 310
24  71  32  52   5  13   0    T    M    M  7.7 20 150   M    M   2        29 150
25  66  47  57  10   8   0 0.06    M    M 10.4 21 150   M    M  10 1      29 150
26  75  51  63  16   2   0 0.00    M    M  4.9 12 120   M    M   6 1      16 140
27  78  51  65  17   0   0 0.18    M    M  9.0 20 240   M    M   2 18     29 240
28  68  42  55   7  10   0 0.04    M    M  6.6 14 230   M    M   6        21 190
29  59  48  54   6  11   0 0.07    M    M  3.5 13 320   M    M   9 1      16 320
================================================================================
SM 1784 1138       417   1  4.49     0.0 223.4          M      154
================================================================================
AV 61.5 39.2                               7.7 FASTST   M    M   5    MAX(MPH)
                                 MISC ---->  # 30 330               # 38  320
================================================================================
NOTES:
# LAST OF SEVERAL OCCURRENCES

COLUMN 17 PEAK WIND IN M.P.H.

PRELIMINARY LOCAL CLIMATOLOGICAL DATA (WS FORM: F-6) , PAGE 2

                                          STATION:  BRADFORD
                                          MONTH:    APRIL
                                          YEAR:     2017
                                          LATITUDE:   41 47 N
                                          LONGITUDE:  78 38 W

[TEMPERATURE DATA]      [PRECIPITATION DATA]       SYMBOLS USED IN COLUMN 16

AVERAGE MONTHLY: 50.4   TOTAL FOR MONTH:   4.49    1 = FOG OR MIST
DPTR FM NORMAL:   6.9   DPTR FM NORMAL:    1.06    2 = FOG REDUCING VISIBILITY
HIGHEST:    78 ON 27    GRTST 24HR  1.16 ON 31- 1      TO 1/4 MILE OR LESS
LOWEST:     24 ON  9                               3 = THUNDER
                        SNOW, ICE PELLETS, HAIL    4 = ICE PELLETS
                        TOTAL MONTH:   0.0 INCH    5 = HAIL
                        GRTST 24HR     0.0         6 = FREEZING RAIN OR DRIZZLE
                        GRTST DEPTH:  M  ON   M    7 = DUSTSTORM OR SANDSTORM:
                                                       VSBY 1/2 MILE OR LESS
                                                   8 = SMOKE OR HAZE
[NO. OF DAYS WITH]      [WEATHER - DAYS WITH]      9 = BLOWING SNOW
                                                   X = TORNADO
MAX 32 OR BELOW:   0    0.01 INCH OR MORE:  15
MAX 90 OR ABOVE:   0    0.10 INCH OR MORE:   8
MIN 32 OR BELOW:   9    0.50 INCH OR MORE:   4
MIN  0 OR BELOW:   0    1.00 INCH OR MORE:   1

[HDD (BASE 65) ]
TOTAL THIS MO.   417    CLEAR  (SCALE 0-3)   9
DPTR FM NORMAL   -61    PTCLDY (SCALE 4-7)  13
TOTAL FM JUL 1  6067    CLOUDY (SCALE 8-10)  7
DPTR FM NORMAL -1018

[CDD (BASE 65) ]
TOTAL THIS MO.     1
DPTR FM NORMAL     1    [PRESSURE DATA]
TOTAL FM JAN 1     1    HIGHEST SLP M ON M
DPTR FM NORMAL     1    LOWEST  SLP 29.18 ON  6

[REMARKS]
