000
CXUS54 KAMA 201015
CF6BGD
PRELIMINARY LOCAL CLIMATOLOGICAL DATA (WS FORM: F-6)

                                          STATION:   BORGER
                                          MONTH:     FEBRUARY
                                          YEAR:      2018
                                          LATITUDE:   35 42 N
                                          LONGITUDE: 101 24 W

  TEMPERATURE IN F:       :PCPN:    SNOW:  WIND      :SUNSHINE: SKY     :PK WND
================================================================================
1   2   3   4   5  6A  6B    7    8   9   10  11  12  13   14  15   16   17  18
                                     12Z  AVG MX 2MIN
DY MAX MIN AVG DEP HDD CDD  WTR  SNW DPTH SPD SPD DIR MIN PSBL S-S WX    SPD DR
================================================================================

 1  48  29  39  -1  26   0 0.00  0.0    0  9.3 16  60   M    M   0        22  40
 2  53  29  41   1  24   0 0.00  0.0    0 12.8 25 210   M    M   1        37 190
 3  66  32  49   9  16   0 0.00  0.0    0  9.9 18 350   M    M   0        27  10
 4  44  18  31 -10  34   0 0.00  0.0    0  9.8 26  20   M    M   3        32  40
 5  69  17  43   2  22   0 0.00  0.0    0 13.6 25 250   M    M   0        32 250
 6  34  17  26 -15  39   0 0.00  0.0    0  5.9 16  40   M    M   5        22  40
 7  56  16  36  -5  29   0 0.00  0.0    0  6.4 20 170   M    M   0        27 170
 8  70  33  52  11  13   0 0.00  0.0    0 13.3 25 200   M    M   0        36 220
 9  52  20  36  -5  29   0 0.00  0.0    0 12.6 24  20   M    M   0        30  30
10  22  16  19 -22  46   0 0.00  0.0    0 12.7 24  10   M    M   8        29  10
11  46  15  31 -10  34   0 0.00  0.0    0  7.8 15 350   M    M   2        20 350
12  47  20  34  -8  31   0 0.00  0.0    0  9.6 18 130   M    M   2        25 140
13  64  22  43   1  22   0 0.00  0.0    0 11.6 23 200   M    M   0        33 200
14  80  48  64  22   1   0 0.00  0.0    0 14.8 31 250   M    M   0        40 240
15  74  49  62  20   3   0 0.00  0.0    0 15.9 31 240   M    M   0        41 250
16  49  31  40  -2  25   0 0.00  0.0    0 12.1 25  10   M    M   4        33  20
17  59  38  49   7  16   0 0.00  0.0    0 12.0 30  20   M    M   1        37  10
18  75  42  59  17   6   0 0.00  0.0    0 18.4 31 220   M    M   0        48 200
19  65  40  53  10  12   0    T  0.0    0 11.2 24 230   M    M   2        35 230
================================================================================
SM 1073  532       428   0    T      0.0 219.7          M       28
================================================================================
AV 56.5 28.0                              11.6 FASTST   M    M   1    MAX(MPH)
                                 MISC ---->  # 31 250               # 48  200
================================================================================
NOTES:
# LAST OF SEVERAL OCCURRENCES

COLUMN 17 PEAK WIND IN M.P.H.

PRELIMINARY LOCAL CLIMATOLOGICAL DATA (WS FORM: F-6) , PAGE 2

                                          STATION:  BORGER
                                          MONTH:    FEBRUARY
                                          YEAR:     2018
                                          LATITUDE:   35 42 N
                                          LONGITUDE: 101 24 W

[TEMPERATURE DATA]      [PRECIPITATION DATA]       SYMBOLS USED IN COLUMN 16

AVERAGE MONTHLY: 42.2   TOTAL FOR MONTH:      T    1 = FOG OR MIST
DPTR FM NORMAL:   0.9   DPTR FM NORMAL:   -0.45    2 = FOG REDUCING VISIBILITY
HIGHEST:    80 ON 14    GRTST 24HR    T  ON 19-19      TO 1/4 MILE OR LESS
LOWEST:     15 ON 11                               3 = THUNDER
                        SNOW, ICE PELLETS, HAIL    4 = ICE PELLETS
                        TOTAL MONTH:   0.0 INCH    5 = HAIL
                        GRTST 24HR     0.0         6 = FREEZING RAIN OR DRIZZLE
                        GRTST DEPTH:   0           7 = DUSTSTORM OR SANDSTORM:
                                                       VSBY 1/2 MILE OR LESS
                                                   8 = SMOKE OR HAZE
[NO. OF DAYS WITH]      [WEATHER - DAYS WITH]      9 = BLOWING SNOW
                                                   X = TORNADO
MAX 32 OR BELOW:   1    0.01 INCH OR MORE:   0
MAX 90 OR ABOVE:   0    0.10 INCH OR MORE:   0
MIN 32 OR BELOW:  13    0.50 INCH OR MORE:   0
MIN  0 OR BELOW:   0    1.00 INCH OR MORE:   0

[HDD (BASE 65) ]
TOTAL THIS MO.   428    CLEAR  (SCALE 0-3)  16
DPTR FM NORMAL   -23    PTCLDY (SCALE 4-7)   3
TOTAL FM JUL 1  2468    CLOUDY (SCALE 8-10)  0
DPTR FM NORMAL  -335

[CDD (BASE 65) ]
TOTAL THIS MO.     0
DPTR FM NORMAL     0    [PRESSURE DATA]
TOTAL FM JAN 1     0    HIGHEST SLP M ON M
DPTR FM NORMAL     0    LOWEST  SLP 29.50 ON 19

[REMARKS]
