000
CXUS54 KAMA 281015
CF6BGD
PRELIMINARY LOCAL CLIMATOLOGICAL DATA (WS FORM: F-6)

                                          STATION:   BORGER
                                          MONTH:     JULY
                                          YEAR:      2015
                                          LATITUDE:   35 42 N
                                          LONGITUDE: 101 24 W

  TEMPERATURE IN F:       :PCPN:    SNOW:  WIND      :SUNSHINE: SKY     :PK WND
================================================================================
1   2   3   4   5  6A  6B    7    8   9   10  11  12  13   14  15   16   17  18
                                     12Z  AVG MX 2MIN
DY MAX MIN AVG DEP HDD CDD  WTR  SNW DPTH SPD SPD DIR MIN PSBL S-S WX    SPD DR
================================================================================

 1  99  68  84   4   0  19 0.00  0.0    0 11.0 21 240   M    M   0        27 240
 2  92  69  81   0   0  16 0.06  0.0    0  6.0 30  40   M    M   3 3      35  40
 3  91  65  78  -3   0  13 2.77  0.0    0  4.9 52  30   M    M   1 123    66  20
 4  91  64  78  -3   0  13 0.00  0.0    0  7.9 16 170   M    M   0        24 180
 5  93  73  83   2   0  18 0.00  0.0    0 13.5 21 170   M    M   0        27 170
 6  90  67  79  -2   0  14 0.60  0.0    0 13.1 29  10   M    M   2 13     36  10
 7  70  62  66 -15   0   1 0.17  0.0    0  9.9 18  30   M    M   9 18     23  30
 8  83  59  71 -11   0   6 1.01  0.0    0  6.8 31 140   M    M   4 138    41 140
 9  86  63  75  -7   0  10 0.45  0.0    0  8.8 20 180   M    M   6 13     31 210
10  87  67  77  -5   0  12    T  0.0    0 11.0 24 180   M    M   3        33 170
11  91  69  80  -2   0  15 0.00  0.0    0 12.1 22 180   M    M   0        29 180
12  99  74  87   5   0  22 0.00  0.0    0 10.9 17 280   M    M   0        24 190
13 100  75  88   6   0  23 0.00  0.0    0  7.8 17 190   M    M   0        26 190
14  99  71  85   3   0  20 0.00  0.0    0  7.6 16 170   M    M   0        23 200
15  96  73  85   3   0  20 0.00  0.0    0 10.6 21 170   M    M   1        29 180
16  93  73  83   1   0  18    T  0.0    0  7.1 21 140   M    M   0 3      27 180
17  96  72  84   2   0  19 0.27  0.0    0 11.5 32 220   M    M   0 3      47 210
18  98  74  86   4   0  21 0.00  0.0    0 12.2 22 220   M    M   0        31 220
19  96  74  85   3   0  20 0.00  0.0    0  9.1 20 180   M    M   0        27 200
20  92  68  80  -2   0  15 1.41  0.0    0  7.5 28 180   M    M   1 13     40 180
21  85  68  77  -5   0  12 0.32  0.0    0  6.9 20 140   M    M   4 13     26 140
22  94  72  83   1   0  18 0.00  0.0    0  7.8 21 140   M    M   4        26 150
23  97  73  85   3   0  20 0.00  0.0    0 10.6 18 220   M    M   0        25 210
24  98  75  87   5   0  22 0.00  0.0    0  9.2 17 180   M    M   0        22 170
25  98  72  85   3   0  20 0.00  0.0    0  9.5 17 170   M    M   1        23 160
26  98  72  85   3   0  20 0.33  0.0    0  9.8 18 190   M    M   0 3      24 170
27  97  71  84   2   0  19 0.00  0.0    0 12.6 23 170   M    M   0        33 160
================================================================================
SM 2509 1883         0 446  7.39     0.0 255.7          M       39
================================================================================
AV 92.9 69.7                               9.5 FASTST   M    M   1    MAX(MPH)
                                 MISC ---->  # 52  30               # 66   20
================================================================================
NOTES:
# LAST OF SEVERAL OCCURRENCES

COLUMN 17 PEAK WIND IN M.P.H.

PRELIMINARY LOCAL CLIMATOLOGICAL DATA (WS FORM: F-6) , PAGE 2

                                          STATION:  BORGER
                                          MONTH:    JULY
                                          YEAR:     2015
                                          LATITUDE:   35 42 N
                                          LONGITUDE: 101 24 W

[TEMPERATURE DATA]      [PRECIPITATION DATA]       SYMBOLS USED IN COLUMN 16

AVERAGE MONTHLY: 81.3   TOTAL FOR MONTH:   7.39    1 = FOG OR MIST
DPTR FM NORMAL:  -0.4   DPTR FM NORMAL:    5.28    2 = FOG REDUCING VISIBILITY
HIGHEST:   100 ON 13    GRTST 24HR  2.83 ON  2- 3      TO 1/4 MILE OR LESS
LOWEST:     59 ON  8                               3 = THUNDER
                        SNOW, ICE PELLETS, HAIL    4 = ICE PELLETS
                        TOTAL MONTH:   0.0 INCH    5 = HAIL
                        GRTST 24HR     0.0         6 = FREEZING RAIN OR DRIZZLE
                        GRTST DEPTH:   0           7 = DUSTSTORM OR SANDSTORM:
                                                       VSBY 1/2 MILE OR LESS
                                                   8 = SMOKE OR HAZE
[NO. OF DAYS WITH]      [WEATHER - DAYS WITH]      9 = BLOWING SNOW
                                                   X = TORNADO
MAX 32 OR BELOW:   0    0.01 INCH OR MORE:  10
MAX 90 OR ABOVE:  22    0.10 INCH OR MORE:   9
MIN 32 OR BELOW:   0    0.50 INCH OR MORE:   4
MIN  0 OR BELOW:   0    1.00 INCH OR MORE:   3

[HDD (BASE 65) ]
TOTAL THIS MO.     0    CLEAR  (SCALE 0-3)  22
DPTR FM NORMAL     0    PTCLDY (SCALE 4-7)   4
TOTAL FM JUL 1     0    CLOUDY (SCALE 8-10)  1
DPTR FM NORMAL     0

[CDD (BASE 65) ]
TOTAL THIS MO.   446
DPTR FM NORMAL    -8    [PRESSURE DATA]
TOTAL FM JAN 1   983    HIGHEST SLP M ON M
DPTR FM NORMAL   -26    LOWEST  SLP 29.70 ON 14

[REMARKS]
