874
CXUS51 KCAR 190600
CF6BGR
PRELIMINARY LOCAL CLIMATOLOGICAL DATA (WS FORM: F-6)

                                          STATION:   BANGOR ME
                                          MONTH:     JANUARY
                                          YEAR:      2018
                                          LATITUDE:   44 47 N
                                          LONGITUDE:  68 49 W

  TEMPERATURE IN F:       :PCPN:    SNOW:  WIND      :SUNSHINE: SKY     :PK WND
================================================================================
1   2   3   4   5  6A  6B    7    8   9   10  11  12  13   14  15   16   17  18
                                     12Z  AVG MX 2MIN
DY MAX MIN AVG DEP HDD CDD  WTR  SNW DPTH SPD SPD DIR MIN PSBL S-S WX    SPD DR
================================================================================

 1   4 -10  -3 -22  68   0 0.00  0.0   14  9.7 21 320   M    M   5        26 320
 2   9  -9   0 -18  65   0 0.00  0.0   14  5.6 14 270   M    M   4        21 290
 3  26 -13   7 -11  58   0 0.00  0.0   14  1.1 13 180   M    M   5 18     15 170
 4  29  -2  14  -4  51   0 0.72 18.3   13 17.0 36  10   M    M   9 1249   46  10
 5  27  -4  12  -6  53   0 0.02  0.1   31 13.1 25 300   M    M   7 19     39 290
 6  -1  -6  -3 -21  68   0    T    T   31 13.0 23 310   M    M   9 8      34 280
 7  11  -9   1 -16  64   0 0.00  0.0   31  8.0 21 310   M    M   5        28 300
 8  22   5  14  -3  51   0 0.15  2.1   31  3.2  8 190   M    M   9 1      10 210
 9  37  13  25   8  40   0    T    T   33  7.1 28 300   M    M   6 189    38 280
10  34   4  19   2  46   0 0.00  0.0   32  4.0 10 290   M    M   2        15 280
11  44  31  38  21  27   0    T  0.0   31  9.2 17 200   M    M   8        23 200
12  51  42  47  30  18   0 0.95  0.0   25 13.1 22 170   M    M  10 12     31 170
13  51  13  32  15  33   0 1.85    T    8 14.8 25 320   M    M   8 16     32 320
14  15   4  10  -7  55   0 0.00  0.0    T  9.8 17 320   M    M   3        21 320
15  14  -1   7  -9  58   0    T    T    T 11.6 18  10   M    M   6 8      22  20
16  24  11  18   2  47   0    T    T    T  4.1 16  20   M    M   7 1      19  20
17  27  20  24   8  41   0 0.37  5.4    1  3.9  9 340   M    M  10 1      10  10
18  29   2  16   0  49   0 0.02  0.5    6  4.4 12 310   M    M   5 12     16 310
================================================================================
SM  453   91       892   0  4.08    26.4 152.7          M      118
================================================================================
AV 25.2  5.1                               8.5 FASTST   M    M   7    MAX(MPH)
                                 MISC ---->  # 36  10               # 46   10
================================================================================
NOTES:
# LAST OF SEVERAL OCCURRENCES

COLUMN 17 PEAK WIND IN M.P.H.

PRELIMINARY LOCAL CLIMATOLOGICAL DATA (WS FORM: F-6) , PAGE 2

                                          STATION:  BANGOR ME
                                          MONTH:    JANUARY
                                          YEAR:     2018
                                          LATITUDE:   44 47 N
                                          LONGITUDE:  68 49 W

[TEMPERATURE DATA]      [PRECIPITATION DATA]       SYMBOLS USED IN COLUMN 16

AVERAGE MONTHLY: 15.1   TOTAL FOR MONTH:   4.08    1 = FOG OR MIST
DPTR FM NORMAL:  -2.1   DPTR FM NORMAL:    2.39    2 = FOG REDUCING VISIBILITY
HIGHEST:    51 ON 13,12 GRTST 24HR  1.85 ON 13-13      TO 1/4 MILE OR LESS
LOWEST:    -13 ON  3                               3 = THUNDER
                        SNOW, ICE PELLETS, HAIL    4 = ICE PELLETS
                        TOTAL MONTH:  26.4 INCHES  5 = HAIL
                        GRTST 24HR  18.3 ON  4- 4  6 = FREEZING RAIN OR DRIZZLE
                        GRTST DEPTH:  33 ON  9     7 = DUSTSTORM OR SANDSTORM:
                                                       VSBY 1/2 MILE OR LESS
                                                   8 = SMOKE OR HAZE
[NO. OF DAYS WITH]      [WEATHER - DAYS WITH]      9 = BLOWING SNOW
                                                   X = TORNADO
MAX 32 OR BELOW:  13    0.01 INCH OR MORE:   7
MAX 90 OR ABOVE:   0    0.10 INCH OR MORE:   5
MIN 32 OR BELOW:  17    0.50 INCH OR MORE:   3
MIN  0 OR BELOW:   8    1.00 INCH OR MORE:   1

[HDD (BASE 65) ]
TOTAL THIS MO.   892    CLEAR  (SCALE 0-3)   2
DPTR FM NORMAL    33    PTCLDY (SCALE 4-7)   9
TOTAL FM JUL 1  3598    CLOUDY (SCALE 8-10)  7
DPTR FM NORMAL  -182

[CDD (BASE 65) ]
TOTAL THIS MO.     0
DPTR FM NORMAL     0    [PRESSURE DATA]
TOTAL FM JAN 1     0    HIGHEST SLP M ON M
DPTR FM NORMAL     0    LOWEST  SLP 28.59 ON  5

[REMARKS]
