000
CXUS55 KBYZ 271055
CF6BHK
PRELIMINARY LOCAL CLIMATOLOGICAL DATA (WS FORM: F-6)

                                          STATION:   BAKER MT
                                          MONTH:     SEPTEMBER
                                          YEAR:      2016
                                          LATITUDE:   46 20 N
                                          LONGITUDE: 104 15 W

  TEMPERATURE IN F:       :PCPN:    SNOW:  WIND      :SUNSHINE: SKY     :PK WND
================================================================================
1   2   3   4   5  6A  6B    7    8   9   10  11  12  13   14  15   16   17  18
                                     12Z  AVG MX 2MIN
DY MAX MIN AVG DEP HDD CDD  WTR  SNW DPTH SPD SPD DIR MIN PSBL S-S WX    SPD DR
================================================================================

 1  89  60  75  11   0  10 0.00    M    M 21.0 33 140   M    M   0        42 140
 2  92  63  78  14   0  13    T    M    M 12.5 28 150   M    M   0 3      33 150
 3  81  56  69   6   0   4 0.18    M    M 11.5 24  30   M    M   1 3      27  30
 4  57  51  54  -9  11   0 1.54    M    M 11.7 21  80   M    M   8 13     24  80
 5  66  47  57  -5   8   0 0.07    M    M  7.6 17 110   M    M   7 1      20 110
 6  72  45  59  -3   6   0 0.00    M    M  6.3 15 170   M    M   4 12     18 170
 7  69  46  58  -3   7   0 0.30    M    M 11.3 25 290   M    M   3 13     35 310
 8  73  44  59  -2   6   0    T    M    M  7.3 32 280   M    M   3        40 280
 9  60  45  53  -7  12   0 0.36    M    M 13.6 28 290   M    M   5 13     36 290
10  75  42  59  -1   6   0 0.00    M    M  8.3 24 270   M    M   0        29 280
11  83  42  63   4   2   0 0.00    M    M 10.9 32 360   M    M   0        40 340
12  52  45  49 -10  16   0 0.00    M    M 12.0 20 320   M    M   8        25 320
13  54  41  48 -10  17   0    T    M    M  9.3 17 160   M    M   9        22 180
14  76  43  60   2   5   0    T    M    M 13.3 24 150   M    M   3        31 160
15  57  51  54  -4  11   0 0.14    M    M 12.5 20 290   M    M   7 13     23 290
16  70  46  58   1   7   0 0.00    M    M 10.1 22 320   M    M   1        26 340
17  79  42  61   5   4   0 0.00    M    M 10.2 21 260   M    M   1        26 260
18  76  47  62   6   3   0 0.04    M    M 11.5 32 310   M    M   3        43 310
19  73  44  59   3   6   0 0.05    M    M  8.4 18 290   M    M   1        25 270
20  69  46  58   3   7   0 0.08    M    M  8.4 18  80   M    M   1 1      22  80
21  69  51  60   6   5   0 0.00    M    M 16.9 29  80   M    M   6        36  90
22  57  49  53  -1  12   0 0.04    M    M 22.3 35 110   M    M  10        40 110
23  59  51  55   1  10   0 0.46    M    M 11.6 24  90   M    M  10 13     30  90
24  55  48  52  -1  13   0 1.00    M    M 19.3 36 320   M    M  10 13     48 290
25  63  40  52  -1  13   0 0.03    M    M 15.2 26 310   M    M   2        36 290
26  67  36  52   0  13   0 0.00    M    M  5.5 20 320   M    M   0        24 270
================================================================================
SM 1793 1221       200  27  4.29    M    308.5          M      103
================================================================================
AV 69.0 47.0                              11.9 FASTST   M    M   4    MAX(MPH)
                                 MISC ---->  # 36 320               # 48  290
================================================================================
NOTES:
# LAST OF SEVERAL OCCURRENCES

COLUMN 17 PEAK WIND IN M.P.H.

PRELIMINARY LOCAL CLIMATOLOGICAL DATA (WS FORM: F-6) , PAGE 2

                                          STATION:  BAKER MT
                                          MONTH:    SEPTEMBER
                                          YEAR:     2016
                                          LATITUDE:   46 20 N
                                          LONGITUDE: 104 15 W

[TEMPERATURE DATA]      [PRECIPITATION DATA]       SYMBOLS USED IN COLUMN 16

AVERAGE MONTHLY: 58.0   TOTAL FOR MONTH:   4.29    1 = FOG OR MIST
DPTR FM NORMAL:  -0.2   DPTR FM NORMAL:    3.10    2 = FOG REDUCING VISIBILITY
HIGHEST:    92 ON  2    GRTST 24HR  1.72 ON  3- 4      TO 1/4 MILE OR LESS
LOWEST:     36 ON 26                               3 = THUNDER
                        SNOW, ICE PELLETS, HAIL    4 = ICE PELLETS
                        TOTAL MONTH:    M          5 = HAIL
                        GRTST 24HR    M  ON   M    6 = FREEZING RAIN OR DRIZZLE
                        GRTST DEPTH:  M  ON   M    7 = DUSTSTORM OR SANDSTORM:
                                                       VSBY 1/2 MILE OR LESS
                                                   8 = SMOKE OR HAZE
[NO. OF DAYS WITH]      [WEATHER - DAYS WITH]      9 = BLOWING SNOW
                                                   X = TORNADO
MAX 32 OR BELOW:   0    0.01 INCH OR MORE:  13
MAX 90 OR ABOVE:   1    0.10 INCH OR MORE:   7
MIN 32 OR BELOW:   0    0.50 INCH OR MORE:   2
MIN  0 OR BELOW:   0    1.00 INCH OR MORE:   2

[HDD (BASE 65) ]
TOTAL THIS MO.   200    CLEAR  (SCALE 0-3)  14
DPTR FM NORMAL    -9    PTCLDY (SCALE 4-7)   7
TOTAL FM JUL 1   235    CLOUDY (SCALE 8-10)  5
DPTR FM NORMAL   -34

[CDD (BASE 65) ]
TOTAL THIS MO.    27
DPTR FM NORMAL    -2    [PRESSURE DATA]
TOTAL FM JAN 1   510    HIGHEST SLP M ON M
DPTR FM NORMAL    42    LOWEST  SLP 29.60 ON  2

[REMARKS]
