000
CXUS55 KVEF 220940
CF6BIH
PRELIMINARY LOCAL CLIMATOLOGICAL DATA (WS FORM: F-6)

                                          STATION:   BISHOP CA
                                          MONTH:     JANUARY
                                          YEAR:      2017
                                          LATITUDE:   37 22 N
                                          LONGITUDE: 118 22 W

  TEMPERATURE IN F:       :PCPN:    SNOW:  WIND      :SUNSHINE: SKY     :PK WND
================================================================================
1   2   3   4   5  6A  6B    7    8   9   10  11  12  13   14  15   16   17  18
                                     12Z  AVG MX 2MIN
DY MAX MIN AVG DEP HDD CDD  WTR  SNW DPTH SPD SPD DIR MIN PSBL S-S WX    SPD DR
================================================================================

 1  52  20  36  -1  29   0 0.00  0.0    0  5.8 16  20   M    M   0        18  30
 2  58  27  43   5  22   0 0.00  0.0    0 11.7 25 250   M    M   0        40 230
 3  55  27  41   3  24   0    T  0.0    0  6.6 25 270   M    M   3        33 280
 4  39  36  38   0  27   0 0.95  0.0    0  3.0 10 140   M    M  10 1      14 160
 5  54  28  41   3  24   0 0.01    T    0 10.7 39 360   M    M   4 1      52  10
 6  41  18  30  -8  35   0 0.00  0.0    0  4.3 17 330   M    M   0        23 360
 7  35  23  29  -9  36   0 0.52  0.7    0  3.4 10 200   M    M   7 126    13 170
 8  44  32  38   0  27   0 0.93  0.0    0  4.6  9  70   M    M  10 1      11  70
 9  48  37  43   5  22   0 0.81    T    0  6.6 28 230   M    M   7 1      37 220
10  60  34  47   9  18   0 0.13  0.0    0  8.4 35 280   M    M   4 1      44 270
11  49  32  41   3  24   0 0.23  0.0    0  7.5 23 160   M    M   6 1      29 150
12  46  30  38   0  27   0 0.02  0.0    0  4.7 14 180   M    M   7        18 190
13  47  33  40   2  25   0 0.10  1.0    0  5.0 13 360   M    M   9 1      17 360
14  53  30  42   4  23   0 0.00  0.0    0  7.9 13 330   M    M   1        17 340
15  56  28  42   4  23   0 0.00  0.0    0  8.0 14 330   M    M   0        24 340
16  56  29  43   5  22   0 0.00  0.0    0 11.2 20 350   M    M   0        25 350
17  54  21  38   0  27   0 0.00  0.0    0  5.0 14 160   M    M   0        18 150
18  47  24  36  -3  29   0    T  0.0    0  3.3 12 150   M    M   4        15 140
19  48  29  39   0  26   0 0.09    T    0  3.6  9 250   M    M   6 1      11 250
20  36  27  32  -7  33   0 0.22  1.6    0  9.4 29 140   M    M   7 1      36 140
21  42  31  37  -2  28   0 0.00  0.0    0  3.7 12 190   M    M   7 1      18 190
================================================================================
SM 1020  596       551   0  4.01     3.3 134.4          M       92
================================================================================
AV 48.6 28.4                               6.4 FASTST   M    M   4    MAX(MPH)
                                 MISC ---->  # 39 360               # 52   10
================================================================================
NOTES:
# LAST OF SEVERAL OCCURRENCES

COLUMN 17 PEAK WIND IN M.P.H.

PRELIMINARY LOCAL CLIMATOLOGICAL DATA (WS FORM: F-6) , PAGE 2

                                          STATION:  BISHOP CA
                                          MONTH:    JANUARY
                                          YEAR:     2017
                                          LATITUDE:   37 22 N
                                          LONGITUDE: 118 22 W

[TEMPERATURE DATA]      [PRECIPITATION DATA]       SYMBOLS USED IN COLUMN 16

AVERAGE MONTHLY: 38.5   TOTAL FOR MONTH:   4.01    1 = FOG OR MIST
DPTR FM NORMAL:   0.3   DPTR FM NORMAL:    3.21    2 = FOG REDUCING VISIBILITY
HIGHEST:    60 ON 10    GRTST 24HR  1.71 ON  8- 9      TO 1/4 MILE OR LESS
LOWEST:     18 ON  6                               3 = THUNDER
                        SNOW, ICE PELLETS, HAIL    4 = ICE PELLETS
                        TOTAL MONTH:   3.3 INCHES  5 = HAIL
                        GRTST 24HR   1.6 ON   M    6 = FREEZING RAIN OR DRIZZLE
                        GRTST DEPTH:   0           7 = DUSTSTORM OR SANDSTORM:
                                                       VSBY 1/2 MILE OR LESS
                                                   8 = SMOKE OR HAZE
[NO. OF DAYS WITH]      [WEATHER - DAYS WITH]      9 = BLOWING SNOW
                                                   X = TORNADO
MAX 32 OR BELOW:   0    0.01 INCH OR MORE:  11
MAX 90 OR ABOVE:   0    0.10 INCH OR MORE:   8
MIN 32 OR BELOW:  17    0.50 INCH OR MORE:   4
MIN  0 OR BELOW:   0    1.00 INCH OR MORE:   0

[HDD (BASE 65) ]
TOTAL THIS MO.   551    CLEAR  (SCALE 0-3)   8
DPTR FM NORMAL   -13    PTCLDY (SCALE 4-7)  10
TOTAL FM JUL 1  2083    CLOUDY (SCALE 8-10)  3
DPTR FM NORMAL  -228

[CDD (BASE 65) ]
TOTAL THIS MO.     0
DPTR FM NORMAL     0    [PRESSURE DATA]
TOTAL FM JAN 1     0    HIGHEST SLP M ON M
DPTR FM NORMAL     0    LOWEST  SLP 29.22 ON 20

[REMARKS]
